NOAA-Style Climate Reports


Report for 2024 July

Daily noaa report



                            MONTHLY CLIMATOLOGICAL SUMMARY for JUL. 2024

NAME: KCASARAT1   CITY: Saratoga STATE: CA
ELEV: 375 LAT: 037:16:28 LONG: 0122:01:23

                            TEMPERATURE ( °F), RAIN (in.), WIND SPEED (mph)

                                               HEAT     COOL           AVG
      MEAN                                     DEG      DEG            WIND                       DOM
DAY   TEMP    HIGH   TIME     LOW    TIME      DAYS     DAYS    RAIN   SPEED    HIGH    TIME      DIR
--------------------------------------------------------------------------------------------------------
01    73.9   093.2   16:08    58.3   06:18     00.0     09.0   00.00   00.9     11.5    15:34      N 
02    80.9   103.3   16:45    61.6   06:17     00.0     15.9   00.00   00.7     11.5    18:19     NNW
03    84.1   103.8   15:18    65.3   06:40     00.0     19.1   00.00   00.8     11.5    16:22     NNE
04    80.4   096.1   16:08    65.5   06:32     00.0     15.5   00.00   00.8     11.5    16:55      N 
05    78.5   096.8   16:15    61.6   06:26     00.0     13.5   00.00   00.7     09.2    14:23      N 
06    78.9   098.7   16:08    61.6   06:08     00.0     14.0   00.00   00.6     08.1    16:21      N 
07    76.2   092.1   14:55    63.5   06:35     00.0     11.3   00.00   00.8     10.3    16:52      N 
08    73.9   087.6   15:55    63.4   02:29     00.0     09.0   00.00   00.9     11.5    16:45     NNW
09    69.7   081.6   14:36    60.1   04:26     00.0     04.8   00.00   01.0     12.7    13:03     NNW
10    76.8   094.3   16:48    64.7   07:18     00.0     11.8   00.00   00.7     10.3    17:40     NNE
11    81.0   100.7   16:14    63.7   06:36     00.0     16.0   00.00   00.6     10.3    15:14     NNE
12    78.7   095.4   15:21    65.5   06:48     00.0     13.8   00.00   01.0     11.5    15:48     NNE
13    73.0   085.1   14:56    65.2   06:51     00.0     08.1   00.00   01.2     11.5    14:43     NNE
14    70.3   081.8   16:44    63.2   07:03     00.0     05.3   00.00   01.4     11.5    16:31      N 
15    68.1   077.4   15:17    61.5   06:50     00.0     03.1   00.00   01.5     11.5    16:25     NNE
16    68.0   079.2   14:56    61.2   06:38     00.0     03.1   00.00   01.6     11.5    16:42     NNE
17    68.4   080.5   17:25    58.7   06:55     00.0     03.5   00.00   01.3     11.5    15:01     NNE
18    72.1   090.1   16:01    59.0   06:50     00.0     07.2   00.00   01.1     11.5    16:37      N 
--------------------------------------------------------------------------------------------------------
75.2 (76.7)   103.8  day 03     58.3  day 01   000.0    184.0   00.00   01.0     12.7   day 18     N
Max >  86: 12
Min <  86: 18
Max Rain: 0.00 ON 0-07-24
Days of Rain: 0 (> .008in) 0 (> .08in) 0 (> 0.8in)