They're free, but use at your own risk
The scripts referenced here are used in the operation of this weather station, and may be freely copied and used to support your station. Please note that you use these scripts at your own risk. No warranty is expressed or implied. I accept no liability for any damages that may ensue from their use.
You will need to configure them for your own particular weather station website.
A RSS Feed is available to help keep you informed on updates to the scripts.
Many of these scripts are now available on GitHub at https://github.com/ktrue
A Version History is available -- check back from time to time to see if there are updates to scripts you have downloaded earlier.
Announcements of version updates and new scripts are made on
WXForum.net and
Weather-Watch forums
and saratogaWXPHP Twitter account as they become available.
Note: Twitter widget has been disabled 3-Jul-2023 since it no longer displays the recent update Tweets.
This page was updated
Friday, 11-Aug-2017 10:11 AM
PHP Scripts (run on webserver)
These scripts have run on PHP 4.1.2, and PHP 4.4.1. I don't have access to PHP 3.x, so it is not known if they will work on versions below PHP 4.1.2. If you try them and they work (or not) on earlier versions of PHP, please send me a message at webmaster[at]saratoga-weather.org and let me know the results.
Display .TXT NOAA style forecasts PHP
I needed to safely display a series of .TXT files (NOAA style climate reports) using the overall style of the website. My WeatherLink software produces regular reports (NOAAMO.TXT, NOAAPRMO.TXT, NOAAYR.TXT, NOAAPRYR.TXT) as part of the 5-minute update. I've also produced reports and named them NOAAyyyy.TXT for yearly reports and NOAAyyyy-mm.TXT for monthly reports. These I've uploaded (monthly) to a sub-directory on the website /NOAA-reports.
Version 1.04 (01-Dec-2007) adds a new feature for WeatherLink users to create new NOAAyyyy-mm.TXT and NOAAyyyy.TXT files from the respective NOAAPRMO.TXT and NOAAPRYR.TXT files when the month/year rolls over. It will copy the appropriate file to the $NOAAdir and name it so you have no monthly maintenance to do (except to view the NOAA reports page on the first of each month).
The NOAA-reports.php will read the sub-directory, sort the filenames produce a menu of available names, and display the file requested. It automatically uses NOAAMO.TXT and NOAAYR.TXT (WeatherLink version) for the current monthly and current yearly files. The nice thing about the script is it strictly controls what can be displayed (existing files only, no directory browsing). The following is a live display of WeatherLink produced NOAA style reports for this station.
<?php $doInclude = true; require("NOAA-reports-test.php"); ?>
2024: Jan | Feb | Mar | Apr | May | Jun | Jul | Aug | Sep | Oct | Nov | Dec
2023: Jan | Feb | Mar | Apr | May | Jun | Jul | Aug | Sep | Oct | Nov | Dec
2022: Jan | Feb | Mar | Apr | May | Jun | Jul | Aug | Sep | Oct | Nov | Dec
2021: Jan | Feb | Mar | Apr | May | Jun | Jul | Aug | Sep | Oct | Nov | Dec
2020: Jan | Feb | Mar | Apr | May | Jun | Jul | Aug | Sep | Oct | Nov | Dec
2019: Jan | Feb | Mar | Apr | May | Jun | Jul | Aug | Sep | Oct | Nov | Dec
2018: Jan | Feb | Mar | Apr | May | Jun | Jul | Aug | Sep | Oct | Nov | Dec
2017: Jan | Feb | Mar | Apr | May | Jun | Jul | Aug | Sep | Oct | Nov | Dec
2016: Jan | Feb | Mar | Apr | May | Jun | Jul | Aug | Sep | Oct | Nov | Dec
2015: Jan | Feb | Mar | Apr | May | Jun | Jul | Aug | Sep | Oct | Nov | Dec
2014: Jan | Feb | Mar | Apr | May | Jun | Jul | Aug | Sep | Oct | Nov | Dec
2013: Jan | Feb | Mar | Apr | May | Jun | Jul | Aug | Sep | Oct | Nov | Dec
2012: Jan | Feb | Mar | Apr | May | Jun | Jul | Aug | Sep | Oct | Nov | Dec
2011: Jan | Feb | Mar | Apr | May | Jun | Jul | Aug | Sep | Oct | Nov | Dec
2010: Jan | Feb | Mar | Apr | May | Jun | Jul | Aug | Sep | Oct | Nov | Dec
2009: Jan | Feb | Mar | Apr | May | Jun | Jul | Aug | Sep | Oct | Nov | Dec
2008: Jan | Feb | Mar | Apr | May | Jun | Jul | Aug | Sep | Oct | Nov | Dec
2007: Jan | Feb | Mar | Apr | May | Jun | Jul | Aug | Sep | Oct | Nov | Dec
2006: Jan | Feb | Mar | Apr | May | Jun | Jul | Aug | Sep | Oct | Nov | Dec
2005: Jan | Feb | Mar | Apr | May | Jun | Jul | Aug | Sep | Oct | Nov | Dec
2004: Jan | Feb | Mar | Apr | May | Jun | Jul | Aug | Sep | Oct | Nov | Dec
Report for 2022 12
MONTHLY CLIMATOLOGICAL SUMMARY for DEC. 2022
NAME: KCASARAT1 CITY: Saratoga STATE: CA
ELEV: 375 ft LAT: 37° 16' 28" N LONG: 122° 01' 23" W
TEMPERATURE (°F), RAIN (in), WIND SPEED (mph)
HEAT COOL AVG
MEAN DEG DEG WIND DOM
DAY TEMP HIGH TIME LOW TIME DAYS DAYS RAIN SPEED HIGH TIME DIR
------------------------------------------------------------------------------------
1 47.0 50.7 11:10a 38.8 11:55p 18.0 0.0 1.26 2.4 21.0 6:20a E
2 40.6 50.5 4:05p 33.2 7:05a 24.4 0.0 0.02 1.1 8.0 11:40a WSW
3 46.6 50.8 3:25p 39.8 12:05a 18.4 0.0 1.28 0.3 5.0 1:25p NW
4 50.9 58.3 2:45p 43.6 2:25a 14.1 0.0 0.02 1.4 13.0 3:45a ESE
5 50.6 57.6 3:05p 44.5 10:30p 14.4 0.0 0.16 1.2 13.0 4:45a ENE
6 47.0 52.6 4:10p 41.8 11:55p 18.0 0.0 0.30 0.8 11.0 2:30a SW
7 44.3 54.5 3:40p 37.9 8:10a 20.7 0.0 0.03 0.9 6.0 1:15p WSW
8 45.7 55.1 3:15p 36.3 8:00a 19.3 0.0 0.01 1.9 18.0 8:10p ESE
9 49.7 55.6 3:00p 41.3 8:50a 15.3 0.0 0.03 1.1 11.0 8:25p SSW
10 53.3 57.6 10:50a 49.4 11:55p 11.7 0.0 2.23 3.6 24.0 9:45a E
11 46.6 52.0 3:50p 43.8 8:25a 18.4 0.0 0.68 2.2 18.0 1:00a E
12 44.7 51.6 3:20p 37.5 11:45p 20.3 0.0 0.24 1.6 13.0 9:40a NW
13 41.1 53.5 3:45p 34.1 8:45a 23.9 0.0 0.01 1.2 7.0 1:20p SSW
14 41.6 53.3 4:05p 33.5 8:35a 23.4 0.0 0.00 1.1 6.0 12:50p SW
15 42.4 53.9 4:30p 35.2 8:15a 22.6 0.0 0.01 1.3 7.0 10:40a SW
16 41.8 54.8 4:15p 33.4 8:25a 23.2 0.0 0.00 1.3 7.0 10:50a SW
17 42.0 55.6 3:55p 34.0 7:10a 23.0 0.0 0.01 1.1 6.0 2:45p SW
18 41.1 53.8 3:55p 32.7 8:20a 23.9 0.0 0.00 1.2 8.0 12:50p SW
19 40.9 50.5 3:45p 33.1 6:30a 24.1 0.0 0.00 0.8 8.0 5:00p SW
20 45.7 55.7 3:55p 40.8 11:55p 19.3 0.0 0.00 0.8 8.0 1:55p WSW
21 45.6 58.9 4:10p 37.0 7:20a 19.4 0.0 0.00 0.9 6.0 12:25p WSW
22 48.1 56.7 4:00p 41.2 8:15a 16.9 0.0 0.00 0.7 6.0 1:10p WSW
23 49.2 58.9 2:40p 42.8 3:50a 15.8 0.0 0.00 0.8 8.0 1:25p WSW
24 48.9 61.5 4:40p 40.5 8:10a 16.1 0.0 0.01 1.2 10.0 1:10p WSW
25 50.7 63.5 3:55p 42.5 8:00a 14.3 0.0 0.01 1.0 8.0 12:50p WSW
26 50.3 55.7 4:15p 45.5 5:30a 14.7 0.0 0.14 1.1 14.0 10:30p WSW
27 54.6 58.1 1:45p 46.7 12:00m 10.4 0.0 1.70 2.0 24.0 3:25a E
28 47.2 55.6 4:30p 40.1 8:15a 17.8 0.0 0.01 1.1 7.0 2:25p WSW
29 52.2 57.3 4:00p 47.6 5:50a 12.8 0.0 0.12 3.4 22.0 8:45a ESE
30 58.1 61.8 3:35p 53.5 12:05a 6.9 0.0 0.10 2.3 13.0 9:35a ESE
31 55.4 58.6 10:20a 49.4 8:00p 9.6 0.0 2.43 3.7 27.0 1:25p NW
-------------------------------------------------------------------------------------
47.2 63.5 25 32.7 18 551.1 0.0 10.81 1.5 27.0 31 WSW
Max >= 90.0: 0
Max <= 32.0: 0
Min <= 32.0: 0
Min <= 0.0: 0
Max Rain: 2.43 ON 12/31/22
Days of Rain: 16 (>.01 in) 11 (>.1 in) 5 (>1 in)
Heat Base: 65.0 Cool Base: 65.0 Method: Integration
Downloads .. please customize for your directory and file naming convention ( WL or VWS).
Download WeatherLink/ VWS version (V1.07 - 11-Aug-2017) [ see version history ]