They're free, but use at your own risk
The scripts referenced here are used in the operation of this weather station, and may be freely copied and used to support your station. Please note that you use these scripts at your own risk. No warranty is expressed or implied. I accept no liability for any damages that may ensue from their use.
You will need to configure them for your own particular weather station website.
A RSS Feed is available to help keep you informed on updates to the scripts.
Many of these scripts are now available on GitHub at https://github.com/ktrue
A Version History is available -- check back from time to time to see if there are updates to scripts you have downloaded earlier.
Announcements of version updates and new scripts are made on
WXForum.net and
Weather-Watch forums
and saratogaWXPHP Twitter account as they become available.
Note: Twitter widget has been disabled 3-Jul-2023 since it no longer displays the recent update Tweets.
This page was updated
Friday, 11-Aug-2017 10:11 AM
PHP Scripts (run on webserver)
These scripts have run on PHP 4.1.2, and PHP 4.4.1. I don't have access to PHP 3.x, so it is not known if they will work on versions below PHP 4.1.2. If you try them and they work (or not) on earlier versions of PHP, please send me a message at webmaster[at]saratoga-weather.org and let me know the results.
Display .TXT NOAA style forecasts PHP
I needed to safely display a series of .TXT files (NOAA style climate reports) using the overall style of the website. My WeatherLink software produces regular reports (NOAAMO.TXT, NOAAPRMO.TXT, NOAAYR.TXT, NOAAPRYR.TXT) as part of the 5-minute update. I've also produced reports and named them NOAAyyyy.TXT for yearly reports and NOAAyyyy-mm.TXT for monthly reports. These I've uploaded (monthly) to a sub-directory on the website /NOAA-reports.
Version 1.04 (01-Dec-2007) adds a new feature for WeatherLink users to create new NOAAyyyy-mm.TXT and NOAAyyyy.TXT files from the respective NOAAPRMO.TXT and NOAAPRYR.TXT files when the month/year rolls over. It will copy the appropriate file to the $NOAAdir and name it so you have no monthly maintenance to do (except to view the NOAA reports page on the first of each month).
The NOAA-reports.php will read the sub-directory, sort the filenames produce a menu of available names, and display the file requested. It automatically uses NOAAMO.TXT and NOAAYR.TXT (WeatherLink version) for the current monthly and current yearly files. The nice thing about the script is it strictly controls what can be displayed (existing files only, no directory browsing). The following is a live display of WeatherLink produced NOAA style reports for this station.
<?php $doInclude = true; require("NOAA-reports-test.php"); ?>
2024: Jan | Feb | Mar | Apr | May | Jun | Jul | Aug | Sep | Oct | Nov | Dec
2023: Jan | Feb | Mar | Apr | May | Jun | Jul | Aug | Sep | Oct | Nov | Dec
2022: Jan | Feb | Mar | Apr | May | Jun | Jul | Aug | Sep | Oct | Nov | Dec
2021: Jan | Feb | Mar | Apr | May | Jun | Jul | Aug | Sep | Oct | Nov | Dec
2020: Jan | Feb | Mar | Apr | May | Jun | Jul | Aug | Sep | Oct | Nov | Dec
2019: Jan | Feb | Mar | Apr | May | Jun | Jul | Aug | Sep | Oct | Nov | Dec
2018: Jan | Feb | Mar | Apr | May | Jun | Jul | Aug | Sep | Oct | Nov | Dec
2017: Jan | Feb | Mar | Apr | May | Jun | Jul | Aug | Sep | Oct | Nov | Dec
2016: Jan | Feb | Mar | Apr | May | Jun | Jul | Aug | Sep | Oct | Nov | Dec
2015: Jan | Feb | Mar | Apr | May | Jun | Jul | Aug | Sep | Oct | Nov | Dec
2014: Jan | Feb | Mar | Apr | May | Jun | Jul | Aug | Sep | Oct | Nov | Dec
2013: Jan | Feb | Mar | Apr | May | Jun | Jul | Aug | Sep | Oct | Nov | Dec
2012: Jan | Feb | Mar | Apr | May | Jun | Jul | Aug | Sep | Oct | Nov | Dec
2011: Jan | Feb | Mar | Apr | May | Jun | Jul | Aug | Sep | Oct | Nov | Dec
2010: Jan | Feb | Mar | Apr | May | Jun | Jul | Aug | Sep | Oct | Nov | Dec
2009: Jan | Feb | Mar | Apr | May | Jun | Jul | Aug | Sep | Oct | Nov | Dec
2008: Jan | Feb | Mar | Apr | May | Jun | Jul | Aug | Sep | Oct | Nov | Dec
2007: Jan | Feb | Mar | Apr | May | Jun | Jul | Aug | Sep | Oct | Nov | Dec
2006: Jan | Feb | Mar | Apr | May | Jun | Jul | Aug | Sep | Oct | Nov | Dec
2005: Jan | Feb | Mar | Apr | May | Jun | Jul | Aug | Sep | Oct | Nov | Dec
2004: Jan | Feb | Mar | Apr | May | Jun | Jul | Aug | Sep | Oct | Nov | Dec
Report for 2020 12
MONTHLY CLIMATOLOGICAL SUMMARY for DEC. 2020
NAME: KCASARAT1 CITY: Saratoga STATE: CA
ELEV: 375 ft LAT: 37° 16' 28" N LONG: 122° 01' 23" W
TEMPERATURE (°F), RAIN (in), WIND SPEED (mph)
HEAT COOL AVG
MEAN DEG DEG WIND DOM
DAY TEMP HIGH TIME LOW TIME DAYS DAYS RAIN SPEED HIGH TIME DIR
------------------------------------------------------------------------------------
1 47.4 62.7 3:05p 37.2 7:20a 17.6 0.0 0.00 0.6 10.0 11:45a NNW
2 47.6 62.9 2:50p 37.8 6:40a 17.4 0.0 0.00 0.6 11.0 12:10p N
3 48.8 63.1 2:25p 39.6 7:20a 16.2 0.0 0.00 0.3 7.0 2:05p NNE
4 48.7 63.1 3:10p 38.6 7:25a 16.3 0.0 0.00 0.3 7.0 10:35a NNE
5 47.7 63.1 1:20p 38.6 7:30a 17.3 0.0 0.00 0.3 10.0 1:25p NNW
6 48.5 59.5 3:15p 40.8 1:55a 16.5 0.0 0.00 0.6 8.0 3:55a NNW
7 52.2 67.4 2:55p 40.5 2:50a 13.0 0.2 0.00 1.4 12.0 9:30a SSW
8 55.4 71.1 2:20p 45.5 7:35a 10.6 1.0 0.00 1.0 12.0 12:05p W
9 49.5 62.7 2:10p 39.2 7:20a 15.5 0.0 0.00 0.6 11.0 1:00p N
10 51.1 65.3 2:20p 40.8 11:55p 13.9 0.0 0.00 0.6 8.0 11:40a N
11 47.8 57.5 2:20p 39.2 2:15a 17.2 0.0 0.18 0.8 12.0 10:15p E
12 52.9 57.8 11:25a 49.1 12:00m 12.1 0.0 0.00 0.7 12.0 11:40a NNW
13 53.3 59.2 3:05p 45.5 12:00m 11.7 0.0 0.20 1.4 17.0 12:35p E
14 46.4 55.3 2:10p 40.6 7:15a 18.6 0.0 0.00 1.1 17.0 2:35a NNW
15 46.9 58.9 2:45p 40.3 4:55a 18.1 0.0 0.00 0.3 7.0 12:50p NNE
16 49.0 59.5 2:50p 39.6 6:45a 15.9 0.0 0.00 0.4 12.0 10:30p NE
17 50.8 56.3 2:35p 41.8 11:55p 14.2 0.0 0.20 1.5 17.0 12:50p NW
18 45.7 58.6 2:50p 37.8 7:25a 19.2 0.0 0.01 0.7 11.0 11:45a NW
19 44.7 58.4 3:00p 36.3 7:35a 20.3 0.0 0.00 0.6 11.0 3:00p NNW
20 45.1 59.3 2:30p 35.8 7:00a 19.9 0.0 0.00 0.7 11.0 12:25p N
21 44.3 58.3 3:45p 34.7 7:20a 20.7 0.0 0.00 0.5 7.0 2:05p NE
22 47.2 55.9 2:25p 41.2 12:05a 17.8 0.0 0.00 1.1 13.0 1:25p W
23 46.2 56.5 2:30p 38.3 2:50a 18.8 0.0 0.00 1.6 14.0 10:15a W
24 46.0 57.3 3:15p 37.2 7:45a 19.0 0.0 0.00 0.4 10.0 10:40p NE
25 53.3 63.7 1:10p 43.1 4:40a 11.7 0.0 0.02 2.8 21.0 2:30p ESE
26 51.1 57.6 1:45p 44.5 10:35p 13.9 0.0 0.04 0.7 12.0 12:05p W
27 48.3 58.6 1:40p 42.5 7:25a 16.7 0.0 0.00 0.9 17.0 2:05p E
28 47.3 54.1 1:35p 40.3 11:55p 17.7 0.0 0.06 0.8 10.0 2:10p NW
29 44.8 58.6 3:00p 37.2 7:10a 20.2 0.0 0.01 0.6 11.0 10:15a NNW
30 44.7 55.3 2:35p 34.6 6:05a 20.3 0.0 0.00 0.6 8.0 8:50a NNW
31 48.8 57.2 3:20p 41.9 11:55p 16.2 0.0 0.13 1.9 17.0 1:25a NW
-------------------------------------------------------------------------------------
48.4 71.1 8 34.6 30 514.5 1.2 0.85 0.9 21.0 25 NNW
Max >= 90.0: 0
Max <= 32.0: 0
Min <= 32.0: 0
Min <= 0.0: 0
Max Rain: 0.20 ON 12/13/20
Days of Rain: 7 (>.01 in) 4 (>.1 in) 0 (>1 in)
Heat Base: 65.0 Cool Base: 65.0 Method: Integration
Downloads .. please customize for your directory and file naming convention ( WL or VWS).
Download WeatherLink/ VWS version (V1.07 - 11-Aug-2017) [ see version history ]