deformed-offering

Weather station scripts - NOAA Climate Report display

They're free, but use at your own risk

The scripts referenced here are used in the operation of this weather station, and may be freely copied and used to support your station. Please note that you use these scripts at your own risk. No warranty is expressed or implied. I accept no liability for any damages that may ensue from their use.
You will need to configure them for your own particular weather station website.
RSS feed for Scripts Updates A RSS Feed is available to help keep you informed on updates to the scripts.

Many of these scripts are now available on GitHub at https://github.com/ktrue

If you find one or more of the scripts useful to you, please consider making a donation to help offset the routine expenses of operation of this website.
Thanks for your kind support!

A Version History is available -- check back from time to time to see if there are updates to scripts you have downloaded earlier. Announcements of version updates and new scripts are made on WXForum.net and Weather-Watch forums and saratogaWXPHP Twitter account as they become available.

This page was updated Friday, 11-Aug-2017 10:11 AM

PHP Scripts (run on webserver)

These scripts have run on PHP 4.1.2, and PHP 4.4.1. I don't have access to PHP 3.x, so it is not known if they will work on versions below PHP 4.1.2. If you try them and they work (or not) on earlier versions of PHP, please send me a message at webmaster[at]saratoga-weather.org and let me know the results.

Display .TXT NOAA style forecasts PHP

I needed to safely display a series of .TXT files (NOAA style climate reports) using the overall style of the website. My WeatherLink software produces regular reports (NOAAMO.TXT, NOAAPRMO.TXT, NOAAYR.TXT, NOAAPRYR.TXT) as part of the 5-minute update. I've also produced reports and named them NOAAyyyy.TXT for yearly reports and NOAAyyyy-mm.TXT for monthly reports. These I've uploaded (monthly) to a sub-directory on the website /NOAA-reports.

Version 1.04 (01-Dec-2007) adds a new feature for WeatherLink users to create new NOAAyyyy-mm.TXT and NOAAyyyy.TXT files from the respective NOAAPRMO.TXT and NOAAPRYR.TXT files when the month/year rolls over. It will copy the appropriate file to the $NOAAdir and name it so you have no monthly maintenance to do (except to view the NOAA reports page on the first of each month).

The NOAA-reports.php will read the sub-directory, sort the filenames produce a menu of available names, and display the file requested. It automatically uses NOAAMO.TXT and NOAAYR.TXT (WeatherLink version) for the current monthly and current yearly files. The nice thing about the script is it strictly controls what can be displayed (existing files only, no directory browsing). The following is a live display of WeatherLink produced NOAA style reports for this station.

<?php $doInclude = true; require("NOAA-reports-test.php"); ?>
2020: Jan | Feb | Mar | Apr | May | Jun | Jul | Aug | Sep | Oct | Nov | Dec 
2019: Jan | Feb | Mar | Apr | May | Jun | Jul | Aug | Sep | Oct | Nov | Dec 
2018: Jan | Feb | Mar | Apr | May | Jun | Jul | Aug | Sep | Oct | Nov | Dec 
2017: Jan | Feb | Mar | Apr | May | Jun | Jul | Aug | Sep | Oct | Nov | Dec 
2016: Jan | Feb | Mar | Apr | May | Jun | Jul | Aug | Sep | Oct | Nov | Dec 
2015: Jan | Feb | Mar | Apr | May | Jun | Jul | Aug | Sep | Oct | Nov | Dec 
2014: Jan | Feb | Mar | Apr | May | Jun | Jul | Aug | Sep | Oct | Nov | Dec 
2013: Jan | Feb | Mar | Apr | May | Jun | Jul | Aug | Sep | Oct | Nov | Dec 
2012: Jan | Feb | Mar | Apr | May | Jun | Jul | Aug | Sep | Oct | Nov | Dec 
2011: Jan | Feb | Mar | Apr | May | Jun | Jul | Aug | Sep | Oct | Nov | Dec 
2010: Jan | Feb | Mar | Apr | May | Jun | Jul | Aug | Sep | Oct | Nov | Dec 
2009: Jan | Feb | Mar | Apr | May | Jun | Jul | Aug | Sep | Oct | Nov | Dec 
2008: Jan | Feb | Mar | Apr | May | Jun | Jul | Aug | Sep | Oct | Nov | Dec 
2007: Jan | Feb | Mar | Apr | May | Jun | Jul | Aug | Sep | Oct | Nov | Dec 
2006: Jan | Feb | Mar | Apr | May | Jun | Jul | Aug | Sep | Oct | Nov | Dec 
2005: Jan | Feb | Mar | Apr | May | Jun | Jul | Aug | Sep | Oct | Nov | Dec 
2004: Jan | Feb | Mar | Apr | May | Jun | Jul | Aug | Sep | Oct | Nov | Dec 

Report for 2020 03
MONTHLY CLIMATOLOGICAL SUMMARY for MAR. 2020 NAME: KCASARAT1 CITY: Saratoga STATE: CA ELEV: 375 ft LAT: 37 16' 28" N LONG: 122 01' 23" W TEMPERATURE (F), RAIN (in), WIND SPEED (mph) HEAT COOL AVG MEAN DEG DEG WIND DOM DAY TEMP HIGH TIME LOW TIME DAYS DAYS RAIN SPEED HIGH TIME DIR ------------------------------------------------------------------------------------ 1 49.1 56.9 3:20p 40.8 6:55a 15.9 0.0 0.00 1.7 17.0 4:00p N 2 56.9 68.9 3:25p 46.7 4:10a 8.7 0.6 0.00 3.0 18.0 10:55a NW 3 59.5 74.7 3:15p 46.4 7:05a 7.8 2.3 0.00 1.6 12.0 1:25p SW 4 59.1 76.8 3:25p 45.2 6:35a 8.6 2.7 0.00 0.8 10.0 12:30p N 5 56.3 67.3 1:50p 47.6 3:10a 8.9 0.2 0.00 1.1 12.0 3:00p N 6 55.1 65.8 2:00p 48.0 6:45a 9.9 0.0 0.00 2.5 18.0 5:25p ESE 7 51.9 57.5 1:25p 46.2 11:00p 13.1 0.0 0.11 1.1 12.0 10:45a S 8 51.5 59.5 2:25p 43.6 7:50a 13.0 0.0 0.00 1.2 13.0 12:50p S 9 53.5 65.2 4:05p 43.1 8:00a 11.5 0.0 0.00 0.8 11.0 5:25p NNW 10 57.7 65.8 5:10p 49.8 4:55a 7.4 0.1 0.00 0.8 11.0 12:05p NNW 11 59.9 71.6 3:40p 51.1 7:35a 6.4 1.3 0.00 1.2 14.0 4:50p N 12 58.0 73.9 4:20p 46.2 6:35a 8.7 1.8 0.00 1.0 14.0 5:20p N 13 53.7 62.4 12:15p 46.5 3:50a 11.3 0.0 0.00 1.8 21.0 2:05p SSE 14 51.4 57.5 1:05p 47.0 7:15a 13.6 0.0 1.02 1.4 19.0 8:55a S 15 50.1 56.9 1:15p 46.5 6:25a 14.9 0.0 0.36 1.6 20.0 4:30a S 16 47.1 52.6 2:35p 40.1 12:00m 17.9 0.0 0.54 0.5 10.0 12:05p NNW 17 45.4 56.9 2:10p 39.2 7:45a 19.5 0.0 0.01 1.0 16.0 3:55p E 18 47.3 53.5 3:00p 40.6 2:10a 17.7 0.0 0.01 0.6 11.0 10:30a E 19 51.0 60.2 1:40p 45.1 2:05a 14.0 0.0 0.00 0.8 11.0 2:35p NE 20 51.1 64.5 3:30p 40.5 5:30a 13.9 0.0 0.01 0.7 10.0 11:45a W 21 52.1 59.6 4:10p 44.9 3:20a 12.9 0.0 0.00 0.3 8.0 11:35a E 22 53.5 64.3 1:40p 47.9 7:25a 11.5 0.0 0.33 0.5 13.0 5:05p W 23 52.6 60.9 3:15p 46.4 7:15a 12.4 0.0 0.01 1.3 16.0 3:55p W 24 51.4 58.6 4:40p 45.2 7:20a 13.6 0.0 0.03 1.3 17.0 2:00p SSW 25 48.0 55.3 5:10p 42.2 11:55p 17.0 0.0 0.08 1.2 14.0 5:15p N 26 47.5 58.4 2:40p 37.6 7:00a 17.4 0.0 0.00 1.5 16.0 2:20p N 27 49.6 60.9 3:00p 39.6 7:10a 15.3 0.0 0.00 1.2 14.0 12:55p W 28 51.3 55.7 12:40p 47.0 12:05a 13.7 0.0 0.11 0.3 7.0 11:50a ESE 29 54.7 64.2 3:20p 48.9 5:00a 10.3 0.0 0.00 0.8 11.0 2:40p NNW 30 55.8 66.3 4:05p 49.2 3:25a 9.3 0.1 0.00 1.1 13.0 5:10p N 31 56.0 67.8 2:50p 45.8 6:35a 9.3 0.3 0.00 1.3 12.0 3:35p N ------------------------------------------------------------------------------------- 52.8 76.8 4 37.6 26 385.4 9.4 2.62 1.2 21.0 13 N Max >= 90.0: 0 Max <= 32.0: 0 Min <= 32.0: 0 Min <= 0.0: 0 Max Rain: 1.02 ON 03/14/20 Days of Rain: 8 (>.01 in) 6 (>.1 in) 1 (>1 in) Heat Base: 65.0 Cool Base: 65.0 Method: Integration

Downloads .. please customize for your directory and file naming convention ( WL or VWS).
Download WeatherLink/ VWS version (V1.07 - 11-Aug-2017) [ see version history ]

deformed-offering