They're free, but use at your own risk
The scripts referenced here are used in the operation of this weather station, and may be freely copied and used to support your station. Please note that you use these scripts at your own risk. No warranty is expressed or implied. I accept no liability for any damages that may ensue from their use.
You will need to configure them for your own particular weather station website.
A RSS Feed is available to help keep you informed on updates to the scripts.
Many of these scripts are now available on GitHub at https://github.com/ktrue
A Version History is available -- check back from time to time to see if there are updates to scripts you have downloaded earlier.
Announcements of version updates and new scripts are made on
WXForum.net and
Weather-Watch forums
and saratogaWXPHP Twitter account as they become available.
Note: Twitter widget has been disabled 3-Jul-2023 since it no longer displays the recent update Tweets.
This page was updated
Friday, 11-Aug-2017 10:11 AM
PHP Scripts (run on webserver)
These scripts have run on PHP 4.1.2, and PHP 4.4.1. I don't have access to PHP 3.x, so it is not known if they will work on versions below PHP 4.1.2. If you try them and they work (or not) on earlier versions of PHP, please send me a message at webmaster[at]saratoga-weather.org and let me know the results.
Display .TXT NOAA style forecasts PHP
I needed to safely display a series of .TXT files (NOAA style climate reports) using the overall style of the website. My WeatherLink software produces regular reports (NOAAMO.TXT, NOAAPRMO.TXT, NOAAYR.TXT, NOAAPRYR.TXT) as part of the 5-minute update. I've also produced reports and named them NOAAyyyy.TXT for yearly reports and NOAAyyyy-mm.TXT for monthly reports. These I've uploaded (monthly) to a sub-directory on the website /NOAA-reports.
Version 1.04 (01-Dec-2007) adds a new feature for WeatherLink users to create new NOAAyyyy-mm.TXT and NOAAyyyy.TXT files from the respective NOAAPRMO.TXT and NOAAPRYR.TXT files when the month/year rolls over. It will copy the appropriate file to the $NOAAdir and name it so you have no monthly maintenance to do (except to view the NOAA reports page on the first of each month).
The NOAA-reports.php will read the sub-directory, sort the filenames produce a menu of available names, and display the file requested. It automatically uses NOAAMO.TXT and NOAAYR.TXT (WeatherLink version) for the current monthly and current yearly files. The nice thing about the script is it strictly controls what can be displayed (existing files only, no directory browsing). The following is a live display of WeatherLink produced NOAA style reports for this station.
<?php $doInclude = true; require("NOAA-reports-test.php"); ?>
2024: Jan | Feb | Mar | Apr | May | Jun | Jul | Aug | Sep | Oct | Nov | Dec
2023: Jan | Feb | Mar | Apr | May | Jun | Jul | Aug | Sep | Oct | Nov | Dec
2022: Jan | Feb | Mar | Apr | May | Jun | Jul | Aug | Sep | Oct | Nov | Dec
2021: Jan | Feb | Mar | Apr | May | Jun | Jul | Aug | Sep | Oct | Nov | Dec
2020: Jan | Feb | Mar | Apr | May | Jun | Jul | Aug | Sep | Oct | Nov | Dec
2019: Jan | Feb | Mar | Apr | May | Jun | Jul | Aug | Sep | Oct | Nov | Dec
2018: Jan | Feb | Mar | Apr | May | Jun | Jul | Aug | Sep | Oct | Nov | Dec
2017: Jan | Feb | Mar | Apr | May | Jun | Jul | Aug | Sep | Oct | Nov | Dec
2016: Jan | Feb | Mar | Apr | May | Jun | Jul | Aug | Sep | Oct | Nov | Dec
2015: Jan | Feb | Mar | Apr | May | Jun | Jul | Aug | Sep | Oct | Nov | Dec
2014: Jan | Feb | Mar | Apr | May | Jun | Jul | Aug | Sep | Oct | Nov | Dec
2013: Jan | Feb | Mar | Apr | May | Jun | Jul | Aug | Sep | Oct | Nov | Dec
2012: Jan | Feb | Mar | Apr | May | Jun | Jul | Aug | Sep | Oct | Nov | Dec
2011: Jan | Feb | Mar | Apr | May | Jun | Jul | Aug | Sep | Oct | Nov | Dec
2010: Jan | Feb | Mar | Apr | May | Jun | Jul | Aug | Sep | Oct | Nov | Dec
2009: Jan | Feb | Mar | Apr | May | Jun | Jul | Aug | Sep | Oct | Nov | Dec
2008: Jan | Feb | Mar | Apr | May | Jun | Jul | Aug | Sep | Oct | Nov | Dec
2007: Jan | Feb | Mar | Apr | May | Jun | Jul | Aug | Sep | Oct | Nov | Dec
2006: Jan | Feb | Mar | Apr | May | Jun | Jul | Aug | Sep | Oct | Nov | Dec
2005: Jan | Feb | Mar | Apr | May | Jun | Jul | Aug | Sep | Oct | Nov | Dec
2004: Jan | Feb | Mar | Apr | May | Jun | Jul | Aug | Sep | Oct | Nov | Dec
Report for 2019 01
MONTHLY CLIMATOLOGICAL SUMMARY for JAN. 2019
NAME: KCASARAT1 CITY: Saratoga STATE: CA
ELEV: 375 ft LAT: 37° 16' 28" N LONG: 122° 01' 23" W
TEMPERATURE (°F), RAIN (in), WIND SPEED (mph)
HEAT COOL AVG
MEAN DEG DEG WIND DOM
DAY TEMP HIGH TIME LOW TIME DAYS DAYS RAIN SPEED HIGH TIME DIR
------------------------------------------------------------------------------------
1 41.1 52.0 2:25p 32.5 6:15a 23.9 0.0 0.00 1.1 17.0 12:50p W
2 41.4 56.3 2:45p 32.5 5:55a 23.6 0.0 0.00 0.4 9.0 2:45p N
3 42.3 56.3 3:00p 32.7 7:40a 22.7 0.0 0.00 0.3 8.0 3:15p N
4 45.4 59.0 2:05p 34.0 6:45a 19.6 0.0 0.00 1.3 17.0 5:15p S
5 50.2 53.1 11:45a 44.5 12:00m 14.8 0.0 0.63 4.0 31.0 10:50a E
6 49.7 56.2 7:25p 43.1 4:40a 15.3 0.0 2.40 2.7 30.0 7:50p ESE
7 53.8 59.3 1:45p 48.6 6:00a 11.2 0.0 0.00 1.0 14.0 1:10p ESE
8 56.0 59.0 3:40p 52.8 12:05a 9.0 0.0 0.02 3.5 26.0 12:00m ESE
9 55.1 58.7 1:50p 47.9 11:55p 9.9 0.0 0.47 2.3 35.0 1:55a ESE
10 49.0 59.9 3:30p 42.2 7:40a 16.0 0.0 0.03 0.4 8.0 3:15p NW
11 52.2 60.7 1:40p 44.2 12:30a 12.8 0.0 0.07 1.2 14.0 2:15p ESE
12 52.6 60.5 2:40p 45.8 12:00m 12.3 0.0 0.00 0.7 13.0 2:00p ESE
13 49.5 59.6 3:15p 42.6 7:10a 15.5 0.0 0.01 0.3 11.0 3:50p E
14 50.5 57.6 2:15p 47.1 11:20p 14.5 0.0 0.05 1.1 18.0 3:35p ESE
15 51.5 54.5 6:35p 47.4 12:10a 13.5 0.0 1.02 1.1 27.0 6:00p ESE
16 55.9 59.0 11:10a 52.8 6:55a 9.1 0.0 2.85 5.4 36.0 6:05p SSE
17 54.8 59.5 1:30p 49.9 10:25p 10.2 0.0 0.13 1.2 24.0 7:25a SSW
18 54.1 62.0 2:50p 47.3 5:30a 10.9 0.0 0.00 0.2 6.0 11:25a NE
19 57.4 68.3 2:15p 49.4 7:30a 7.9 0.3 0.00 0.3 8.0 3:10p NW
20 55.6 64.8 1:20p 45.8 11:30p 9.4 0.0 0.17 1.2 14.0 3:20p W
21 48.6 57.3 2:05p 43.2 6:25a 16.4 0.0 0.06 1.7 16.0 11:05a NW
22 46.9 58.4 2:55p 38.5 6:50a 18.1 0.0 0.00 0.9 13.0 1:35p SW
23 47.4 60.9 2:45p 37.3 7:35a 17.6 0.0 0.00 0.5 10.0 1:40p N
24 50.2 65.3 3:00p 40.1 6:55a 14.8 0.0 0.00 1.0 14.0 12:10p NW
25 49.4 64.8 4:05p 38.6 7:05a 15.6 0.0 0.00 0.6 8.0 2:30p SW
26 51.6 66.0 3:45p 41.3 7:10a 13.4 0.0 0.00 0.5 10.0 12:35p N
27 53.5 66.6 4:00p 44.6 7:25a 11.6 0.1 0.00 0.8 12.0 11:20a N
28 55.7 68.6 2:25p 47.6 1:35a 9.8 0.5 0.00 0.2 6.0 1:20p N
29 54.3 66.1 2:40p 47.1 3:00a 10.7 0.0 0.00 0.2 8.0 3:30p N
30 56.0 66.0 4:00p 47.7 7:20a 9.1 0.0 0.05 0.2 7.0 9:40p NW
31 55.1 62.1 1:55p 48.9 7:40a 9.9 0.0 0.56 0.4 13.0 8:50p N
-------------------------------------------------------------------------------------
51.2 68.6 28 32.5 1 429.1 0.9 8.52 1.2 36.0 16 ESE
Max >= 90.0: 0
Max <= 32.0: 0
Min <= 32.0: 0
Min <= 0.0: 0
Max Rain: 2.85 ON 01/16/19
Days of Rain: 14 (>.01 in) 8 (>.1 in) 3 (>1 in)
Heat Base: 65.0 Cool Base: 65.0 Method: Integration
Downloads .. please customize for your directory and file naming convention ( WL or VWS).
Download WeatherLink/ VWS version (V1.07 - 11-Aug-2017) [ see version history ]