deformed-offering

Weather station scripts - NOAA Climate Report display

They're free, but use at your own risk

The scripts referenced here are used in the operation of this weather station, and may be freely copied and used to support your station. Please note that you use these scripts at your own risk. No warranty is expressed or implied. I accept no liability for any damages that may ensue from their use.
You will need to configure them for your own particular weather station website.
RSS feed for Scripts Updates A RSS Feed is available to help keep you informed on updates to the scripts.

If you find one or more of the scripts useful to you, please consider making a donation to help offset the routine expenses of operation of this website.
Thanks for your kind support!

A Version History is available -- check back from time to time to see if there are updates to scripts you have downloaded earlier. Announcements of version updates and new scripts are made on WXForum.net and Weather-Watch forums and saratogaWXPHP Twitter account as they become available.

This page was updated Friday, 11-Aug-2017 10:11 AM

PHP Scripts (run on webserver)

These scripts have run on PHP 4.1.2, and PHP 4.4.1. I don't have access to PHP 3.x, so it is not known if they will work on versions below PHP 4.1.2. If you try them and they work (or not) on earlier versions of PHP, please send me a message at webmaster[at]saratoga-weather.org and let me know the results.

Display .TXT NOAA style forecasts PHP

I needed to safely display a series of .TXT files (NOAA style climate reports) using the overall style of the website. My WeatherLink software produces regular reports (NOAAMO.TXT, NOAAPRMO.TXT, NOAAYR.TXT, NOAAPRYR.TXT) as part of the 5-minute update. I've also produced reports and named them NOAAyyyy.TXT for yearly reports and NOAAyyyy-mm.TXT for monthly reports. These I've uploaded (monthly) to a sub-directory on the website /NOAA-reports.

Version 1.04 (01-Dec-2007) adds a new feature for WeatherLink users to create new NOAAyyyy-mm.TXT and NOAAyyyy.TXT files from the respective NOAAPRMO.TXT and NOAAPRYR.TXT files when the month/year rolls over. It will copy the appropriate file to the $NOAAdir and name it so you have no monthly maintenance to do (except to view the NOAA reports page on the first of each month).

The NOAA-reports.php will read the sub-directory, sort the filenames produce a menu of available names, and display the file requested. It automatically uses NOAAMO.TXT and NOAAYR.TXT (WeatherLink version) for the current monthly and current yearly files. The nice thing about the script is it strictly controls what can be displayed (existing files only, no directory browsing). The following is a live display of WeatherLink produced NOAA style reports for this station.

<?php $doInclude = true; require("NOAA-reports-test.php"); ?>
2017: Jan | Feb | Mar | Apr | May | Jun | Jul | Aug | Sep | Oct | Nov | Dec 
2016: Jan | Feb | Mar | Apr | May | Jun | Jul | Aug | Sep | Oct | Nov | Dec 
2015: Jan | Feb | Mar | Apr | May | Jun | Jul | Aug | Sep | Oct | Nov | Dec 
2014: Jan | Feb | Mar | Apr | May | Jun | Jul | Aug | Sep | Oct | Nov | Dec 
2013: Jan | Feb | Mar | Apr | May | Jun | Jul | Aug | Sep | Oct | Nov | Dec 
2012: Jan | Feb | Mar | Apr | May | Jun | Jul | Aug | Sep | Oct | Nov | Dec 
2011: Jan | Feb | Mar | Apr | May | Jun | Jul | Aug | Sep | Oct | Nov | Dec 
2010: Jan | Feb | Mar | Apr | May | Jun | Jul | Aug | Sep | Oct | Nov | Dec 
2009: Jan | Feb | Mar | Apr | May | Jun | Jul | Aug | Sep | Oct | Nov | Dec 
2008: Jan | Feb | Mar | Apr | May | Jun | Jul | Aug | Sep | Oct | Nov | Dec 
2007: Jan | Feb | Mar | Apr | May | Jun | Jul | Aug | Sep | Oct | Nov | Dec 
2006: Jan | Feb | Mar | Apr | May | Jun | Jul | Aug | Sep | Oct | Nov | Dec 
2005: Jan | Feb | Mar | Apr | May | Jun | Jul | Aug | Sep | Oct | Nov | Dec 
2004: Jan | Feb | Mar | Apr | May | Jun | Jul | Aug | Sep | Oct | Nov | Dec 

Report for 2017 07
MONTHLY CLIMATOLOGICAL SUMMARY for JUL. 2017 NAME: KCASARAT1 CITY: Saratoga STATE: CA ELEV: 375 ft LAT: 37 16' 28" N LONG: 122 01' 23" W TEMPERATURE (F), RAIN (in), WIND SPEED (mph) HEAT COOL AVG MEAN DEG DEG WIND DOM DAY TEMP HIGH TIME LOW TIME DAYS DAYS RAIN SPEED HIGH TIME DIR ------------------------------------------------------------------------------------ 1 63.5 77.4 3:55p 50.5 5:50a 4.7 3.2 0.00 1.7 11.0 12:50p N 2 67.1 85.9 2:00p 55.0 6:05a 3.0 5.1 0.00 1.8 11.0 2:15p N 3 67.7 89.3 2:50p 54.2 6:05a 3.4 6.2 0.00 1.6 12.0 4:00p N 4 67.7 82.8 4:00p 58.3 2:55a 2.3 5.0 0.00 1.8 12.0 3:50p N 5 67.4 79.2 4:45p 58.9 12:30a 2.1 4.5 0.00 1.7 12.0 1:40p N 6 71.0 89.3 3:55p 55.6 5:50a 2.4 8.4 0.00 1.4 10.0 12:10p N 7 75.9 98.0 2:20p 57.3 5:55a 1.5 12.4 0.00 1.4 14.0 1:15p N 8 77.8 98.7 2:50p 61.3 5:35a 0.5 13.2 0.00 1.8 18.0 1:25p N 9 71.8 90.7 3:55p 56.6 6:15a 1.6 8.4 0.00 1.3 10.0 2:20p N 10 69.6 88.0 2:10p 54.8 6:00a 2.5 7.0 0.00 1.4 16.0 3:00p N 11 69.2 87.2 3:10p 54.1 5:55a 2.8 7.0 0.00 1.5 12.0 1:15p N 12 68.5 84.7 2:15p 54.5 6:05a 3.0 6.4 0.00 1.5 11.0 12:40p N 13 68.8 84.9 2:55p 56.6 3:15a 2.5 6.3 0.00 1.5 12.0 3:30p N 14 69.2 85.9 2:50p 54.8 4:55a 2.9 7.1 0.00 1.4 12.0 3:40p N 15 73.5 95.9 4:10p 54.2 6:05a 2.5 11.1 0.00 1.3 16.0 4:40p N 16 78.7 99.9 4:15p 59.6 5:55a 0.7 14.4 0.00 1.7 14.0 4:30p N 17 73.1 88.2 1:40p 58.7 5:55a 0.9 9.0 0.00 1.4 11.0 1:50p N 18 65.6 77.2 3:40p 55.1 5:40a 3.0 3.6 0.00 1.5 12.0 2:20p N 19 66.2 82.2 2:15p 51.4 6:00a 4.1 5.3 0.00 1.5 12.0 3:50p N 20 66.5 79.9 12:40p 52.5 6:15a 3.6 5.2 0.00 1.5 12.0 1:20p N 21 66.5 82.4 2:05p 51.9 6:15a 3.9 5.3 0.00 1.5 11.0 2:50p N 22 72.0 94.7 4:25p 52.0 6:10a 3.4 10.4 0.00 1.1 10.0 3:00p N 23 72.8 90.5 2:35p 58.3 6:20a 1.1 8.9 0.00 1.4 11.0 2:00p N 24 68.8 84.3 2:20p 56.9 3:50a 2.3 6.1 0.00 2.1 18.0 11:15a ESE 25 67.9 83.0 2:00p 55.3 6:10a 2.6 5.5 0.00 1.7 13.0 2:35p N 26 70.1 83.8 4:05p 62.1 11:45p 0.8 5.8 0.00 1.8 11.0 12:00p N 27 72.1 90.5 4:35p 58.0 2:40a 1.9 9.0 0.00 1.3 11.0 2:35p N 28 68.9 82.6 2:35p 56.9 6:15a 1.9 5.8 0.00 1.6 11.0 2:25p N 29 67.0 84.0 2:15p 52.8 5:50a 3.6 5.5 0.00 1.4 12.0 2:15p N 30 69.4 84.1 3:00p 57.3 2:05a 2.2 6.5 0.00 1.5 11.0 4:35p N 31 71.1 87.2 3:35p 60.2 1:00a 1.2 7.3 0.00 1.5 12.0 3:20p N ------------------------------------------------------------------------------------- 69.9 99.9 16 50.5 1 74.9 224.9 0.00 1.5 18.0 8 N Max >= 90.0: 8 Max <= 32.0: 0 Min <= 32.0: 0 Min <= 0.0: 0 Max Rain: 0.00 ON 07/01/17 Days of Rain: 0 (>.01 in) 0 (>.1 in) 0 (>1 in) Heat Base: 65.0 Cool Base: 65.0 Method: Integration

Downloads .. please customize for your directory and file naming convention ( WL or VWS).
Download WeatherLink/ VWS version (V1.07 - 11-Aug-2017) [ see version history ]

deformed-offering