They're free, but use at your own risk
The scripts referenced here are used in the operation of this weather station, and may be freely copied and used to support your station. Please note that you use these scripts at your own risk. No warranty is expressed or implied. I accept no liability for any damages that may ensue from their use.
You will need to configure them for your own particular weather station website.
A RSS Feed is available to help keep you informed on updates to the scripts.
Many of these scripts are now available on GitHub at https://github.com/ktrue
A Version History is available -- check back from time to time to see if there are updates to scripts you have downloaded earlier.
Announcements of version updates and new scripts are made on
WXForum.net and
Weather-Watch forums
and saratogaWXPHP Twitter account as they become available.
Note: Twitter widget has been disabled 3-Jul-2023 since it no longer displays the recent update Tweets.
This page was updated
Friday, 11-Aug-2017 10:11 AM
PHP Scripts (run on webserver)
These scripts have run on PHP 4.1.2, and PHP 4.4.1. I don't have access to PHP 3.x, so it is not known if they will work on versions below PHP 4.1.2. If you try them and they work (or not) on earlier versions of PHP, please send me a message at webmaster[at]saratoga-weather.org and let me know the results.
Display .TXT NOAA style forecasts PHP
I needed to safely display a series of .TXT files (NOAA style climate reports) using the overall style of the website. My WeatherLink software produces regular reports (NOAAMO.TXT, NOAAPRMO.TXT, NOAAYR.TXT, NOAAPRYR.TXT) as part of the 5-minute update. I've also produced reports and named them NOAAyyyy.TXT for yearly reports and NOAAyyyy-mm.TXT for monthly reports. These I've uploaded (monthly) to a sub-directory on the website /NOAA-reports.
Version 1.04 (01-Dec-2007) adds a new feature for WeatherLink users to create new NOAAyyyy-mm.TXT and NOAAyyyy.TXT files from the respective NOAAPRMO.TXT and NOAAPRYR.TXT files when the month/year rolls over. It will copy the appropriate file to the $NOAAdir and name it so you have no monthly maintenance to do (except to view the NOAA reports page on the first of each month).
The NOAA-reports.php will read the sub-directory, sort the filenames produce a menu of available names, and display the file requested. It automatically uses NOAAMO.TXT and NOAAYR.TXT (WeatherLink version) for the current monthly and current yearly files. The nice thing about the script is it strictly controls what can be displayed (existing files only, no directory browsing). The following is a live display of WeatherLink produced NOAA style reports for this station.
<?php $doInclude = true; require("NOAA-reports-test.php"); ?>
2024: Jan | Feb | Mar | Apr | May | Jun | Jul | Aug | Sep | Oct | Nov | Dec
2023: Jan | Feb | Mar | Apr | May | Jun | Jul | Aug | Sep | Oct | Nov | Dec
2022: Jan | Feb | Mar | Apr | May | Jun | Jul | Aug | Sep | Oct | Nov | Dec
2021: Jan | Feb | Mar | Apr | May | Jun | Jul | Aug | Sep | Oct | Nov | Dec
2020: Jan | Feb | Mar | Apr | May | Jun | Jul | Aug | Sep | Oct | Nov | Dec
2019: Jan | Feb | Mar | Apr | May | Jun | Jul | Aug | Sep | Oct | Nov | Dec
2018: Jan | Feb | Mar | Apr | May | Jun | Jul | Aug | Sep | Oct | Nov | Dec
2017: Jan | Feb | Mar | Apr | May | Jun | Jul | Aug | Sep | Oct | Nov | Dec
2016: Jan | Feb | Mar | Apr | May | Jun | Jul | Aug | Sep | Oct | Nov | Dec
2015: Jan | Feb | Mar | Apr | May | Jun | Jul | Aug | Sep | Oct | Nov | Dec
2014: Jan | Feb | Mar | Apr | May | Jun | Jul | Aug | Sep | Oct | Nov | Dec
2013: Jan | Feb | Mar | Apr | May | Jun | Jul | Aug | Sep | Oct | Nov | Dec
2012: Jan | Feb | Mar | Apr | May | Jun | Jul | Aug | Sep | Oct | Nov | Dec
2011: Jan | Feb | Mar | Apr | May | Jun | Jul | Aug | Sep | Oct | Nov | Dec
2010: Jan | Feb | Mar | Apr | May | Jun | Jul | Aug | Sep | Oct | Nov | Dec
2009: Jan | Feb | Mar | Apr | May | Jun | Jul | Aug | Sep | Oct | Nov | Dec
2008: Jan | Feb | Mar | Apr | May | Jun | Jul | Aug | Sep | Oct | Nov | Dec
2007: Jan | Feb | Mar | Apr | May | Jun | Jul | Aug | Sep | Oct | Nov | Dec
2006: Jan | Feb | Mar | Apr | May | Jun | Jul | Aug | Sep | Oct | Nov | Dec
2005: Jan | Feb | Mar | Apr | May | Jun | Jul | Aug | Sep | Oct | Nov | Dec
2004: Jan | Feb | Mar | Apr | May | Jun | Jul | Aug | Sep | Oct | Nov | Dec
Report for 2014 12
MONTHLY CLIMATOLOGICAL SUMMARY for DEC. 2014
NAME: KCASARAT1 CITY: Saratoga STATE: CA
ELEV: 375 ft LAT: 37° 16' 28" N LONG: 122° 01' 23" W
TEMPERATURE (°F), RAIN (in), WIND SPEED (mph)
HEAT COOL AVG
MEAN DEG DEG WIND DOM
DAY TEMP HIGH TIME LOW TIME DAYS DAYS RAIN SPEED HIGH TIME DIR
------------------------------------------------------------------------------------
1 57.9 67.9 2:30p 51.6 11:15p 7.3 0.2 0.01 0.2 12.0 2:15p ESE
2 56.7 60.5 10:30p 51.4 12:10a 8.3 0.0 1.72 0.5 17.0 5:25p ESE
3 59.5 63.1 1:00p 56.9 11:50p 5.5 0.0 2.16 2.0 35.0 11:25a ESE
4 59.6 66.8 3:05p 55.6 4:10a 5.5 0.1 0.00 0.2 10.0 9:25a ESE
5 59.5 63.4 11:35a 54.2 2:30a 5.5 0.0 0.08 1.0 14.0 10:05p ESE
6 60.4 68.6 1:55p 55.3 9:10p 5.0 0.4 0.07 0.6 12.0 11:35a ESE
7 56.4 65.6 2:10p 49.8 11:55p 8.6 0.0 0.01 0.1 11.0 1:15p N
8 58.0 72.8 2:20p 48.6 5:25a 8.0 1.0 0.01 0.1 7.0 3:25p ESE
9 57.8 65.8 2:20p 50.7 12:00m 7.3 0.0 0.01 0.2 8.0 5:45p N
10 58.2 65.3 1:40p 50.2 12:25a 6.8 0.0 0.00 1.9 21.0 11:25p ESE
11 56.3 62.4 12:05a 49.9 10:45p 8.7 0.0 4.23 2.3 28.0 3:40a SSE
12 49.9 54.5 1:20p 45.7 12:00m 15.1 0.0 0.18 0.1 10.0 2:35p NW
13 48.1 57.5 2:40p 42.2 6:30a 16.9 0.0 0.01 0.2 7.0 12:50p N
14 51.0 60.4 2:40p 42.6 2:35a 14.0 0.0 0.03 0.8 13.0 11:35a ESE
15 51.6 55.4 11:55a 49.5 9:55p 13.4 0.0 0.85 0.9 18.0 11:40a ESE
16 52.3 60.2 1:15p 46.2 2:35a 12.7 0.0 0.98 1.1 18.0 5:30p ESE
17 50.7 57.5 3:20p 45.4 5:00a 14.3 0.0 0.21 0.6 14.0 10:10p ESE
18 54.4 64.7 2:35p 49.8 3:15a 10.6 0.0 0.00 0.4 11.0 12:25a ESE
19 55.2 56.6 3:20p 53.9 6:55a 9.8 0.0 0.05 2.3 20.0 3:05p ESE
20 56.8 61.3 2:55p 53.9 1:50a 8.2 0.0 0.12 0.0 3.0 12:15p SE
21 58.5 63.9 3:45p 52.9 6:50a 6.5 0.0 0.00 0.2 10.0 3:40p NNW
22 57.8 66.1 3:05p 51.4 12:00m 7.3 0.0 0.00 0.5 11.0 2:20p NW
23 56.9 70.6 3:30p 47.7 11:55p 9.2 1.0 0.01 0.6 13.0 10:10a NW
24 50.4 61.8 2:40p 44.6 6:50a 14.6 0.0 0.03 1.3 21.0 3:15p NW
25 49.0 56.3 2:05p 43.5 7:40p 15.9 0.0 0.00 2.8 20.0 3:05p NW
26 48.0 57.5 2:30p 39.3 11:35p 17.0 0.0 0.00 1.2 12.0 10:20a NW
27 44.0 57.8 2:55p 33.8 7:45a 21.0 0.0 0.00 0.1 6.0 11:35a N
28 45.5 58.9 3:25p 35.8 7:25a 19.5 0.0 0.00 0.3 10.0 1:50p NW
29 48.6 58.6 12:55p 41.1 7:55a 16.4 0.0 0.00 0.7 12.0 7:40p NW
30 45.1 53.1 2:30p 36.9 7:50a 19.9 0.0 0.00 3.5 27.0 4:45p N
31 42.1 55.6 2:15p 31.3 4:55a 22.9 0.0 0.00 0.8 19.0 12:35p NW
-------------------------------------------------------------------------------------
53.4 72.8 8 31.3 31 361.7 2.7 10.77 0.9 35.0 3 ESE
Max >= 90.0: 0
Max <= 32.0: 0
Min <= 32.0: 1
Min <= 0.0: 0
Max Rain: 4.23 ON 12/11/14
Days of Rain: 13 (>.01 in) 8 (>.1 in) 3 (>1 in)
Heat Base: 65.0 Cool Base: 65.0 Method: Integration
Downloads .. please customize for your directory and file naming convention ( WL or VWS).
Download WeatherLink/ VWS version (V1.07 - 11-Aug-2017) [ see version history ]