deformed-offering

Weather station scripts - NOAA Climate Report display

They're free, but use at your own risk

The scripts referenced here are used in the operation of this weather station, and may be freely copied and used to support your station. Please note that you use these scripts at your own risk. No warranty is expressed or implied. I accept no liability for any damages that may ensue from their use.
You will need to configure them for your own particular weather station website.
RSS feed for Scripts Updates A RSS Feed is available to help keep you informed on updates to the scripts.

If you find one or more of the scripts useful to you, please consider making a donation to help offset the routine expenses of operation of this website.
Thanks for your kind support!

A Version History is available -- check back from time to time to see if there are updates to scripts you have downloaded earlier. Announcements of version updates and new scripts are made on WXForum.net and Weather-Watch forums and saratogaWXPHP Twitter account as they become available.

This page was updated Friday, 11-Aug-2017 10:11 AM

PHP Scripts (run on webserver)

These scripts have run on PHP 4.1.2, and PHP 4.4.1. I don't have access to PHP 3.x, so it is not known if they will work on versions below PHP 4.1.2. If you try them and they work (or not) on earlier versions of PHP, please send me a message at webmaster[at]saratoga-weather.org and let me know the results.

Display .TXT NOAA style forecasts PHP

I needed to safely display a series of .TXT files (NOAA style climate reports) using the overall style of the website. My WeatherLink software produces regular reports (NOAAMO.TXT, NOAAPRMO.TXT, NOAAYR.TXT, NOAAPRYR.TXT) as part of the 5-minute update. I've also produced reports and named them NOAAyyyy.TXT for yearly reports and NOAAyyyy-mm.TXT for monthly reports. These I've uploaded (monthly) to a sub-directory on the website /NOAA-reports.

Version 1.04 (01-Dec-2007) adds a new feature for WeatherLink users to create new NOAAyyyy-mm.TXT and NOAAyyyy.TXT files from the respective NOAAPRMO.TXT and NOAAPRYR.TXT files when the month/year rolls over. It will copy the appropriate file to the $NOAAdir and name it so you have no monthly maintenance to do (except to view the NOAA reports page on the first of each month).

The NOAA-reports.php will read the sub-directory, sort the filenames produce a menu of available names, and display the file requested. It automatically uses NOAAMO.TXT and NOAAYR.TXT (WeatherLink version) for the current monthly and current yearly files. The nice thing about the script is it strictly controls what can be displayed (existing files only, no directory browsing). The following is a live display of WeatherLink produced NOAA style reports for this station.

<?php $doInclude = true; require("NOAA-reports-test.php"); ?>
2017: Jan | Feb | Mar | Apr | May | Jun | Jul | Aug | Sep | Oct | Nov | Dec 
2016: Jan | Feb | Mar | Apr | May | Jun | Jul | Aug | Sep | Oct | Nov | Dec 
2015: Jan | Feb | Mar | Apr | May | Jun | Jul | Aug | Sep | Oct | Nov | Dec 
2014: Jan | Feb | Mar | Apr | May | Jun | Jul | Aug | Sep | Oct | Nov | Dec 
2013: Jan | Feb | Mar | Apr | May | Jun | Jul | Aug | Sep | Oct | Nov | Dec 
2012: Jan | Feb | Mar | Apr | May | Jun | Jul | Aug | Sep | Oct | Nov | Dec 
2011: Jan | Feb | Mar | Apr | May | Jun | Jul | Aug | Sep | Oct | Nov | Dec 
2010: Jan | Feb | Mar | Apr | May | Jun | Jul | Aug | Sep | Oct | Nov | Dec 
2009: Jan | Feb | Mar | Apr | May | Jun | Jul | Aug | Sep | Oct | Nov | Dec 
2008: Jan | Feb | Mar | Apr | May | Jun | Jul | Aug | Sep | Oct | Nov | Dec 
2007: Jan | Feb | Mar | Apr | May | Jun | Jul | Aug | Sep | Oct | Nov | Dec 
2006: Jan | Feb | Mar | Apr | May | Jun | Jul | Aug | Sep | Oct | Nov | Dec 
2005: Jan | Feb | Mar | Apr | May | Jun | Jul | Aug | Sep | Oct | Nov | Dec 
2004: Jan | Feb | Mar | Apr | May | Jun | Jul | Aug | Sep | Oct | Nov | Dec 

Report for 2009 10
MONTHLY CLIMATOLOGICAL SUMMARY for OCT. 2009 NAME: KCASARAT1 CITY: Saratoga STATE: CA ELEV: 375 ft LAT: 37 16' 28" N LONG: 122 01' 23" W TEMPERATURE (F), RAIN (in), WIND SPEED (mph) HEAT COOL AVG MEAN DEG DEG WIND DOM DAY TEMP HIGH TIME LOW TIME DAYS DAYS RAIN SPEED HIGH TIME DIR ------------------------------------------------------------------------------------ 1 63.5 81.8 2:55p 47.1 6:15a 6.4 4.9 0.00 0.8 11.0 9:05a NW 2 64.5 83.8 3:10p 49.6 7:05a 5.6 5.2 0.00 0.7 12.0 3:45p NW 3 57.5 72.1 1:35p 48.9 5:30a 8.4 0.9 0.00 1.1 17.0 3:35p W 4 54.3 68.8 3:10p 44.8 6:45a 10.8 0.2 0.00 0.8 17.0 4:45p WSW 5 54.6 70.1 3:05p 40.8 6:20a 11.2 0.8 0.00 1.0 19.0 2:50p NW 6 57.7 73.3 2:40p 43.1 7:00a 9.2 1.9 0.00 0.7 13.0 3:20p NW 7 59.9 77.9 1:05p 46.5 6:40a 8.2 3.0 0.00 0.7 12.0 3:05p SW 8 55.7 69.1 2:40p 45.8 2:55a 9.7 0.4 0.00 0.7 12.0 2:45p NW 9 57.9 70.1 3:50p 51.0 7:30a 7.7 0.6 0.00 0.5 10.0 1:55p ESE 10 57.4 70.6 3:10p 51.3 7:10a 8.0 0.4 0.00 0.6 11.0 3:35p NW 11 56.7 65.8 1:25p 51.3 6:55a 8.3 0.0 0.00 0.5 12.0 1:30p E 12 58.9 65.6 1:20p 54.2 12:05a 6.1 0.0 0.00 2.2 21.0 10:35p ESE 13 60.0 62.9 6:15p 56.5 6:00a 5.0 0.0 5.25 4.6 35.0 11:20a S 14 64.2 72.7 3:00p 58.0 3:10a 2.3 1.5 0.11 0.9 13.0 3:10p ESE 15 69.5 79.8 1:50p 63.7 1:05a 0.2 4.7 0.01 1.2 11.0 2:05a ESE 16 67.7 81.8 2:45p 58.0 6:25a 2.0 4.7 0.00 0.5 11.0 11:30a NW 17 64.4 79.2 12:45p 54.5 7:10a 3.9 3.3 0.01 0.4 12.0 9:25a NW 18 60.1 68.3 10:10a 50.2 12:00m 5.4 0.6 0.00 0.5 10.0 10:20a N 19 56.0 68.8 2:15p 47.6 6:35a 9.3 0.3 0.22 0.7 13.0 12:15p ESE 20 58.8 69.4 3:55p 51.6 1:25a 6.8 0.6 0.00 0.8 12.0 1:50p NW 21 59.9 73.7 3:30p 53.2 4:05a 6.2 1.1 0.00 0.4 12.0 4:25p NW 22 60.6 74.2 3:35p 53.3 12:00m 5.7 1.4 0.00 0.4 10.0 1:35p NW 23 63.3 80.9 2:00p 50.5 7:25a 5.8 4.1 0.01 0.4 10.0 4:40p NW 24 62.0 76.8 3:20p 52.5 7:10a 5.4 2.5 0.00 0.6 16.0 4:25p NW 25 63.5 81.1 3:35p 49.4 7:10a 5.7 4.2 0.01 0.6 11.0 11:55a NW 26 63.2 81.1 2:45p 52.9 7:45a 5.1 3.3 0.00 0.4 13.0 3:40p NW 27 57.0 64.3 3:25p 50.8 6:15a 8.0 0.0 0.00 5.4 29.0 2:50p NW 28 53.9 62.3 3:50p 45.2 12:00m 11.1 0.0 0.00 3.6 26.0 10:50a NW 29 53.6 69.3 4:00p 40.6 7:20a 11.8 0.4 0.00 0.8 13.0 1:00p NW 30 57.7 73.7 3:20p 45.4 7:30a 9.2 1.9 0.00 0.6 12.0 1:40p NW 31 55.7 71.5 4:10p 47.1 3:10a 10.1 0.8 0.01 0.3 10.0 3:55p N ------------------------------------------------------------------------------------- 59.7 83.8 2 40.6 29 218.6 53.7 5.63 1.1 35.0 13 NW Max >= 90.0: 0 Max <= 32.0: 0 Min <= 32.0: 0 Min <= 0.0: 0 Max Rain: 5.25 ON 10/13/09 Days of Rain: 3 (>.01 in) 3 (>.1 in) 1 (>1 in) Heat Base: 65.0 Cool Base: 65.0 Method: Integration

Downloads .. please customize for your directory and file naming convention ( WL or VWS).
Download WeatherLink/ VWS version (V1.07 - 11-Aug-2017) [ see version history ]

deformed-offering