deformed-offering

Weather station scripts - NOAA Climate Report display

They're free, but use at your own risk

The scripts referenced here are used in the operation of this weather station, and may be freely copied and used to support your station. Please note that you use these scripts at your own risk. No warranty is expressed or implied. I accept no liability for any damages that may ensue from their use.
You will need to configure them for your own particular weather station website.
RSS feed for Scripts Updates A RSS Feed is available to help keep you informed on updates to the scripts.

If you find one or more of the scripts useful to you, please consider making a donation to help offset the routine expenses of operation of this website.
Thanks for your kind support!

A Version History is available -- check back from time to time to see if there are updates to scripts you have downloaded earlier. Announcements of version updates and new scripts are made on WXForum.net and Weather-Watch forums and saratogaWXPHP Twitter account as they become available.

This page was updated Friday, 11-Aug-2017 10:11 AM

PHP Scripts (run on webserver)

These scripts have run on PHP 4.1.2, and PHP 4.4.1. I don't have access to PHP 3.x, so it is not known if they will work on versions below PHP 4.1.2. If you try them and they work (or not) on earlier versions of PHP, please send me a message at webmaster[at]saratoga-weather.org and let me know the results.

Display .TXT NOAA style forecasts PHP

I needed to safely display a series of .TXT files (NOAA style climate reports) using the overall style of the website. My WeatherLink software produces regular reports (NOAAMO.TXT, NOAAPRMO.TXT, NOAAYR.TXT, NOAAPRYR.TXT) as part of the 5-minute update. I've also produced reports and named them NOAAyyyy.TXT for yearly reports and NOAAyyyy-mm.TXT for monthly reports. These I've uploaded (monthly) to a sub-directory on the website /NOAA-reports.

Version 1.04 (01-Dec-2007) adds a new feature for WeatherLink users to create new NOAAyyyy-mm.TXT and NOAAyyyy.TXT files from the respective NOAAPRMO.TXT and NOAAPRYR.TXT files when the month/year rolls over. It will copy the appropriate file to the $NOAAdir and name it so you have no monthly maintenance to do (except to view the NOAA reports page on the first of each month).

The NOAA-reports.php will read the sub-directory, sort the filenames produce a menu of available names, and display the file requested. It automatically uses NOAAMO.TXT and NOAAYR.TXT (WeatherLink version) for the current monthly and current yearly files. The nice thing about the script is it strictly controls what can be displayed (existing files only, no directory browsing). The following is a live display of WeatherLink produced NOAA style reports for this station.

<?php $doInclude = true; require("NOAA-reports-test.php"); ?>
2017: Jan | Feb | Mar | Apr | May | Jun | Jul | Aug | Sep | Oct | Nov | Dec 
2016: Jan | Feb | Mar | Apr | May | Jun | Jul | Aug | Sep | Oct | Nov | Dec 
2015: Jan | Feb | Mar | Apr | May | Jun | Jul | Aug | Sep | Oct | Nov | Dec 
2014: Jan | Feb | Mar | Apr | May | Jun | Jul | Aug | Sep | Oct | Nov | Dec 
2013: Jan | Feb | Mar | Apr | May | Jun | Jul | Aug | Sep | Oct | Nov | Dec 
2012: Jan | Feb | Mar | Apr | May | Jun | Jul | Aug | Sep | Oct | Nov | Dec 
2011: Jan | Feb | Mar | Apr | May | Jun | Jul | Aug | Sep | Oct | Nov | Dec 
2010: Jan | Feb | Mar | Apr | May | Jun | Jul | Aug | Sep | Oct | Nov | Dec 
2009: Jan | Feb | Mar | Apr | May | Jun | Jul | Aug | Sep | Oct | Nov | Dec 
2008: Jan | Feb | Mar | Apr | May | Jun | Jul | Aug | Sep | Oct | Nov | Dec 
2007: Jan | Feb | Mar | Apr | May | Jun | Jul | Aug | Sep | Oct | Nov | Dec 
2006: Jan | Feb | Mar | Apr | May | Jun | Jul | Aug | Sep | Oct | Nov | Dec 
2005: Jan | Feb | Mar | Apr | May | Jun | Jul | Aug | Sep | Oct | Nov | Dec 
2004: Jan | Feb | Mar | Apr | May | Jun | Jul | Aug | Sep | Oct | Nov | Dec 

Report for 2009 09
MONTHLY CLIMATOLOGICAL SUMMARY for SEP. 2009 NAME: KCASARAT1 CITY: Saratoga STATE: CA ELEV: 375 ft LAT: 37 16' 28" N LONG: 122 01' 23" W TEMPERATURE (F), RAIN (in), WIND SPEED (mph) HEAT COOL AVG MEAN DEG DEG WIND DOM DAY TEMP HIGH TIME LOW TIME DAYS DAYS RAIN SPEED HIGH TIME DIR ------------------------------------------------------------------------------------ 1 71.1 86.1 4:10p 59.2 6:55a 1.6 7.6 0.00 0.8 11.0 2:40p ENE 2 76.4 94.5 2:25p 61.0 6:00a 0.5 11.9 0.00 0.4 10.0 1:35p NNE 3 75.4 94.5 1:20p 60.2 6:15a 0.8 11.3 0.00 0.9 16.0 2:35p NE 4 65.6 81.1 12:45p 54.4 7:10a 3.7 4.3 0.00 0.9 14.0 1:55p NE 5 65.0 79.6 2:35p 50.5 4:55a 4.5 4.6 0.00 1.2 16.0 4:45p N 6 65.1 79.8 2:20p 52.5 6:30a 4.0 4.2 0.00 1.6 18.0 4:25p NW 7 65.4 81.2 2:45p 51.4 6:05a 4.7 5.1 0.00 0.8 11.0 1:30p N 8 65.8 84.9 2:15p 48.9 6:50a 5.2 6.0 0.00 0.7 11.0 3:30p N 9 66.6 84.7 3:45p 51.9 6:45a 4.1 5.8 0.00 0.6 11.0 1:30p N 10 73.0 93.6 5:30p 54.1 6:45a 2.8 10.8 0.00 0.5 10.0 1:20p NW 11 74.2 94.3 3:10p 57.5 6:50a 1.3 10.5 0.00 0.3 7.0 12:30p N 12 66.6 75.4 2:15p 60.5 7:10a 1.4 3.0 0.00 1.0 13.0 2:35p NW 13 65.5 75.8 4:25p 58.9 5:50a 2.2 2.8 0.12 1.2 13.0 12:05p ESE 14 63.5 74.9 3:50p 54.1 6:50a 3.8 2.3 0.01 1.1 18.0 3:50p NW 15 66.3 83.0 2:35p 52.6 6:50a 4.2 5.5 0.00 0.9 13.0 1:55p N 16 67.0 82.2 3:00p 53.8 6:35a 3.3 5.3 0.00 0.9 12.0 5:20p N 17 69.0 88.2 3:40p 57.5 4:00a 2.5 6.5 0.00 0.4 11.0 4:00p NW 18 75.7 96.3 2:40p 58.7 6:50a 1.4 12.1 0.00 0.5 12.0 4:00p N 19 69.4 89.3 2:20p 56.7 6:20a 2.0 6.3 0.00 0.6 11.0 3:00p NW 20 70.9 91.4 4:05p 54.1 7:05a 2.8 8.6 0.00 0.4 10.0 4:50p NNW 21 71.4 91.4 2:40p 56.6 6:10a 2.2 8.6 0.00 0.4 8.0 1:10p NE 22 72.9 95.4 4:00p 56.2 7:05a 2.1 10.0 0.00 0.4 7.0 12:30p N 23 67.5 84.7 3:20p 56.3 5:05a 3.0 5.5 0.00 0.6 10.0 1:40p NW 24 66.0 86.7 3:05p 54.8 4:00a 4.3 5.3 0.00 0.4 8.0 5:45p N 25 68.4 90.5 4:05p 54.7 5:10a 4.1 7.4 0.01 0.3 8.0 4:30p N 26 75.4 99.0 2:40p 55.6 6:50a 2.3 12.7 0.00 0.2 7.0 1:45p N 27 74.0 95.9 3:05p 57.3 6:40a 1.5 10.5 0.00 0.3 10.0 2:30p NE 28 63.6 75.1 12:40p 57.8 3:15a 3.2 1.8 0.00 0.9 12.0 1:15p ENE 29 59.3 71.1 1:40p 48.6 12:00m 6.5 0.8 0.00 1.5 20.0 1:55p NW 30 58.5 73.5 3:40p 45.2 4:40a 8.5 2.0 0.00 1.4 14.0 10:10a NW ------------------------------------------------------------------------------------- 68.5 99.0 26 45.2 30 94.5 199.1 0.14 0.7 20.0 29 NW Max >= 90.0: 11 Max <= 32.0: 0 Min <= 32.0: 0 Min <= 0.0: 0 Max Rain: 0.12 ON 09/13/09 Days of Rain: 1 (>.01 in) 1 (>.1 in) 0 (>1 in) Heat Base: 65.0 Cool Base: 65.0 Method: Integration

Downloads .. please customize for your directory and file naming convention ( WL or VWS).
Download WeatherLink/ VWS version (V1.07 - 11-Aug-2017) [ see version history ]

deformed-offering