deformed-offering

Weather station scripts - NOAA Climate Report display

They're free, but use at your own risk

The scripts referenced here are used in the operation of this weather station, and may be freely copied and used to support your station. Please note that you use these scripts at your own risk. No warranty is expressed or implied. I accept no liability for any damages that may ensue from their use.
You will need to configure them for your own particular weather station website.
RSS feed for Scripts Updates A RSS Feed is available to help keep you informed on updates to the scripts.

If you find one or more of the scripts useful to you, please consider making a donation to help offset the routine expenses of operation of this website.
Thanks for your kind support!

A Version History is available -- check back from time to time to see if there are updates to scripts you have downloaded earlier. Announcements of version updates and new scripts are made on WXForum.net and Weather-Watch forums and saratogaWXPHP Twitter account as they become available.

This page was updated Friday, 11-Aug-2017 10:11 AM

PHP Scripts (run on webserver)

These scripts have run on PHP 4.1.2, and PHP 4.4.1. I don't have access to PHP 3.x, so it is not known if they will work on versions below PHP 4.1.2. If you try them and they work (or not) on earlier versions of PHP, please send me a message at webmaster[at]saratoga-weather.org and let me know the results.

Display .TXT NOAA style forecasts PHP

I needed to safely display a series of .TXT files (NOAA style climate reports) using the overall style of the website. My WeatherLink software produces regular reports (NOAAMO.TXT, NOAAPRMO.TXT, NOAAYR.TXT, NOAAPRYR.TXT) as part of the 5-minute update. I've also produced reports and named them NOAAyyyy.TXT for yearly reports and NOAAyyyy-mm.TXT for monthly reports. These I've uploaded (monthly) to a sub-directory on the website /NOAA-reports.

Version 1.04 (01-Dec-2007) adds a new feature for WeatherLink users to create new NOAAyyyy-mm.TXT and NOAAyyyy.TXT files from the respective NOAAPRMO.TXT and NOAAPRYR.TXT files when the month/year rolls over. It will copy the appropriate file to the $NOAAdir and name it so you have no monthly maintenance to do (except to view the NOAA reports page on the first of each month).

The NOAA-reports.php will read the sub-directory, sort the filenames produce a menu of available names, and display the file requested. It automatically uses NOAAMO.TXT and NOAAYR.TXT (WeatherLink version) for the current monthly and current yearly files. The nice thing about the script is it strictly controls what can be displayed (existing files only, no directory browsing). The following is a live display of WeatherLink produced NOAA style reports for this station.

<?php $doInclude = true; require("NOAA-reports-test.php"); ?>
2017: Jan | Feb | Mar | Apr | May | Jun | Jul | Aug | Sep | Oct | Nov | Dec 
2016: Jan | Feb | Mar | Apr | May | Jun | Jul | Aug | Sep | Oct | Nov | Dec 
2015: Jan | Feb | Mar | Apr | May | Jun | Jul | Aug | Sep | Oct | Nov | Dec 
2014: Jan | Feb | Mar | Apr | May | Jun | Jul | Aug | Sep | Oct | Nov | Dec 
2013: Jan | Feb | Mar | Apr | May | Jun | Jul | Aug | Sep | Oct | Nov | Dec 
2012: Jan | Feb | Mar | Apr | May | Jun | Jul | Aug | Sep | Oct | Nov | Dec 
2011: Jan | Feb | Mar | Apr | May | Jun | Jul | Aug | Sep | Oct | Nov | Dec 
2010: Jan | Feb | Mar | Apr | May | Jun | Jul | Aug | Sep | Oct | Nov | Dec 
2009: Jan | Feb | Mar | Apr | May | Jun | Jul | Aug | Sep | Oct | Nov | Dec 
2008: Jan | Feb | Mar | Apr | May | Jun | Jul | Aug | Sep | Oct | Nov | Dec 
2007: Jan | Feb | Mar | Apr | May | Jun | Jul | Aug | Sep | Oct | Nov | Dec 
2006: Jan | Feb | Mar | Apr | May | Jun | Jul | Aug | Sep | Oct | Nov | Dec 
2005: Jan | Feb | Mar | Apr | May | Jun | Jul | Aug | Sep | Oct | Nov | Dec 
2004: Jan | Feb | Mar | Apr | May | Jun | Jul | Aug | Sep | Oct | Nov | Dec 

Report for 2009 07
MONTHLY CLIMATOLOGICAL SUMMARY for JUL. 2009 NAME: KCASARAT1 CITY: Saratoga STATE: CA ELEV: 375 ft LAT: 37 16' 28" N LONG: 122 01' 23" W TEMPERATURE (F), RAIN (in), WIND SPEED (mph) HEAT COOL AVG MEAN DEG DEG WIND DOM DAY TEMP HIGH TIME LOW TIME DAYS DAYS RAIN SPEED HIGH TIME DIR ------------------------------------------------------------------------------------ 1 68.2 83.0 1:05p 56.9 4:05a 2.4 5.6 0.00 1.2 12.0 3:10p NW 2 69.1 82.8 1:20p 60.7 5:35a 1.5 5.7 0.00 1.1 13.0 3:40p NW 3 67.8 80.9 4:20p 58.7 6:10a 2.2 5.0 0.00 1.1 12.0 1:10p NW 4 66.7 77.7 1:05p 58.3 6:45a 2.3 4.0 0.00 1.3 16.0 3:50p NE 5 64.6 75.3 12:35p 57.2 10:20p 2.7 2.3 0.00 1.4 17.0 3:05p NE 6 63.9 75.3 4:10p 54.8 6:55a 4.0 2.9 0.00 1.2 11.0 1:35p NW 7 63.7 77.0 12:50p 50.4 4:10a 4.8 3.5 0.00 1.2 13.0 4:00p N 8 67.4 84.9 5:05p 51.0 6:20a 3.8 6.2 0.00 1.1 14.0 4:35p NE 9 64.5 76.1 3:05p 51.4 6:20a 4.1 3.6 0.00 1.1 14.0 3:20p NW 10 65.1 78.6 1:05p 49.8 5:50a 4.3 4.4 0.00 0.9 13.0 3:55p NNE 11 65.9 79.6 2:25p 53.8 5:00a 3.2 4.1 0.00 0.6 10.0 5:50p NNE 12 69.1 81.8 2:30p 58.1 4:00a 1.9 6.0 0.00 0.9 12.0 3:35p NNE 13 73.0 95.6 3:30p 51.7 6:20a 3.4 11.4 0.00 1.1 13.0 5:10p NW 14 80.0 99.2 3:50p 60.1 6:15a 0.7 15.7 0.00 1.0 14.0 1:50p NW 15 73.3 88.8 2:45p 59.2 6:25a 0.8 9.1 0.00 0.9 11.0 2:00p N 16 72.3 92.3 4:30p 56.0 6:20a 2.2 9.5 0.00 0.6 8.0 1:25p NNE 17 75.2 94.0 3:20p 58.6 6:30a 1.2 11.4 0.00 0.6 10.0 3:25p NE 18 74.7 94.9 3:50p 59.2 6:30a 0.9 10.6 0.00 0.7 11.0 6:00p N 19 73.9 94.3 4:10p 58.3 6:35a 1.3 10.2 0.00 0.8 12.0 4:35p NNE 20 66.8 77.6 2:00p 57.0 6:20a 2.4 4.2 0.00 1.2 11.0 12:15p NW 21 65.2 79.0 1:30p 58.3 7:05a 3.0 3.2 0.00 1.2 13.0 2:40p NW 22 64.7 75.6 2:25p 58.0 6:25a 3.1 2.8 0.00 1.3 13.0 3:50p N 23 65.0 77.6 12:40p 58.0 3:50a 3.4 3.3 0.00 1.2 12.0 3:35p N 24 64.1 75.6 1:05p 58.4 2:20a 3.3 2.4 0.00 1.3 16.0 1:25p NE 25 67.8 80.9 2:10p 58.9 6:00a 2.3 5.1 0.00 1.0 11.0 2:25p N 26 69.6 90.5 3:00p 56.5 2:20a 3.0 7.6 0.00 0.7 12.0 5:05p N 27 68.8 89.5 3:45p 57.2 3:10a 2.9 6.7 0.00 0.9 11.0 5:55p NW 28 65.7 79.0 2:40p 58.1 5:00a 2.9 3.6 0.00 1.2 11.0 1:15p N 29 67.0 80.1 2:15p 60.2 6:40a 2.0 3.9 0.00 1.4 14.0 3:50p NE 30 66.3 79.0 2:45p 60.9 2:55a 2.0 3.3 0.00 1.3 12.0 3:50p NNE 31 66.6 78.3 2:50p 59.2 6:00a 2.4 4.1 0.00 1.3 12.0 3:00p NNE ------------------------------------------------------------------------------------- 68.3 99.2 14 49.8 10 80.4 181.4 0.00 1.1 17.0 5 NW Max >= 90.0: 7 Max <= 32.0: 0 Min <= 32.0: 0 Min <= 0.0: 0 Max Rain: 0.00 ON 07/01/09 Days of Rain: 0 (>.01 in) 0 (>.1 in) 0 (>1 in) Heat Base: 65.0 Cool Base: 65.0 Method: Integration

Downloads .. please customize for your directory and file naming convention ( WL or VWS).
Download WeatherLink/ VWS version (V1.07 - 11-Aug-2017) [ see version history ]

deformed-offering