deformed-offering

Weather station scripts - NOAA Climate Report display

They're free, but use at your own risk

The scripts referenced here are used in the operation of this weather station, and may be freely copied and used to support your station. Please note that you use these scripts at your own risk. No warranty is expressed or implied. I accept no liability for any damages that may ensue from their use.
You will need to configure them for your own particular weather station website.
RSS feed for Scripts Updates A RSS Feed is available to help keep you informed on updates to the scripts.

If you find one or more of the scripts useful to you, please consider making a donation to help offset the routine expenses of operation of this website.
Thanks for your kind support!

A Version History is available -- check back from time to time to see if there are updates to scripts you have downloaded earlier. Announcements of version updates and new scripts are made on WXForum.net and Weather-Watch forums and saratogaWXPHP Twitter account as they become available.

This page was updated Friday, 11-Aug-2017 10:11 AM

PHP Scripts (run on webserver)

These scripts have run on PHP 4.1.2, and PHP 4.4.1. I don't have access to PHP 3.x, so it is not known if they will work on versions below PHP 4.1.2. If you try them and they work (or not) on earlier versions of PHP, please send me a message at webmaster[at]saratoga-weather.org and let me know the results.

Display .TXT NOAA style forecasts PHP

I needed to safely display a series of .TXT files (NOAA style climate reports) using the overall style of the website. My WeatherLink software produces regular reports (NOAAMO.TXT, NOAAPRMO.TXT, NOAAYR.TXT, NOAAPRYR.TXT) as part of the 5-minute update. I've also produced reports and named them NOAAyyyy.TXT for yearly reports and NOAAyyyy-mm.TXT for monthly reports. These I've uploaded (monthly) to a sub-directory on the website /NOAA-reports.

Version 1.04 (01-Dec-2007) adds a new feature for WeatherLink users to create new NOAAyyyy-mm.TXT and NOAAyyyy.TXT files from the respective NOAAPRMO.TXT and NOAAPRYR.TXT files when the month/year rolls over. It will copy the appropriate file to the $NOAAdir and name it so you have no monthly maintenance to do (except to view the NOAA reports page on the first of each month).

The NOAA-reports.php will read the sub-directory, sort the filenames produce a menu of available names, and display the file requested. It automatically uses NOAAMO.TXT and NOAAYR.TXT (WeatherLink version) for the current monthly and current yearly files. The nice thing about the script is it strictly controls what can be displayed (existing files only, no directory browsing). The following is a live display of WeatherLink produced NOAA style reports for this station.

<?php $doInclude = true; require("NOAA-reports-test.php"); ?>
2017: Jan | Feb | Mar | Apr | May | Jun | Jul | Aug | Sep | Oct | Nov | Dec 
2016: Jan | Feb | Mar | Apr | May | Jun | Jul | Aug | Sep | Oct | Nov | Dec 
2015: Jan | Feb | Mar | Apr | May | Jun | Jul | Aug | Sep | Oct | Nov | Dec 
2014: Jan | Feb | Mar | Apr | May | Jun | Jul | Aug | Sep | Oct | Nov | Dec 
2013: Jan | Feb | Mar | Apr | May | Jun | Jul | Aug | Sep | Oct | Nov | Dec 
2012: Jan | Feb | Mar | Apr | May | Jun | Jul | Aug | Sep | Oct | Nov | Dec 
2011: Jan | Feb | Mar | Apr | May | Jun | Jul | Aug | Sep | Oct | Nov | Dec 
2010: Jan | Feb | Mar | Apr | May | Jun | Jul | Aug | Sep | Oct | Nov | Dec 
2009: Jan | Feb | Mar | Apr | May | Jun | Jul | Aug | Sep | Oct | Nov | Dec 
2008: Jan | Feb | Mar | Apr | May | Jun | Jul | Aug | Sep | Oct | Nov | Dec 
2007: Jan | Feb | Mar | Apr | May | Jun | Jul | Aug | Sep | Oct | Nov | Dec 
2006: Jan | Feb | Mar | Apr | May | Jun | Jul | Aug | Sep | Oct | Nov | Dec 
2005: Jan | Feb | Mar | Apr | May | Jun | Jul | Aug | Sep | Oct | Nov | Dec 
2004: Jan | Feb | Mar | Apr | May | Jun | Jul | Aug | Sep | Oct | Nov | Dec 

Report for 2009 06
MONTHLY CLIMATOLOGICAL SUMMARY for JUN. 2009 NAME: KCASARAT1 CITY: Saratoga STATE: CA ELEV: 375 ft LAT: 37 16' 28" N LONG: 122 01' 23" W TEMPERATURE (F), RAIN (in), WIND SPEED (mph) HEAT COOL AVG MEAN DEG DEG WIND DOM DAY TEMP HIGH TIME LOW TIME DAYS DAYS RAIN SPEED HIGH TIME DIR ------------------------------------------------------------------------------------ 1 63.2 75.3 1:50p 55.7 6:05a 4.0 2.3 0.00 1.2 13.0 2:40p N 2 64.6 74.6 3:00p 57.5 3:00a 3.0 2.6 0.01 1.2 13.0 1:20p N 3 64.4 75.8 1:35p 55.6 6:00a 3.7 3.1 0.00 1.2 16.0 2:20p NNW 4 61.6 71.8 1:50p 57.0 4:50a 4.4 1.0 0.00 1.1 14.0 3:40p NW 5 62.2 73.7 3:25p 54.1 2:10a 3.9 1.1 0.00 0.8 13.0 3:50p N 6 62.6 72.3 2:45p 52.2 6:20a 4.1 1.8 0.00 1.1 12.0 2:25p NE 7 62.1 73.5 2:35p 50.5 5:40a 5.1 2.2 0.00 1.2 14.0 5:40p NW 8 60.6 70.1 2:00p 51.7 5:05a 5.4 1.1 0.00 1.3 14.0 2:35p NW 9 62.8 73.2 12:05p 53.5 1:55a 4.2 2.1 0.00 1.3 14.0 1:05p WSW 10 63.7 76.3 3:15p 58.0 6:25a 2.8 1.5 0.00 1.0 14.0 5:30p NW 11 62.5 74.0 4:55p 54.2 3:45a 4.4 1.9 0.00 1.0 17.0 3:35p NW 12 62.1 73.9 1:45p 51.7 4:00a 4.8 1.9 0.00 1.3 16.0 4:20p NW 13 65.0 75.3 6:10p 59.0 12:00m 2.2 2.2 0.00 0.9 12.0 12:30p NW 14 63.4 74.0 2:15p 53.9 5:55a 3.8 2.2 0.00 1.2 18.0 3:00p N 15 61.1 69.8 3:00p 52.5 5:50a 4.5 0.6 0.00 0.6 10.0 1:10p NNE 16 64.2 76.8 1:50p 55.7 4:30a 3.5 2.8 0.00 1.1 13.0 3:10p NE 17 65.3 74.4 5:10p 56.5 6:20a 2.6 2.9 0.00 1.3 16.0 1:55p NE 18 70.8 88.4 2:40p 55.6 6:10a 2.6 8.4 0.00 0.9 12.0 1:25p NE 19 68.9 85.1 4:50p 55.7 6:00a 2.7 6.6 0.00 1.0 13.0 5:55p W 20 61.8 76.5 1:55p 53.8 5:50a 5.3 2.0 0.00 1.9 20.0 3:50p W 21 63.9 76.7 4:10p 50.8 6:10a 4.6 3.4 0.00 1.3 14.0 4:25p N 22 69.3 87.4 4:05p 51.7 6:15a 3.6 7.8 0.00 1.3 16.0 2:00p NW 23 72.6 91.2 2:55p 54.5 6:05a 2.5 10.2 0.00 0.8 13.0 12:40p NE 24 69.9 86.3 1:45p 55.7 6:15a 2.0 6.9 0.00 0.9 12.0 3:40p NE 25 66.7 83.2 3:05p 54.2 6:05a 3.4 5.1 0.00 1.0 12.0 3:45p N 26 67.2 84.9 2:40p 49.8 6:20a 4.2 6.4 0.00 1.0 13.0 4:35p NW 27 78.0 101.5 5:10p 55.7 5:50a 1.8 14.8 0.00 0.8 13.0 2:45p NW 28 81.8 99.9 3:05p 64.8 6:15a 0.0 16.8 0.00 0.6 11.0 1:50p N 29 75.0 89.5 3:30p 60.1 6:15a 0.5 10.5 0.00 0.8 11.0 4:35p NW 30 69.9 86.1 3:00p 56.2 6:05a 2.1 7.0 0.00 1.0 14.0 3:15p N ------------------------------------------------------------------------------------- 66.2 101.5 27 49.8 26 101.7 139.2 0.01 1.1 20.0 20 NW Max >= 90.0: 3 Max <= 32.0: 0 Min <= 32.0: 0 Min <= 0.0: 0 Max Rain: 0.01 ON 06/02/09 Days of Rain: 0 (>.01 in) 0 (>.1 in) 0 (>1 in) Heat Base: 65.0 Cool Base: 65.0 Method: Integration

Downloads .. please customize for your directory and file naming convention ( WL or VWS).
Download WeatherLink/ VWS version (V1.07 - 11-Aug-2017) [ see version history ]

deformed-offering