deformed-offering

Weather station scripts - NOAA Climate Report display

They're free, but use at your own risk

The scripts referenced here are used in the operation of this weather station, and may be freely copied and used to support your station. Please note that you use these scripts at your own risk. No warranty is expressed or implied. I accept no liability for any damages that may ensue from their use.
You will need to configure them for your own particular weather station website.
RSS feed for Scripts Updates A RSS Feed is available to help keep you informed on updates to the scripts.

If you find one or more of the scripts useful to you, please consider making a donation to help offset the routine expenses of operation of this website.
Thanks for your kind support!

A Version History is available -- check back from time to time to see if there are updates to scripts you have downloaded earlier. Announcements of version updates and new scripts are made on WXForum.net and Weather-Watch forums and saratogaWXPHP Twitter account as they become available.

This page was updated Friday, 11-Aug-2017 10:11 AM

PHP Scripts (run on webserver)

These scripts have run on PHP 4.1.2, and PHP 4.4.1. I don't have access to PHP 3.x, so it is not known if they will work on versions below PHP 4.1.2. If you try them and they work (or not) on earlier versions of PHP, please send me a message at webmaster[at]saratoga-weather.org and let me know the results.

Display .TXT NOAA style forecasts PHP

I needed to safely display a series of .TXT files (NOAA style climate reports) using the overall style of the website. My WeatherLink software produces regular reports (NOAAMO.TXT, NOAAPRMO.TXT, NOAAYR.TXT, NOAAPRYR.TXT) as part of the 5-minute update. I've also produced reports and named them NOAAyyyy.TXT for yearly reports and NOAAyyyy-mm.TXT for monthly reports. These I've uploaded (monthly) to a sub-directory on the website /NOAA-reports.

Version 1.04 (01-Dec-2007) adds a new feature for WeatherLink users to create new NOAAyyyy-mm.TXT and NOAAyyyy.TXT files from the respective NOAAPRMO.TXT and NOAAPRYR.TXT files when the month/year rolls over. It will copy the appropriate file to the $NOAAdir and name it so you have no monthly maintenance to do (except to view the NOAA reports page on the first of each month).

The NOAA-reports.php will read the sub-directory, sort the filenames produce a menu of available names, and display the file requested. It automatically uses NOAAMO.TXT and NOAAYR.TXT (WeatherLink version) for the current monthly and current yearly files. The nice thing about the script is it strictly controls what can be displayed (existing files only, no directory browsing). The following is a live display of WeatherLink produced NOAA style reports for this station.

<?php $doInclude = true; require("NOAA-reports-test.php"); ?>
2017: Jan | Feb | Mar | Apr | May | Jun | Jul | Aug | Sep | Oct | Nov | Dec 
2016: Jan | Feb | Mar | Apr | May | Jun | Jul | Aug | Sep | Oct | Nov | Dec 
2015: Jan | Feb | Mar | Apr | May | Jun | Jul | Aug | Sep | Oct | Nov | Dec 
2014: Jan | Feb | Mar | Apr | May | Jun | Jul | Aug | Sep | Oct | Nov | Dec 
2013: Jan | Feb | Mar | Apr | May | Jun | Jul | Aug | Sep | Oct | Nov | Dec 
2012: Jan | Feb | Mar | Apr | May | Jun | Jul | Aug | Sep | Oct | Nov | Dec 
2011: Jan | Feb | Mar | Apr | May | Jun | Jul | Aug | Sep | Oct | Nov | Dec 
2010: Jan | Feb | Mar | Apr | May | Jun | Jul | Aug | Sep | Oct | Nov | Dec 
2009: Jan | Feb | Mar | Apr | May | Jun | Jul | Aug | Sep | Oct | Nov | Dec 
2008: Jan | Feb | Mar | Apr | May | Jun | Jul | Aug | Sep | Oct | Nov | Dec 
2007: Jan | Feb | Mar | Apr | May | Jun | Jul | Aug | Sep | Oct | Nov | Dec 
2006: Jan | Feb | Mar | Apr | May | Jun | Jul | Aug | Sep | Oct | Nov | Dec 
2005: Jan | Feb | Mar | Apr | May | Jun | Jul | Aug | Sep | Oct | Nov | Dec 
2004: Jan | Feb | Mar | Apr | May | Jun | Jul | Aug | Sep | Oct | Nov | Dec 

Report for 2009 04
MONTHLY CLIMATOLOGICAL SUMMARY for APR. 2009 NAME: KCASARAT1 CITY: Saratoga STATE: CA ELEV: 375 ft LAT: 37 16' 28" N LONG: 122 01' 23" W TEMPERATURE (F), RAIN (in), WIND SPEED (mph) HEAT COOL AVG MEAN DEG DEG WIND DOM DAY TEMP HIGH TIME LOW TIME DAYS DAYS RAIN SPEED HIGH TIME DIR ------------------------------------------------------------------------------------ 1 57.6 73.7 3:55p 44.5 6:50a 8.7 1.3 0.00 1.3 17.0 12:05p NW 2 52.8 67.9 2:30p 42.1 7:10a 12.3 0.1 0.00 1.6 21.0 12:40p NW 3 51.8 64.2 3:05p 43.2 12:00m 13.2 0.0 0.00 1.8 16.0 9:15a NW 4 53.1 69.1 3:40p 37.6 6:50a 12.4 0.5 0.00 0.7 12.0 10:10a NW 5 59.5 79.9 3:50p 40.1 6:50a 9.4 3.9 0.00 1.1 16.0 2:00p E 6 62.7 84.1 3:20p 45.2 6:30a 7.1 4.8 0.00 0.7 13.0 5:20p NE 7 54.1 60.7 5:35p 50.1 1:55a 10.9 0.0 0.20 1.3 21.0 4:15p ESE 8 54.3 66.4 3:55p 47.3 5:20a 10.7 0.0 0.00 0.7 14.0 1:50p S 9 52.4 57.0 1:10p 48.0 1:05a 12.6 0.0 0.05 0.6 12.0 1:55p ESE 10 51.2 61.0 4:30p 45.7 7:10a 13.8 0.0 0.01 0.9 24.0 5:15p W 11 52.3 65.3 3:15p 40.8 4:50a 12.7 0.0 0.00 0.7 16.0 4:25p W 12 57.7 69.4 5:45p 46.4 3:50a 8.2 0.8 0.00 0.9 14.0 1:50p NW 13 55.5 69.3 5:00p 45.7 6:45a 10.0 0.5 0.00 0.9 12.0 1:25p WSW 14 48.5 57.8 2:35p 38.8 6:45a 16.5 0.0 0.00 3.8 27.0 4:45p NW 15 48.9 61.6 2:15p 37.0 5:55a 16.1 0.0 0.00 1.9 19.0 5:05p W 16 52.4 66.0 2:40p 39.2 6:55a 12.7 0.0 0.00 0.8 13.0 3:35p NE 17 58.2 76.0 3:45p 40.6 6:45a 9.4 2.6 0.00 1.3 16.0 3:05p NW 18 64.1 82.8 3:25p 47.0 4:00a 6.3 5.4 0.00 1.1 16.0 3:50p NW 19 72.2 91.6 4:25p 53.1 6:20a 3.3 10.4 0.00 0.5 11.0 3:50p NW 20 76.9 95.9 3:45p 56.9 6:45a 1.4 13.3 0.00 0.6 12.0 4:55p NW 21 78.0 95.1 4:40p 59.9 6:00a 0.7 13.7 0.00 0.7 12.0 3:15p NW 22 71.2 87.2 2:05p 57.0 12:00m 1.5 7.7 0.00 1.0 16.0 2:35p NNE 23 59.8 72.1 1:40p 52.3 6:40a 6.2 1.0 0.00 1.1 13.0 2:55p NW 24 54.1 64.2 3:00p 46.8 10:55p 10.9 0.0 0.00 1.0 16.0 12:30p W 25 52.9 67.3 3:55p 41.9 6:30a 12.2 0.1 0.00 0.8 16.0 1:50p W 26 53.9 69.1 1:55p 41.5 5:10a 11.6 0.4 0.00 1.1 13.0 3:40p ENE 27 50.5 56.6 3:25p 46.8 12:10a 14.5 0.0 0.00 1.3 16.0 1:45p W 28 52.1 62.6 4:55p 45.1 12:00m 12.9 0.0 0.00 1.2 13.0 10:25a NW 29 51.4 63.4 3:50p 39.8 6:45a 13.6 0.0 0.00 1.6 17.0 3:20p NW 30 55.3 69.3 5:00p 41.2 6:25a 10.3 0.5 0.00 0.9 11.0 1:40p NW ------------------------------------------------------------------------------------- 57.2 95.9 20 37.0 15 302.1 67.0 0.26 1.1 27.0 14 NW Max >= 90.0: 3 Max <= 32.0: 0 Min <= 32.0: 0 Min <= 0.0: 0 Max Rain: 0.20 ON 04/07/09 Days of Rain: 2 (>.01 in) 1 (>.1 in) 0 (>1 in) Heat Base: 65.0 Cool Base: 65.0 Method: Integration

Downloads .. please customize for your directory and file naming convention ( WL or VWS).
Download WeatherLink/ VWS version (V1.07 - 11-Aug-2017) [ see version history ]

deformed-offering