They're free, but use at your own risk
The scripts referenced here are used in the operation of this weather station, and may be freely copied and used to support your station. Please note that you use these scripts at your own risk. No warranty is expressed or implied. I accept no liability for any damages that may ensue from their use.
You will need to configure them for your own particular weather station website.
A RSS Feed is available to help keep you informed on updates to the scripts.
Many of these scripts are now available on GitHub at https://github.com/ktrue
A Version History is available -- check back from time to time to see if there are updates to scripts you have downloaded earlier.
Announcements of version updates and new scripts are made on
WXForum.net and
Weather-Watch forums
and saratogaWXPHP Twitter account as they become available.
Note: Twitter widget has been disabled 3-Jul-2023 since it no longer displays the recent update Tweets.
This page was updated
Friday, 11-Aug-2017 10:11 AM
PHP Scripts (run on webserver)
These scripts have run on PHP 4.1.2, and PHP 4.4.1. I don't have access to PHP 3.x, so it is not known if they will work on versions below PHP 4.1.2. If you try them and they work (or not) on earlier versions of PHP, please send me a message at webmaster[at]saratoga-weather.org and let me know the results.
Display .TXT NOAA style forecasts PHP
I needed to safely display a series of .TXT files (NOAA style climate reports) using the overall style of the website. My WeatherLink software produces regular reports (NOAAMO.TXT, NOAAPRMO.TXT, NOAAYR.TXT, NOAAPRYR.TXT) as part of the 5-minute update. I've also produced reports and named them NOAAyyyy.TXT for yearly reports and NOAAyyyy-mm.TXT for monthly reports. These I've uploaded (monthly) to a sub-directory on the website /NOAA-reports.
Version 1.04 (01-Dec-2007) adds a new feature for WeatherLink users to create new NOAAyyyy-mm.TXT and NOAAyyyy.TXT files from the respective NOAAPRMO.TXT and NOAAPRYR.TXT files when the month/year rolls over. It will copy the appropriate file to the $NOAAdir and name it so you have no monthly maintenance to do (except to view the NOAA reports page on the first of each month).
The NOAA-reports.php will read the sub-directory, sort the filenames produce a menu of available names, and display the file requested. It automatically uses NOAAMO.TXT and NOAAYR.TXT (WeatherLink version) for the current monthly and current yearly files. The nice thing about the script is it strictly controls what can be displayed (existing files only, no directory browsing). The following is a live display of WeatherLink produced NOAA style reports for this station.
<?php $doInclude = true; require("NOAA-reports-test.php"); ?>
2024: Jan | Feb | Mar | Apr | May | Jun | Jul | Aug | Sep | Oct | Nov | Dec
2023: Jan | Feb | Mar | Apr | May | Jun | Jul | Aug | Sep | Oct | Nov | Dec
2022: Jan | Feb | Mar | Apr | May | Jun | Jul | Aug | Sep | Oct | Nov | Dec
2021: Jan | Feb | Mar | Apr | May | Jun | Jul | Aug | Sep | Oct | Nov | Dec
2020: Jan | Feb | Mar | Apr | May | Jun | Jul | Aug | Sep | Oct | Nov | Dec
2019: Jan | Feb | Mar | Apr | May | Jun | Jul | Aug | Sep | Oct | Nov | Dec
2018: Jan | Feb | Mar | Apr | May | Jun | Jul | Aug | Sep | Oct | Nov | Dec
2017: Jan | Feb | Mar | Apr | May | Jun | Jul | Aug | Sep | Oct | Nov | Dec
2016: Jan | Feb | Mar | Apr | May | Jun | Jul | Aug | Sep | Oct | Nov | Dec
2015: Jan | Feb | Mar | Apr | May | Jun | Jul | Aug | Sep | Oct | Nov | Dec
2014: Jan | Feb | Mar | Apr | May | Jun | Jul | Aug | Sep | Oct | Nov | Dec
2013: Jan | Feb | Mar | Apr | May | Jun | Jul | Aug | Sep | Oct | Nov | Dec
2012: Jan | Feb | Mar | Apr | May | Jun | Jul | Aug | Sep | Oct | Nov | Dec
2011: Jan | Feb | Mar | Apr | May | Jun | Jul | Aug | Sep | Oct | Nov | Dec
2010: Jan | Feb | Mar | Apr | May | Jun | Jul | Aug | Sep | Oct | Nov | Dec
2009: Jan | Feb | Mar | Apr | May | Jun | Jul | Aug | Sep | Oct | Nov | Dec
2008: Jan | Feb | Mar | Apr | May | Jun | Jul | Aug | Sep | Oct | Nov | Dec
2007: Jan | Feb | Mar | Apr | May | Jun | Jul | Aug | Sep | Oct | Nov | Dec
2006: Jan | Feb | Mar | Apr | May | Jun | Jul | Aug | Sep | Oct | Nov | Dec
2005: Jan | Feb | Mar | Apr | May | Jun | Jul | Aug | Sep | Oct | Nov | Dec
2004: Jan | Feb | Mar | Apr | May | Jun | Jul | Aug | Sep | Oct | Nov | Dec
Report for 2009 02
MONTHLY CLIMATOLOGICAL SUMMARY for FEB. 2009
NAME: KCASARAT1 CITY: Saratoga STATE: CA
ELEV: 375 ft LAT: 37° 16' 28" N LONG: 122° 01' 23" W
TEMPERATURE (°F), RAIN (in), WIND SPEED (mph)
HEAT COOL AVG
MEAN DEG DEG WIND DOM
DAY TEMP HIGH TIME LOW TIME DAYS DAYS RAIN SPEED HIGH TIME DIR
------------------------------------------------------------------------------------
1 54.1 67.8 4:05p 40.9 3:20a 11.2 0.3 0.00 0.9 12.0 10:15a W
2 52.6 71.1 2:00p 38.2 7:10a 13.5 1.1 0.00 0.2 6.0 11:30a W
3 54.3 76.8 2:40p 39.6 7:05a 12.4 1.7 0.00 0.2 8.0 3:35p NW
4 53.5 69.1 2:55p 38.6 7:25a 11.8 0.3 0.00 0.5 14.0 11:45p NE
5 52.9 57.8 3:25p 48.8 6:55a 12.1 0.0 0.16 1.4 17.0 1:50a SSE
6 51.3 53.9 1:55p 49.8 11:15p 13.7 0.0 1.08 0.5 10.0 5:35a ESE
7 52.3 63.2 3:20p 44.2 11:50p 12.7 0.0 0.00 0.5 12.0 3:30p NW
8 47.2 57.5 12:15p 39.5 6:55a 17.8 0.0 0.14 0.9 16.0 12:00p ESE
9 44.7 53.1 2:15p 39.3 5:45a 20.3 0.0 0.01 2.4 22.0 1:20p NW
10 45.4 55.7 12:30p 33.8 7:15a 19.6 0.0 0.06 1.3 20.0 10:10p SW
11 46.2 53.6 1:40p 39.5 6:55a 18.8 0.0 0.18 0.8 14.0 2:35p E
12 47.0 55.1 3:25p 41.8 12:15a 18.0 0.0 0.04 0.4 12.0 11:50p ESE
13 46.1 53.5 1:20p 42.1 7:40a 18.9 0.0 0.71 1.4 19.0 11:55a ESE
14 46.4 52.0 2:00p 39.2 4:35a 18.6 0.0 0.06 2.3 21.0 5:35p ESE
15 47.5 49.5 2:30a 45.5 6:20a 17.5 0.0 4.09 3.1 33.0 10:50a SE
16 47.3 54.1 2:40p 44.3 4:20a 17.7 0.0 1.12 2.3 22.0 2:30p ESE
17 48.4 53.5 3:50p 43.6 10:50p 16.6 0.0 1.22 1.7 21.0 5:20a SSW
18 49.6 62.3 2:15p 38.9 6:50a 15.4 0.0 0.00 0.5 12.0 12:25p E
19 50.9 66.9 1:20p 38.3 7:10a 14.2 0.2 0.01 0.7 16.0 3:15p S
20 52.3 65.6 1:15p 41.3 4:20a 12.7 0.0 0.00 0.4 8.0 1:25p S
21 53.5 62.9 1:55p 44.2 3:10a 11.5 0.0 0.05 1.7 21.0 7:00p ESE
22 56.0 58.7 1:45p 53.6 2:35a 9.0 0.0 0.56 2.7 34.0 2:00p ESE
23 55.5 57.6 5:00a 54.1 9:00p 9.5 0.0 0.25 2.5 24.0 4:50a ESE
24 54.8 62.1 2:20p 49.5 10:10p 10.2 0.0 0.05 0.6 12.0 12:10a NW
25 55.0 65.2 11:35a 47.4 3:50a 10.0 0.0 0.00 1.3 16.0 3:15p SSW
26 54.4 61.8 10:25a 43.8 12:00m 10.6 0.0 0.02 1.2 12.0 1:20a NW
27 49.0 62.4 1:55p 38.2 6:50a 16.0 0.0 0.01 0.5 10.0 2:00p NW
28 56.4 73.0 3:15p 45.2 12:25a 9.4 0.8 0.00 0.6 18.0 4:35p ESE
-------------------------------------------------------------------------------------
50.9 76.8 3 33.8 10 399.7 4.4 9.82 1.2 34.0 22 ESE
Max >= 90.0: 0
Max <= 32.0: 0
Min <= 32.0: 0
Min <= 0.0: 0
Max Rain: 4.09 ON 02/15/09
Days of Rain: 16 (>.01 in) 10 (>.1 in) 4 (>1 in)
Heat Base: 65.0 Cool Base: 65.0 Method: Integration
Downloads .. please customize for your directory and file naming convention ( WL or VWS).
Download WeatherLink/ VWS version (V1.07 - 11-Aug-2017) [ see version history ]