deformed-offering

Weather station scripts - NOAA Climate Report display

They're free, but use at your own risk

The scripts referenced here are used in the operation of this weather station, and may be freely copied and used to support your station. Please note that you use these scripts at your own risk. No warranty is expressed or implied. I accept no liability for any damages that may ensue from their use.
You will need to configure them for your own particular weather station website.
RSS feed for Scripts Updates A RSS Feed is available to help keep you informed on updates to the scripts.

If you find one or more of the scripts useful to you, please consider making a donation to help offset the routine expenses of operation of this website.
Thanks for your kind support!

A Version History is available -- check back from time to time to see if there are updates to scripts you have downloaded earlier. Announcements of version updates and new scripts are made on WXForum.net and Weather-Watch forums and saratogaWXPHP Twitter account as they become available.

This page was updated Friday, 11-Aug-2017 10:11 AM

PHP Scripts (run on webserver)

These scripts have run on PHP 4.1.2, and PHP 4.4.1. I don't have access to PHP 3.x, so it is not known if they will work on versions below PHP 4.1.2. If you try them and they work (or not) on earlier versions of PHP, please send me a message at webmaster[at]saratoga-weather.org and let me know the results.

Display .TXT NOAA style forecasts PHP

I needed to safely display a series of .TXT files (NOAA style climate reports) using the overall style of the website. My WeatherLink software produces regular reports (NOAAMO.TXT, NOAAPRMO.TXT, NOAAYR.TXT, NOAAPRYR.TXT) as part of the 5-minute update. I've also produced reports and named them NOAAyyyy.TXT for yearly reports and NOAAyyyy-mm.TXT for monthly reports. These I've uploaded (monthly) to a sub-directory on the website /NOAA-reports.

Version 1.04 (01-Dec-2007) adds a new feature for WeatherLink users to create new NOAAyyyy-mm.TXT and NOAAyyyy.TXT files from the respective NOAAPRMO.TXT and NOAAPRYR.TXT files when the month/year rolls over. It will copy the appropriate file to the $NOAAdir and name it so you have no monthly maintenance to do (except to view the NOAA reports page on the first of each month).

The NOAA-reports.php will read the sub-directory, sort the filenames produce a menu of available names, and display the file requested. It automatically uses NOAAMO.TXT and NOAAYR.TXT (WeatherLink version) for the current monthly and current yearly files. The nice thing about the script is it strictly controls what can be displayed (existing files only, no directory browsing). The following is a live display of WeatherLink produced NOAA style reports for this station.

<?php $doInclude = true; require("NOAA-reports-test.php"); ?>
2017: Jan | Feb | Mar | Apr | May | Jun | Jul | Aug | Sep | Oct | Nov | Dec 
2016: Jan | Feb | Mar | Apr | May | Jun | Jul | Aug | Sep | Oct | Nov | Dec 
2015: Jan | Feb | Mar | Apr | May | Jun | Jul | Aug | Sep | Oct | Nov | Dec 
2014: Jan | Feb | Mar | Apr | May | Jun | Jul | Aug | Sep | Oct | Nov | Dec 
2013: Jan | Feb | Mar | Apr | May | Jun | Jul | Aug | Sep | Oct | Nov | Dec 
2012: Jan | Feb | Mar | Apr | May | Jun | Jul | Aug | Sep | Oct | Nov | Dec 
2011: Jan | Feb | Mar | Apr | May | Jun | Jul | Aug | Sep | Oct | Nov | Dec 
2010: Jan | Feb | Mar | Apr | May | Jun | Jul | Aug | Sep | Oct | Nov | Dec 
2009: Jan | Feb | Mar | Apr | May | Jun | Jul | Aug | Sep | Oct | Nov | Dec 
2008: Jan | Feb | Mar | Apr | May | Jun | Jul | Aug | Sep | Oct | Nov | Dec 
2007: Jan | Feb | Mar | Apr | May | Jun | Jul | Aug | Sep | Oct | Nov | Dec 
2006: Jan | Feb | Mar | Apr | May | Jun | Jul | Aug | Sep | Oct | Nov | Dec 
2005: Jan | Feb | Mar | Apr | May | Jun | Jul | Aug | Sep | Oct | Nov | Dec 
2004: Jan | Feb | Mar | Apr | May | Jun | Jul | Aug | Sep | Oct | Nov | Dec 

Report for 2008 09
MONTHLY CLIMATOLOGICAL SUMMARY for SEP. 2008 NAME: KCASARAT1 CITY: Saratoga STATE: CA ELEV: 375 ft LAT: 37 16' 28" N LONG: 122 01' 23" W TEMPERATURE (F), RAIN (in), WIND SPEED (mph) HEAT COOL AVG MEAN DEG DEG WIND DOM DAY TEMP HIGH TIME LOW TIME DAYS DAYS RAIN SPEED HIGH TIME DIR ------------------------------------------------------------------------------------ 1 68.8 85.7 4:10p 52.6 2:10a 3.3 7.1 0.00 1.5 17.0 2:10p NW 2 72.6 92.9 4:20p 53.8 6:15a 2.8 10.3 0.00 0.9 12.0 1:10p NW 3 74.8 97.5 3:05p 55.3 7:00a 2.1 11.9 0.00 0.8 11.0 3:50p NW 4 77.4 99.0 3:45p 58.7 6:55a 1.2 13.7 0.00 0.8 12.0 3:15p NW 5 77.6 100.7 3:50p 59.0 7:00a 0.7 13.3 0.00 0.7 11.0 5:50p NE 6 76.8 98.7 2:50p 58.4 6:45a 0.9 12.8 0.00 0.6 10.0 12:30p NE 7 71.6 89.7 12:35p 58.0 12:00m 1.6 8.2 0.00 0.9 10.0 1:20p N 8 65.9 82.2 2:20p 56.5 7:20a 3.2 4.1 0.00 0.9 12.0 3:50p N 9 64.7 79.0 3:30p 56.7 12:00m 3.5 3.2 0.00 1.4 14.0 1:40p ESE 10 63.4 79.0 3:10p 52.6 2:45a 4.6 3.0 0.00 0.9 11.0 4:20p NW 11 65.4 81.2 2:35p 56.6 12:50a 3.6 4.0 0.00 0.8 11.0 3:15p NW 12 63.2 76.1 3:05p 56.9 6:35a 4.0 2.3 0.00 0.9 12.0 4:20p SW 13 63.4 78.5 3:10p 55.3 11:40p 4.3 2.7 0.00 0.9 10.0 3:25p NW 14 63.6 78.6 3:15p 56.0 12:05a 4.3 2.9 0.00 0.7 11.0 2:25p NW 15 62.7 78.6 3:40p 53.3 2:35a 5.2 2.9 0.00 0.7 8.0 1:10p NE 16 61.7 73.3 2:25p 55.4 12:10a 4.9 1.6 0.00 0.9 11.0 2:35p NW 17 61.1 73.3 2:00p 51.1 11:45p 5.4 1.5 0.00 1.2 13.0 2:20p NW 18 58.7 71.8 1:25p 47.4 6:50a 7.6 1.3 0.00 1.0 12.0 2:55p NW 19 62.8 79.4 3:15p 48.0 6:25a 5.5 3.3 0.00 1.0 17.0 5:15p SSW 20 64.4 74.7 3:05p 55.1 12:00m 2.4 1.8 0.00 1.3 14.0 3:35p NW 21 61.2 76.8 2:05p 50.8 6:25a 6.1 2.3 0.00 0.7 12.0 2:30p NW 22 65.2 84.5 2:55p 48.8 5:50a 5.8 6.0 0.00 1.1 16.0 3:35p NW 23 68.8 89.3 3:10p 51.7 6:15a 4.1 7.9 0.00 0.6 10.0 2:25p NW 24 68.9 88.2 2:30p 53.5 6:55a 3.4 7.3 0.00 0.6 10.0 1:50p NNE 25 69.1 88.8 2:55p 53.9 6:55a 3.3 7.5 0.00 0.6 11.0 4:10p N 26 69.6 86.7 3:00p 57.2 6:55a 2.4 7.0 0.00 0.7 11.0 3:10p N 27 70.2 91.8 4:00p 54.5 6:50a 3.0 8.2 0.00 0.5 8.0 1:45p NNW 28 66.9 83.6 1:20p 54.8 7:05a 3.3 5.2 0.00 0.7 11.0 4:15p NNE 29 64.0 76.3 2:30p 56.0 12:00m 3.4 2.4 0.00 0.8 12.0 4:25p NW 30 65.2 81.6 3:45p 53.1 4:35a 4.1 4.3 0.00 0.4 8.0 2:45p NNW ------------------------------------------------------------------------------------- 67.0 100.7 5 47.4 18 110.0 170.0 0.00 0.9 17.0 1 NW Max >= 90.0: 6 Max <= 32.0: 0 Min <= 32.0: 0 Min <= 0.0: 0 Max Rain: 0.00 ON 09/01/08 Days of Rain: 0 (>.01 in) 0 (>.1 in) 0 (>1 in) Heat Base: 65.0 Cool Base: 65.0 Method: Integration

Downloads .. please customize for your directory and file naming convention ( WL or VWS).
Download WeatherLink/ VWS version (V1.07 - 11-Aug-2017) [ see version history ]

deformed-offering