deformed-offering

Weather station scripts - NOAA Climate Report display

They're free, but use at your own risk

The scripts referenced here are used in the operation of this weather station, and may be freely copied and used to support your station. Please note that you use these scripts at your own risk. No warranty is expressed or implied. I accept no liability for any damages that may ensue from their use.
You will need to configure them for your own particular weather station website.
RSS feed for Scripts Updates A RSS Feed is available to help keep you informed on updates to the scripts.

If you find one or more of the scripts useful to you, please consider making a donation to help offset the routine expenses of operation of this website.
Thanks for your kind support!

A Version History is available -- check back from time to time to see if there are updates to scripts you have downloaded earlier. Announcements of version updates and new scripts are made on WXForum.net and Weather-Watch forums and saratogaWXPHP Twitter account as they become available.

This page was updated Friday, 11-Aug-2017 10:11 AM

PHP Scripts (run on webserver)

These scripts have run on PHP 4.1.2, and PHP 4.4.1. I don't have access to PHP 3.x, so it is not known if they will work on versions below PHP 4.1.2. If you try them and they work (or not) on earlier versions of PHP, please send me a message at webmaster[at]saratoga-weather.org and let me know the results.

Display .TXT NOAA style forecasts PHP

I needed to safely display a series of .TXT files (NOAA style climate reports) using the overall style of the website. My WeatherLink software produces regular reports (NOAAMO.TXT, NOAAPRMO.TXT, NOAAYR.TXT, NOAAPRYR.TXT) as part of the 5-minute update. I've also produced reports and named them NOAAyyyy.TXT for yearly reports and NOAAyyyy-mm.TXT for monthly reports. These I've uploaded (monthly) to a sub-directory on the website /NOAA-reports.

Version 1.04 (01-Dec-2007) adds a new feature for WeatherLink users to create new NOAAyyyy-mm.TXT and NOAAyyyy.TXT files from the respective NOAAPRMO.TXT and NOAAPRYR.TXT files when the month/year rolls over. It will copy the appropriate file to the $NOAAdir and name it so you have no monthly maintenance to do (except to view the NOAA reports page on the first of each month).

The NOAA-reports.php will read the sub-directory, sort the filenames produce a menu of available names, and display the file requested. It automatically uses NOAAMO.TXT and NOAAYR.TXT (WeatherLink version) for the current monthly and current yearly files. The nice thing about the script is it strictly controls what can be displayed (existing files only, no directory browsing). The following is a live display of WeatherLink produced NOAA style reports for this station.

<?php $doInclude = true; require("NOAA-reports-test.php"); ?>
2017: Jan | Feb | Mar | Apr | May | Jun | Jul | Aug | Sep | Oct | Nov | Dec 
2016: Jan | Feb | Mar | Apr | May | Jun | Jul | Aug | Sep | Oct | Nov | Dec 
2015: Jan | Feb | Mar | Apr | May | Jun | Jul | Aug | Sep | Oct | Nov | Dec 
2014: Jan | Feb | Mar | Apr | May | Jun | Jul | Aug | Sep | Oct | Nov | Dec 
2013: Jan | Feb | Mar | Apr | May | Jun | Jul | Aug | Sep | Oct | Nov | Dec 
2012: Jan | Feb | Mar | Apr | May | Jun | Jul | Aug | Sep | Oct | Nov | Dec 
2011: Jan | Feb | Mar | Apr | May | Jun | Jul | Aug | Sep | Oct | Nov | Dec 
2010: Jan | Feb | Mar | Apr | May | Jun | Jul | Aug | Sep | Oct | Nov | Dec 
2009: Jan | Feb | Mar | Apr | May | Jun | Jul | Aug | Sep | Oct | Nov | Dec 
2008: Jan | Feb | Mar | Apr | May | Jun | Jul | Aug | Sep | Oct | Nov | Dec 
2007: Jan | Feb | Mar | Apr | May | Jun | Jul | Aug | Sep | Oct | Nov | Dec 
2006: Jan | Feb | Mar | Apr | May | Jun | Jul | Aug | Sep | Oct | Nov | Dec 
2005: Jan | Feb | Mar | Apr | May | Jun | Jul | Aug | Sep | Oct | Nov | Dec 
2004: Jan | Feb | Mar | Apr | May | Jun | Jul | Aug | Sep | Oct | Nov | Dec 

Report for 2008 08
MONTHLY CLIMATOLOGICAL SUMMARY for AUG. 2008 NAME: KCASARAT1 CITY: Saratoga STATE: CA ELEV: 375 ft LAT: 37 16' 28" N LONG: 122 01' 23" W TEMPERATURE (F), RAIN (in), WIND SPEED (mph) HEAT COOL AVG MEAN DEG DEG WIND DOM DAY TEMP HIGH TIME LOW TIME DAYS DAYS RAIN SPEED HIGH TIME DIR ------------------------------------------------------------------------------------ 1 66.6 84.7 3:40p 50.4 6:10a 4.2 5.8 0.00 0.9 13.0 4:10p NNE 2 70.9 90.5 2:20p 55.1 6:20a 2.7 8.6 0.00 1.2 18.0 3:25p NE 3 63.5 77.2 12:55p 50.2 6:35a 4.9 3.4 0.00 1.3 12.0 1:05p NE 4 64.9 79.8 1:25p 55.0 6:35a 4.3 4.2 0.00 1.0 13.0 3:00p NW 5 63.8 75.4 1:50p 56.0 5:15a 3.9 2.6 0.00 1.2 12.0 3:05p NNE 6 65.9 78.8 1:55p 57.6 5:30a 3.1 3.9 0.00 1.1 12.0 2:10p NE 7 63.9 76.7 1:35p 56.7 5:45a 4.0 2.9 0.00 1.3 16.0 3:25p NNW 8 63.3 74.4 12:25p 57.5 3:30a 4.0 2.2 0.00 1.3 14.0 1:35p NNE 9 65.4 78.5 1:00p 55.6 6:55a 3.5 3.9 0.00 1.1 13.0 1:00p NE 10 68.9 89.9 4:05p 48.9 6:15a 4.2 8.1 0.00 0.9 12.0 3:35p NE 11 72.5 93.6 3:05p 56.5 6:05a 2.0 9.6 0.00 0.9 11.0 4:10p NNE 12 70.9 89.7 4:40p 57.0 3:00a 2.4 8.3 0.00 0.7 10.0 3:55p NNE 13 73.8 96.6 2:30p 56.3 6:15a 2.0 10.9 0.00 0.7 10.0 3:05p NE 14 72.0 91.4 3:15p 58.9 5:00a 1.6 8.6 0.00 0.8 10.0 2:15p N 15 73.8 93.2 4:05p 58.6 6:40a 1.5 10.2 0.00 0.7 10.0 2:25p N 16 69.7 85.5 2:40p 60.1 6:25a 1.4 6.0 0.00 1.2 14.0 4:10p N 17 67.9 83.2 2:50p 59.3 7:05a 2.1 5.0 0.00 1.2 13.0 4:15p E 18 65.6 77.4 1:25p 60.1 3:25a 2.3 2.9 0.00 1.4 16.0 2:00p NE 19 66.3 77.6 4:00p 57.3 6:15a 2.5 3.8 0.00 1.5 16.0 2:40p NNE 20 68.8 83.2 2:30p 56.3 3:55a 2.3 6.2 0.00 1.2 13.0 12:55p NNE 21 70.2 81.4 3:05p 60.2 12:00m 0.8 6.1 0.00 1.4 16.0 1:15p NE 22 67.5 86.3 2:20p 53.8 5:25a 3.4 5.9 0.00 1.0 12.0 3:15p NE 23 67.6 84.3 1:55p 57.3 6:20a 2.6 5.1 0.00 1.2 12.0 3:40p E 24 70.5 88.0 2:25p 59.6 7:05a 1.5 7.0 0.00 0.8 11.0 3:35p SSW 25 68.9 84.1 3:30p 53.3 6:35a 2.8 6.7 0.00 1.1 12.0 12:50p ENE 26 69.2 89.0 2:55p 51.1 6:25a 3.5 7.8 0.00 0.9 16.0 4:10p N 27 76.8 99.0 3:45p 56.2 6:45a 1.7 13.5 0.00 0.8 12.0 5:15p ENE 28 81.5 105.4 3:50p 61.5 5:50a 0.3 16.8 0.00 1.1 13.0 10:25a NW 29 77.9 100.7 3:15p 63.2 6:55a 0.1 13.0 0.00 0.7 11.0 4:10p NNE 30 68.7 85.3 1:30p 57.3 5:45a 2.2 5.9 0.00 0.9 11.0 2:15p NE 31 63.3 78.6 2:10p 49.4 6:50a 5.4 3.7 0.00 0.9 14.0 3:00p NE ------------------------------------------------------------------------------------- 69.0 105.4 28 48.9 10 83.2 208.6 0.00 1.0 18.0 2 N Max >= 90.0: 8 Max <= 32.0: 0 Min <= 32.0: 0 Min <= 0.0: 0 Max Rain: 0.00 ON 08/01/08 Days of Rain: 0 (>.01 in) 0 (>.1 in) 0 (>1 in) Heat Base: 65.0 Cool Base: 65.0 Method: Integration

Downloads .. please customize for your directory and file naming convention ( WL or VWS).
Download WeatherLink/ VWS version (V1.07 - 11-Aug-2017) [ see version history ]

deformed-offering