deformed-offering

Weather station scripts - NOAA Climate Report display

They're free, but use at your own risk

The scripts referenced here are used in the operation of this weather station, and may be freely copied and used to support your station. Please note that you use these scripts at your own risk. No warranty is expressed or implied. I accept no liability for any damages that may ensue from their use.
You will need to configure them for your own particular weather station website.
RSS feed for Scripts Updates A RSS Feed is available to help keep you informed on updates to the scripts.

If you find one or more of the scripts useful to you, please consider making a donation to help offset the routine expenses of operation of this website.
Thanks for your kind support!

A Version History is available -- check back from time to time to see if there are updates to scripts you have downloaded earlier. Announcements of version updates and new scripts are made on WXForum.net and Weather-Watch forums and saratogaWXPHP Twitter account as they become available.

This page was updated Friday, 11-Aug-2017 10:11 AM

PHP Scripts (run on webserver)

These scripts have run on PHP 4.1.2, and PHP 4.4.1. I don't have access to PHP 3.x, so it is not known if they will work on versions below PHP 4.1.2. If you try them and they work (or not) on earlier versions of PHP, please send me a message at webmaster[at]saratoga-weather.org and let me know the results.

Display .TXT NOAA style forecasts PHP

I needed to safely display a series of .TXT files (NOAA style climate reports) using the overall style of the website. My WeatherLink software produces regular reports (NOAAMO.TXT, NOAAPRMO.TXT, NOAAYR.TXT, NOAAPRYR.TXT) as part of the 5-minute update. I've also produced reports and named them NOAAyyyy.TXT for yearly reports and NOAAyyyy-mm.TXT for monthly reports. These I've uploaded (monthly) to a sub-directory on the website /NOAA-reports.

Version 1.04 (01-Dec-2007) adds a new feature for WeatherLink users to create new NOAAyyyy-mm.TXT and NOAAyyyy.TXT files from the respective NOAAPRMO.TXT and NOAAPRYR.TXT files when the month/year rolls over. It will copy the appropriate file to the $NOAAdir and name it so you have no monthly maintenance to do (except to view the NOAA reports page on the first of each month).

The NOAA-reports.php will read the sub-directory, sort the filenames produce a menu of available names, and display the file requested. It automatically uses NOAAMO.TXT and NOAAYR.TXT (WeatherLink version) for the current monthly and current yearly files. The nice thing about the script is it strictly controls what can be displayed (existing files only, no directory browsing). The following is a live display of WeatherLink produced NOAA style reports for this station.

<?php $doInclude = true; require("NOAA-reports-test.php"); ?>
2017: Jan | Feb | Mar | Apr | May | Jun | Jul | Aug | Sep | Oct | Nov | Dec 
2016: Jan | Feb | Mar | Apr | May | Jun | Jul | Aug | Sep | Oct | Nov | Dec 
2015: Jan | Feb | Mar | Apr | May | Jun | Jul | Aug | Sep | Oct | Nov | Dec 
2014: Jan | Feb | Mar | Apr | May | Jun | Jul | Aug | Sep | Oct | Nov | Dec 
2013: Jan | Feb | Mar | Apr | May | Jun | Jul | Aug | Sep | Oct | Nov | Dec 
2012: Jan | Feb | Mar | Apr | May | Jun | Jul | Aug | Sep | Oct | Nov | Dec 
2011: Jan | Feb | Mar | Apr | May | Jun | Jul | Aug | Sep | Oct | Nov | Dec 
2010: Jan | Feb | Mar | Apr | May | Jun | Jul | Aug | Sep | Oct | Nov | Dec 
2009: Jan | Feb | Mar | Apr | May | Jun | Jul | Aug | Sep | Oct | Nov | Dec 
2008: Jan | Feb | Mar | Apr | May | Jun | Jul | Aug | Sep | Oct | Nov | Dec 
2007: Jan | Feb | Mar | Apr | May | Jun | Jul | Aug | Sep | Oct | Nov | Dec 
2006: Jan | Feb | Mar | Apr | May | Jun | Jul | Aug | Sep | Oct | Nov | Dec 
2005: Jan | Feb | Mar | Apr | May | Jun | Jul | Aug | Sep | Oct | Nov | Dec 
2004: Jan | Feb | Mar | Apr | May | Jun | Jul | Aug | Sep | Oct | Nov | Dec 

Report for 2008 05
MONTHLY CLIMATOLOGICAL SUMMARY for MAY. 2008 NAME: KCASARAT1 CITY: Saratoga STATE: CA ELEV: 375 ft LAT: 37 16' 28" N LONG: 122 01' 23" W TEMPERATURE (F), RAIN (in), WIND SPEED (mph) HEAT COOL AVG MEAN DEG DEG WIND DOM DAY TEMP HIGH TIME LOW TIME DAYS DAYS RAIN SPEED HIGH TIME DIR ------------------------------------------------------------------------------------ 1 56.9 75.1 3:15p 40.6 5:55a 10.0 1.9 0.00 1.4 18.0 3:35p NW 2 55.4 68.6 1:30p 43.8 6:20a 9.8 0.2 0.00 1.0 11.0 2:10p ENE 3 56.8 73.0 1:45p 42.3 6:00a 9.7 1.5 0.00 1.1 12.0 1:25p ENE 4 55.8 69.9 12:40p 47.4 12:00m 9.8 0.5 0.00 1.4 14.0 5:10p NNE 5 57.9 76.0 3:00p 43.5 6:00a 9.1 2.0 0.00 1.0 13.0 3:00p NNW 6 60.6 76.3 2:55p 49.9 6:50a 6.9 2.5 0.00 1.2 12.0 2:50p ENE 7 57.2 70.9 2:20p 47.1 5:25a 8.6 0.7 0.00 1.5 17.0 10:15a NE 8 56.6 74.2 2:15p 43.8 6:00a 9.8 1.3 0.00 1.2 14.0 3:05p NE 9 56.3 72.1 2:05p 42.1 6:15a 10.1 1.3 0.00 1.1 14.0 12:55p NE 10 58.8 76.8 2:25p 43.8 5:55a 8.6 2.4 0.00 1.0 13.0 3:10p NE 11 60.0 71.5 12:40p 49.9 12:00m 6.3 1.3 0.00 1.1 13.0 1:20p NW 12 58.9 75.3 3:25p 45.2 5:55a 8.3 2.2 0.00 1.7 18.0 1:25p NW 13 65.7 87.0 4:00p 44.6 5:45a 6.3 7.0 0.00 1.2 17.0 3:20p NW 14 73.1 92.1 3:25p 53.2 5:25a 3.0 11.2 0.00 1.0 13.0 3:00p NNW 15 81.1 99.4 4:25p 63.9 6:00a 0.1 16.1 0.00 1.2 12.0 10:55a NW 16 80.9 99.9 3:35p 64.8 5:05a 0.0 15.9 0.00 1.1 13.0 3:15p NNW 17 75.1 94.3 2:25p 60.4 6:05a 0.5 10.6 0.00 0.9 11.0 4:00p NNW 18 70.0 92.5 1:15p 55.0 6:00a 2.8 7.8 0.00 0.9 12.0 2:50p NNW 19 66.2 84.0 1:20p 54.4 4:15a 4.0 5.2 0.00 1.0 12.0 3:25p NNW 20 63.7 78.5 3:35p 53.8 2:15a 4.7 3.4 0.00 1.5 16.0 4:30p WSW 21 59.6 75.8 3:20p 46.1 6:15a 7.5 2.1 0.00 2.4 21.0 2:35p NW 22 61.0 75.3 3:40p 46.1 4:20a 6.5 2.5 0.00 3.8 26.0 2:05p NW 23 59.1 75.3 3:05p 46.2 6:10a 7.9 2.0 0.00 1.2 13.0 2:30p ESE 24 55.7 64.0 3:15p 52.0 2:10a 9.3 0.0 0.00 2.2 16.0 2:10a ESE 25 57.6 67.1 1:30p 48.2 5:00a 7.5 0.1 0.00 0.7 11.0 12:25p NE 26 55.6 69.3 3:20p 45.4 3:35a 9.8 0.4 0.00 1.4 18.0 1:25p N 27 57.2 68.4 12:50p 46.8 5:30a 8.3 0.4 0.00 1.4 16.0 12:55p NW 28 57.7 70.9 4:35p 45.7 4:05a 8.0 0.7 0.00 0.6 11.0 5:55p NW 29 58.1 71.1 3:10p 46.7 4:05a 7.7 0.8 0.00 1.2 15.0 4:10p NW 30 60.5 73.7 3:50p 53.2 12:05a 6.3 1.7 0.00 1.4 14.0 3:10p NW 31 57.9 69.3 2:35p 51.9 11:40p 7.5 0.4 0.00 1.4 13.0 2:50p NW ------------------------------------------------------------------------------------- 61.5 99.9 16 40.6 1 214.7 106.1 0.00 1.3 26.0 22 NW Max >= 90.0: 5 Max <= 32.0: 0 Min <= 32.0: 0 Min <= 0.0: 0 Max Rain: 0.00 ON 05/01/08 Days of Rain: 0 (>.01 in) 0 (>.1 in) 0 (>1 in) Heat Base: 65.0 Cool Base: 65.0 Method: Integration

Downloads .. please customize for your directory and file naming convention ( WL or VWS).
Download WeatherLink/ VWS version (V1.07 - 11-Aug-2017) [ see version history ]

deformed-offering