deformed-offering

Weather station scripts - NOAA Climate Report display

They're free, but use at your own risk

The scripts referenced here are used in the operation of this weather station, and may be freely copied and used to support your station. Please note that you use these scripts at your own risk. No warranty is expressed or implied. I accept no liability for any damages that may ensue from their use.
You will need to configure them for your own particular weather station website.
RSS feed for Scripts Updates A RSS Feed is available to help keep you informed on updates to the scripts.

If you find one or more of the scripts useful to you, please consider making a donation to help offset the routine expenses of operation of this website.
Thanks for your kind support!

A Version History is available -- check back from time to time to see if there are updates to scripts you have downloaded earlier. Announcements of version updates and new scripts are made on WXForum.net and Weather-Watch forums and saratogaWXPHP Twitter account as they become available.

This page was updated Friday, 11-Aug-2017 10:11 AM

PHP Scripts (run on webserver)

These scripts have run on PHP 4.1.2, and PHP 4.4.1. I don't have access to PHP 3.x, so it is not known if they will work on versions below PHP 4.1.2. If you try them and they work (or not) on earlier versions of PHP, please send me a message at webmaster[at]saratoga-weather.org and let me know the results.

Display .TXT NOAA style forecasts PHP

I needed to safely display a series of .TXT files (NOAA style climate reports) using the overall style of the website. My WeatherLink software produces regular reports (NOAAMO.TXT, NOAAPRMO.TXT, NOAAYR.TXT, NOAAPRYR.TXT) as part of the 5-minute update. I've also produced reports and named them NOAAyyyy.TXT for yearly reports and NOAAyyyy-mm.TXT for monthly reports. These I've uploaded (monthly) to a sub-directory on the website /NOAA-reports.

Version 1.04 (01-Dec-2007) adds a new feature for WeatherLink users to create new NOAAyyyy-mm.TXT and NOAAyyyy.TXT files from the respective NOAAPRMO.TXT and NOAAPRYR.TXT files when the month/year rolls over. It will copy the appropriate file to the $NOAAdir and name it so you have no monthly maintenance to do (except to view the NOAA reports page on the first of each month).

The NOAA-reports.php will read the sub-directory, sort the filenames produce a menu of available names, and display the file requested. It automatically uses NOAAMO.TXT and NOAAYR.TXT (WeatherLink version) for the current monthly and current yearly files. The nice thing about the script is it strictly controls what can be displayed (existing files only, no directory browsing). The following is a live display of WeatherLink produced NOAA style reports for this station.

<?php $doInclude = true; require("NOAA-reports-test.php"); ?>
2017: Jan | Feb | Mar | Apr | May | Jun | Jul | Aug | Sep | Oct | Nov | Dec 
2016: Jan | Feb | Mar | Apr | May | Jun | Jul | Aug | Sep | Oct | Nov | Dec 
2015: Jan | Feb | Mar | Apr | May | Jun | Jul | Aug | Sep | Oct | Nov | Dec 
2014: Jan | Feb | Mar | Apr | May | Jun | Jul | Aug | Sep | Oct | Nov | Dec 
2013: Jan | Feb | Mar | Apr | May | Jun | Jul | Aug | Sep | Oct | Nov | Dec 
2012: Jan | Feb | Mar | Apr | May | Jun | Jul | Aug | Sep | Oct | Nov | Dec 
2011: Jan | Feb | Mar | Apr | May | Jun | Jul | Aug | Sep | Oct | Nov | Dec 
2010: Jan | Feb | Mar | Apr | May | Jun | Jul | Aug | Sep | Oct | Nov | Dec 
2009: Jan | Feb | Mar | Apr | May | Jun | Jul | Aug | Sep | Oct | Nov | Dec 
2008: Jan | Feb | Mar | Apr | May | Jun | Jul | Aug | Sep | Oct | Nov | Dec 
2007: Jan | Feb | Mar | Apr | May | Jun | Jul | Aug | Sep | Oct | Nov | Dec 
2006: Jan | Feb | Mar | Apr | May | Jun | Jul | Aug | Sep | Oct | Nov | Dec 
2005: Jan | Feb | Mar | Apr | May | Jun | Jul | Aug | Sep | Oct | Nov | Dec 
2004: Jan | Feb | Mar | Apr | May | Jun | Jul | Aug | Sep | Oct | Nov | Dec 

Report for 2008 03
MONTHLY CLIMATOLOGICAL SUMMARY for MAR. 2008 NAME: KCASARAT1 CITY: Saratoga STATE: CA ELEV: 375 ft LAT: 37 16' 28" N LONG: 122 01' 23" W TEMPERATURE (F), RAIN (in), WIND SPEED (mph) HEAT COOL AVG MEAN DEG DEG WIND DOM DAY TEMP HIGH TIME LOW TIME DAYS DAYS RAIN SPEED HIGH TIME DIR ------------------------------------------------------------------------------------ 1 52.3 62.0 1:00p 46.1 1:20a 12.7 0.0 0.00 2.5 19.0 1:15p NW 2 53.7 65.5 2:35p 44.6 12:00m 11.3 0.0 0.00 2.6 20.0 12:55p NW 3 54.6 71.5 2:00p 40.3 6:55a 11.5 1.1 0.00 0.4 10.0 3:10p NW 4 53.0 70.8 2:15p 38.0 6:10a 12.8 0.8 0.00 0.9 13.0 3:05p NW 5 53.0 69.9 3:00p 40.1 4:10a 12.6 0.5 0.00 0.9 12.0 4:25p NW 6 51.1 65.5 2:50p 38.9 6:35a 13.9 0.0 0.00 0.3 10.0 4:10p NW 7 54.9 69.6 2:40p 39.2 6:30a 10.7 0.6 0.00 0.5 10.0 2:35p NW 8 53.4 68.6 3:20p 40.3 6:20a 12.1 0.5 0.00 1.1 14.0 4:45p NW 9 57.0 76.1 4:45p 40.3 7:15a 9.9 2.3 0.00 0.4 11.0 1:05p NW 10 57.6 74.4 2:35p 45.1 7:20a 8.9 1.5 0.00 0.6 14.0 3:30p N 11 55.3 69.8 3:00p 44.1 6:00a 10.2 0.5 0.00 0.4 13.0 11:15a ENE 12 53.6 66.1 1:35p 43.3 4:00a 11.4 0.0 0.00 0.6 12.0 2:10p N 13 56.1 66.3 4:30p 49.6 11:45p 8.9 0.0 0.00 0.7 16.0 6:10p NW 14 50.0 61.0 3:40p 41.6 5:25a 15.0 0.0 0.01 0.7 14.0 12:30p W 15 48.2 58.1 3:10p 40.3 6:00a 16.8 0.0 0.07 2.3 19.0 1:15p NW 16 52.8 63.9 4:20p 44.2 6:55a 12.2 0.0 0.00 3.4 26.0 2:45p NW 17 55.2 69.9 3:10p 39.8 6:05a 10.5 0.8 0.00 1.0 16.0 2:00p NW 18 55.4 71.3 3:25p 42.6 7:25a 10.7 1.1 0.00 0.9 13.0 3:40p NNE 19 52.1 64.5 3:50p 41.9 6:45a 12.9 0.0 0.00 1.0 14.0 2:40p NNW 20 50.2 63.7 2:35p 37.5 7:15a 14.8 0.0 0.00 1.6 16.0 3:40p W 21 51.6 66.9 4:10p 38.0 7:10a 13.6 0.2 0.00 1.2 14.0 2:25p NW 22 55.9 74.9 2:50p 38.8 6:45a 11.3 2.2 0.00 1.0 13.0 4:00p NW 23 54.8 73.9 2:35p 38.9 6:35a 11.8 1.6 0.00 0.8 13.0 3:30p NNE 24 55.6 73.5 2:00p 39.8 7:05a 10.9 1.6 0.00 1.2 13.0 12:25p NNW 25 55.6 70.4 2:00p 45.1 4:45a 10.0 0.6 0.00 1.0 13.0 4:05p NE 26 52.3 64.0 2:35p 40.9 7:10a 12.7 0.0 0.00 2.1 20.0 3:55p NW 27 50.2 62.1 3:05p 40.9 7:15a 14.8 0.0 0.00 1.4 12.0 12:15a NW 28 51.7 66.4 2:55p 39.9 1:50a 13.3 0.0 0.00 0.7 14.0 6:15p ESE 29 53.3 62.4 1:55p 44.8 12:00m 11.7 0.0 0.02 1.0 13.0 10:10p NE 30 49.2 64.2 1:55p 39.2 7:20a 15.8 0.0 0.00 1.4 20.0 5:10p W 31 49.7 64.7 4:00p 35.2 6:35a 15.3 0.0 0.00 0.8 12.0 1:50p N ------------------------------------------------------------------------------------- 53.2 76.1 9 35.2 31 381.0 15.9 0.10 1.1 26.0 16 NW Max >= 90.0: 0 Max <= 32.0: 0 Min <= 32.0: 0 Min <= 0.0: 0 Max Rain: 0.07 ON 03/15/08 Days of Rain: 2 (>.01 in) 0 (>.1 in) 0 (>1 in) Heat Base: 65.0 Cool Base: 65.0 Method: Integration

Downloads .. please customize for your directory and file naming convention ( WL or VWS).
Download WeatherLink/ VWS version (V1.07 - 11-Aug-2017) [ see version history ]

deformed-offering