deformed-offering

Weather station scripts - NOAA Climate Report display

They're free, but use at your own risk

The scripts referenced here are used in the operation of this weather station, and may be freely copied and used to support your station. Please note that you use these scripts at your own risk. No warranty is expressed or implied. I accept no liability for any damages that may ensue from their use.
You will need to configure them for your own particular weather station website.
RSS feed for Scripts Updates A RSS Feed is available to help keep you informed on updates to the scripts.

If you find one or more of the scripts useful to you, please consider making a donation to help offset the routine expenses of operation of this website.
Thanks for your kind support!

A Version History is available -- check back from time to time to see if there are updates to scripts you have downloaded earlier. Announcements of version updates and new scripts are made on WXForum.net and Weather-Watch forums and saratogaWXPHP Twitter account as they become available.

This page was updated Friday, 11-Aug-2017 10:11 AM

PHP Scripts (run on webserver)

These scripts have run on PHP 4.1.2, and PHP 4.4.1. I don't have access to PHP 3.x, so it is not known if they will work on versions below PHP 4.1.2. If you try them and they work (or not) on earlier versions of PHP, please send me a message at webmaster[at]saratoga-weather.org and let me know the results.

Display .TXT NOAA style forecasts PHP

I needed to safely display a series of .TXT files (NOAA style climate reports) using the overall style of the website. My WeatherLink software produces regular reports (NOAAMO.TXT, NOAAPRMO.TXT, NOAAYR.TXT, NOAAPRYR.TXT) as part of the 5-minute update. I've also produced reports and named them NOAAyyyy.TXT for yearly reports and NOAAyyyy-mm.TXT for monthly reports. These I've uploaded (monthly) to a sub-directory on the website /NOAA-reports.

Version 1.04 (01-Dec-2007) adds a new feature for WeatherLink users to create new NOAAyyyy-mm.TXT and NOAAyyyy.TXT files from the respective NOAAPRMO.TXT and NOAAPRYR.TXT files when the month/year rolls over. It will copy the appropriate file to the $NOAAdir and name it so you have no monthly maintenance to do (except to view the NOAA reports page on the first of each month).

The NOAA-reports.php will read the sub-directory, sort the filenames produce a menu of available names, and display the file requested. It automatically uses NOAAMO.TXT and NOAAYR.TXT (WeatherLink version) for the current monthly and current yearly files. The nice thing about the script is it strictly controls what can be displayed (existing files only, no directory browsing). The following is a live display of WeatherLink produced NOAA style reports for this station.

<?php $doInclude = true; require("NOAA-reports-test.php"); ?>
2017: Jan | Feb | Mar | Apr | May | Jun | Jul | Aug | Sep | Oct | Nov | Dec 
2016: Jan | Feb | Mar | Apr | May | Jun | Jul | Aug | Sep | Oct | Nov | Dec 
2015: Jan | Feb | Mar | Apr | May | Jun | Jul | Aug | Sep | Oct | Nov | Dec 
2014: Jan | Feb | Mar | Apr | May | Jun | Jul | Aug | Sep | Oct | Nov | Dec 
2013: Jan | Feb | Mar | Apr | May | Jun | Jul | Aug | Sep | Oct | Nov | Dec 
2012: Jan | Feb | Mar | Apr | May | Jun | Jul | Aug | Sep | Oct | Nov | Dec 
2011: Jan | Feb | Mar | Apr | May | Jun | Jul | Aug | Sep | Oct | Nov | Dec 
2010: Jan | Feb | Mar | Apr | May | Jun | Jul | Aug | Sep | Oct | Nov | Dec 
2009: Jan | Feb | Mar | Apr | May | Jun | Jul | Aug | Sep | Oct | Nov | Dec 
2008: Jan | Feb | Mar | Apr | May | Jun | Jul | Aug | Sep | Oct | Nov | Dec 
2007: Jan | Feb | Mar | Apr | May | Jun | Jul | Aug | Sep | Oct | Nov | Dec 
2006: Jan | Feb | Mar | Apr | May | Jun | Jul | Aug | Sep | Oct | Nov | Dec 
2005: Jan | Feb | Mar | Apr | May | Jun | Jul | Aug | Sep | Oct | Nov | Dec 
2004: Jan | Feb | Mar | Apr | May | Jun | Jul | Aug | Sep | Oct | Nov | Dec 

Report for 2007 12
MONTHLY CLIMATOLOGICAL SUMMARY for DEC. 2007 NAME: KCASARAT1 CITY: Saratoga STATE: CA ELEV: 375 ft LAT: 37 16' 28" N LONG: 122 01' 23" W TEMPERATURE (F), RAIN (in), WIND SPEED (mph) HEAT COOL AVG MEAN DEG DEG WIND DOM DAY TEMP HIGH TIME LOW TIME DAYS DAYS RAIN SPEED HIGH TIME DIR ------------------------------------------------------------------------------------ 1 44.7 57.6 1:00p 33.8 5:20a 20.3 0.0 0.00 0.6 12.0 1:05p WSW 2 51.4 59.5 1:35p 41.1 4:10a 13.6 0.0 0.01 2.2 20.0 9:25a ESE 3 57.6 65.0 1:50p 51.4 2:15a 7.4 0.0 0.00 1.9 16.0 7:25a ESE 4 56.9 62.9 12:05a 53.9 7:55a 8.1 0.0 0.18 0.3 12.0 9:20p NW 5 52.9 65.2 3:15p 44.5 10:10p 12.1 0.0 0.00 0.1 6.0 1:30p NNW 6 50.6 54.8 10:30p 45.4 12:30a 14.4 0.0 0.16 1.1 21.0 5:20p ESE 7 49.1 55.3 12:25p 38.8 12:00m 15.9 0.0 0.04 1.2 19.0 5:45a NW 8 43.1 52.8 2:05p 36.2 7:25a 21.9 0.0 0.01 0.6 12.0 11:20a NW 9 45.3 57.5 3:05p 35.0 6:40a 19.7 0.0 0.00 0.4 11.0 11:35a NW 10 45.6 57.5 2:00p 34.1 6:30a 19.4 0.0 0.00 0.8 12.0 9:45a NW 11 46.0 57.3 3:10p 36.6 6:30a 19.0 0.0 0.00 0.9 14.0 4:00a NW 12 43.1 58.3 2:50p 32.9 4:45a 21.9 0.0 0.00 0.2 8.0 11:50a NW 13 42.7 58.3 1:55p 32.5 7:10a 22.3 0.0 0.00 0.3 11.0 2:10p NW 14 43.4 59.5 1:50p 32.8 6:10a 21.6 0.0 0.00 0.1 7.0 2:10p NW 15 46.4 57.3 1:30p 37.6 12:55a 18.6 0.0 0.00 0.2 8.0 1:15p N 16 48.4 55.0 12:25p 39.6 5:20a 16.6 0.0 0.00 1.2 21.0 8:45p SSW 17 51.0 56.6 12:55p 45.8 7:45a 14.0 0.0 0.11 1.5 14.0 8:25p ESE 18 49.6 57.6 2:30p 40.8 12:00m 15.4 0.0 0.79 1.3 20.0 9:40a E 19 48.5 57.6 3:05p 38.2 4:15a 16.5 0.0 0.01 1.4 27.0 9:30p E 20 48.5 55.0 1:05p 38.3 12:00m 16.5 0.0 0.24 1.8 17.0 12:05a NW 21 41.0 52.9 2:30p 32.9 6:20a 24.0 0.0 0.00 0.6 11.0 11:15a NW 22 41.7 54.7 2:40p 31.6 6:30a 23.3 0.0 0.00 0.3 8.0 11:15a NW 23 45.7 61.2 2:10p 34.6 6:30a 19.3 0.0 0.00 0.3 10.0 3:10p NW 24 49.0 58.1 2:25p 39.2 9:25p 16.0 0.0 0.01 1.2 17.0 11:55a NW 25 45.2 58.0 2:10p 31.9 6:50a 19.8 0.0 0.00 0.5 13.0 12:45p NW 26 45.6 53.1 1:50p 40.2 11:45p 19.4 0.0 0.01 2.6 19.0 2:45p NW 27 43.0 49.4 1:05p 33.7 7:45a 22.0 0.0 0.06 0.8 16.0 10:35p NW 28 44.4 49.5 2:05p 41.1 6:25a 20.6 0.0 0.03 1.4 25.0 1:40a ESE 29 49.5 56.7 12:00p 43.8 12:20a 15.5 0.0 0.00 0.6 11.0 11:45a E 30 47.0 53.9 12:50p 40.8 9:05p 18.0 0.0 0.00 0.9 13.0 11:55a NW 31 46.2 56.6 2:20p 36.0 11:55p 18.8 0.0 0.00 1.4 16.0 12:50p NW ------------------------------------------------------------------------------------- 47.2 65.2 5 31.6 22 551.9 0.0 1.66 0.9 27.0 19 NW Max >= 90.0: 0 Max <= 32.0: 0 Min <= 32.0: 2 Min <= 0.0: 0 Max Rain: 0.79 ON 12/18/07 Days of Rain: 8 (>.01 in) 5 (>.1 in) 0 (>1 in) Heat Base: 65.0 Cool Base: 65.0 Method: Integration

Downloads .. please customize for your directory and file naming convention ( WL or VWS).
Download WeatherLink/ VWS version (V1.07 - 11-Aug-2017) [ see version history ]

deformed-offering