They're free, but use at your own risk
The scripts referenced here are used in the operation of this weather station, and may be freely copied and used to support your station. Please note that you use these scripts at your own risk. No warranty is expressed or implied. I accept no liability for any damages that may ensue from their use.
You will need to configure them for your own particular weather station website.
A RSS Feed is available to help keep you informed on updates to the scripts.
Many of these scripts are now available on GitHub at https://github.com/ktrue
A Version History is available -- check back from time to time to see if there are updates to scripts you have downloaded earlier.
Announcements of version updates and new scripts are made on
WXForum.net and
Weather-Watch forums
and saratogaWXPHP Twitter account as they become available.
Note: Twitter widget has been disabled 3-Jul-2023 since it no longer displays the recent update Tweets.
This page was updated
Friday, 11-Aug-2017 10:11 AM
PHP Scripts (run on webserver)
These scripts have run on PHP 4.1.2, and PHP 4.4.1. I don't have access to PHP 3.x, so it is not known if they will work on versions below PHP 4.1.2. If you try them and they work (or not) on earlier versions of PHP, please send me a message at webmaster[at]saratoga-weather.org and let me know the results.
Display .TXT NOAA style forecasts PHP
I needed to safely display a series of .TXT files (NOAA style climate reports) using the overall style of the website. My WeatherLink software produces regular reports (NOAAMO.TXT, NOAAPRMO.TXT, NOAAYR.TXT, NOAAPRYR.TXT) as part of the 5-minute update. I've also produced reports and named them NOAAyyyy.TXT for yearly reports and NOAAyyyy-mm.TXT for monthly reports. These I've uploaded (monthly) to a sub-directory on the website /NOAA-reports.
Version 1.04 (01-Dec-2007) adds a new feature for WeatherLink users to create new NOAAyyyy-mm.TXT and NOAAyyyy.TXT files from the respective NOAAPRMO.TXT and NOAAPRYR.TXT files when the month/year rolls over. It will copy the appropriate file to the $NOAAdir and name it so you have no monthly maintenance to do (except to view the NOAA reports page on the first of each month).
The NOAA-reports.php will read the sub-directory, sort the filenames produce a menu of available names, and display the file requested. It automatically uses NOAAMO.TXT and NOAAYR.TXT (WeatherLink version) for the current monthly and current yearly files. The nice thing about the script is it strictly controls what can be displayed (existing files only, no directory browsing). The following is a live display of WeatherLink produced NOAA style reports for this station.
<?php $doInclude = true; require("NOAA-reports-test.php"); ?>
2024: Jan | Feb | Mar | Apr | May | Jun | Jul | Aug | Sep | Oct | Nov | Dec
2023: Jan | Feb | Mar | Apr | May | Jun | Jul | Aug | Sep | Oct | Nov | Dec
2022: Jan | Feb | Mar | Apr | May | Jun | Jul | Aug | Sep | Oct | Nov | Dec
2021: Jan | Feb | Mar | Apr | May | Jun | Jul | Aug | Sep | Oct | Nov | Dec
2020: Jan | Feb | Mar | Apr | May | Jun | Jul | Aug | Sep | Oct | Nov | Dec
2019: Jan | Feb | Mar | Apr | May | Jun | Jul | Aug | Sep | Oct | Nov | Dec
2018: Jan | Feb | Mar | Apr | May | Jun | Jul | Aug | Sep | Oct | Nov | Dec
2017: Jan | Feb | Mar | Apr | May | Jun | Jul | Aug | Sep | Oct | Nov | Dec
2016: Jan | Feb | Mar | Apr | May | Jun | Jul | Aug | Sep | Oct | Nov | Dec
2015: Jan | Feb | Mar | Apr | May | Jun | Jul | Aug | Sep | Oct | Nov | Dec
2014: Jan | Feb | Mar | Apr | May | Jun | Jul | Aug | Sep | Oct | Nov | Dec
2013: Jan | Feb | Mar | Apr | May | Jun | Jul | Aug | Sep | Oct | Nov | Dec
2012: Jan | Feb | Mar | Apr | May | Jun | Jul | Aug | Sep | Oct | Nov | Dec
2011: Jan | Feb | Mar | Apr | May | Jun | Jul | Aug | Sep | Oct | Nov | Dec
2010: Jan | Feb | Mar | Apr | May | Jun | Jul | Aug | Sep | Oct | Nov | Dec
2009: Jan | Feb | Mar | Apr | May | Jun | Jul | Aug | Sep | Oct | Nov | Dec
2008: Jan | Feb | Mar | Apr | May | Jun | Jul | Aug | Sep | Oct | Nov | Dec
2007: Jan | Feb | Mar | Apr | May | Jun | Jul | Aug | Sep | Oct | Nov | Dec
2006: Jan | Feb | Mar | Apr | May | Jun | Jul | Aug | Sep | Oct | Nov | Dec
2005: Jan | Feb | Mar | Apr | May | Jun | Jul | Aug | Sep | Oct | Nov | Dec
2004: Jan | Feb | Mar | Apr | May | Jun | Jul | Aug | Sep | Oct | Nov | Dec
Report for 2007 10
MONTHLY CLIMATOLOGICAL SUMMARY for OCT. 2007
NAME: KCASARAT1 CITY: Saratoga STATE: CA
ELEV: 375 ft LAT: 37° 16' 28" N LONG: 122° 01' 23" W
TEMPERATURE (°F), RAIN (in), WIND SPEED (mph)
HEAT COOL AVG
MEAN DEG DEG WIND DOM
DAY TEMP HIGH TIME LOW TIME DAYS DAYS RAIN SPEED HIGH TIME DIR
------------------------------------------------------------------------------------
1 61.0 73.0 4:15p 51.0 12:40a 5.8 1.8 0.00 0.9 14.0 2:40p NW
2 63.9 81.2 3:40p 48.8 6:40a 6.0 4.9 0.00 0.8 14.0 3:20p NW
3 59.8 78.1 2:00p 47.1 6:25a 7.5 2.3 0.00 0.6 13.0 6:25p N
4 56.6 69.3 12:40p 44.6 7:00a 8.7 0.3 0.00 1.5 20.0 10:35a NW
5 54.5 66.3 2:10p 45.2 11:35p 10.6 0.0 0.00 1.0 19.0 8:45a NW
6 55.6 72.0 2:55p 40.9 6:00a 10.7 1.3 0.00 1.1 17.0 1:35p NW
7 59.6 77.6 2:05p 42.8 7:10a 8.8 3.4 0.00 0.7 12.0 1:45p NW
8 61.0 81.4 4:00p 45.8 7:10a 7.7 3.7 0.00 0.3 8.0 4:50p NW
9 57.5 69.9 1:20p 45.8 3:25a 7.9 0.4 0.04 1.7 22.0 11:40p S
10 58.2 69.8 2:25p 48.9 11:30p 7.2 0.4 0.47 1.0 28.0 12:10a NW
11 57.1 71.1 1:55p 45.4 7:15a 8.6 0.7 0.01 0.4 13.0 2:20p NW
12 55.1 60.1 11:10a 51.1 12:55a 9.9 0.0 0.34 1.3 19.0 11:20a ESE
13 58.7 71.1 3:30p 49.9 6:10a 7.5 1.1 0.01 0.4 10.0 3:50p NW
14 57.2 71.3 3:45p 47.9 7:00a 8.7 0.9 0.01 0.4 8.0 2:30p NW
15 56.4 67.9 1:00p 48.8 5:00a 8.7 0.1 0.01 0.4 12.0 2:10p S
16 56.1 67.6 1:45p 47.3 7:00a 9.0 0.1 0.00 0.9 14.0 3:10p S
17 54.5 66.1 1:55p 46.4 6:00a 10.5 0.0 0.01 0.2 12.0 12:25p NW
18 58.0 74.6 3:15p 45.5 4:05a 8.6 1.5 0.00 0.3 10.0 4:55p NW
19 63.5 73.3 3:35p 55.9 12:05a 3.1 1.5 0.00 0.4 13.0 10:25p W
20 58.2 66.4 1:05p 51.1 6:30a 6.8 0.0 0.00 2.5 20.0 12:35p NW
21 60.2 72.8 4:15p 50.2 2:15a 6.3 1.5 0.00 1.5 17.0 11:45a NW
22 63.1 82.0 3:10p 48.9 7:50a 5.9 4.0 0.00 0.2 8.0 4:15p NW
23 64.7 85.3 3:20p 48.2 7:15a 5.7 5.4 0.00 0.2 8.0 3:40p NNW
24 65.9 86.1 2:55p 50.5 7:30a 4.9 5.8 0.00 0.1 7.0 2:55p NNW
25 59.0 75.6 1:30p 48.0 11:40p 7.7 1.7 0.00 0.4 10.0 1:50p N
26 54.4 72.1 3:00p 43.2 3:40a 11.2 0.6 0.00 0.4 12.0 3:35p N
27 57.1 70.6 1:50p 48.6 6:20a 8.6 0.7 0.00 0.3 8.0 2:40p NNW
28 60.8 78.8 2:40p 48.9 6:00a 6.9 2.7 0.00 0.2 8.0 2:45p NNW
29 57.2 67.8 11:35a 51.6 6:05a 7.9 0.1 0.02 0.5 11.0 12:55p N
30 56.4 65.2 2:15p 50.2 9:35p 8.6 0.0 0.00 0.4 8.0 2:05p NW
31 55.9 67.1 3:55p 51.1 7:10a 9.2 0.1 0.00 0.2 8.0 3:05p NW
-------------------------------------------------------------------------------------
58.6 86.1 24 40.9 6 245.2 47.0 0.92 0.7 28.0 10 NW
Max >= 90.0: 0
Max <= 32.0: 0
Min <= 32.0: 0
Min <= 0.0: 0
Max Rain: 0.47 ON 10/10/07
Days of Rain: 4 (>.01 in) 2 (>.1 in) 0 (>1 in)
Heat Base: 65.0 Cool Base: 65.0 Method: Integration
Downloads .. please customize for your directory and file naming convention ( WL or VWS).
Download WeatherLink/ VWS version (V1.07 - 11-Aug-2017) [ see version history ]