deformed-offering

Weather station scripts - NOAA Climate Report display

They're free, but use at your own risk

The scripts referenced here are used in the operation of this weather station, and may be freely copied and used to support your station. Please note that you use these scripts at your own risk. No warranty is expressed or implied. I accept no liability for any damages that may ensue from their use.
You will need to configure them for your own particular weather station website.
RSS feed for Scripts Updates A RSS Feed is available to help keep you informed on updates to the scripts.

If you find one or more of the scripts useful to you, please consider making a donation to help offset the routine expenses of operation of this website.
Thanks for your kind support!

A Version History is available -- check back from time to time to see if there are updates to scripts you have downloaded earlier. Announcements of version updates and new scripts are made on WXForum.net and Weather-Watch forums and saratogaWXPHP Twitter account as they become available.

This page was updated Friday, 11-Aug-2017 10:11 AM

PHP Scripts (run on webserver)

These scripts have run on PHP 4.1.2, and PHP 4.4.1. I don't have access to PHP 3.x, so it is not known if they will work on versions below PHP 4.1.2. If you try them and they work (or not) on earlier versions of PHP, please send me a message at webmaster[at]saratoga-weather.org and let me know the results.

Display .TXT NOAA style forecasts PHP

I needed to safely display a series of .TXT files (NOAA style climate reports) using the overall style of the website. My WeatherLink software produces regular reports (NOAAMO.TXT, NOAAPRMO.TXT, NOAAYR.TXT, NOAAPRYR.TXT) as part of the 5-minute update. I've also produced reports and named them NOAAyyyy.TXT for yearly reports and NOAAyyyy-mm.TXT for monthly reports. These I've uploaded (monthly) to a sub-directory on the website /NOAA-reports.

Version 1.04 (01-Dec-2007) adds a new feature for WeatherLink users to create new NOAAyyyy-mm.TXT and NOAAyyyy.TXT files from the respective NOAAPRMO.TXT and NOAAPRYR.TXT files when the month/year rolls over. It will copy the appropriate file to the $NOAAdir and name it so you have no monthly maintenance to do (except to view the NOAA reports page on the first of each month).

The NOAA-reports.php will read the sub-directory, sort the filenames produce a menu of available names, and display the file requested. It automatically uses NOAAMO.TXT and NOAAYR.TXT (WeatherLink version) for the current monthly and current yearly files. The nice thing about the script is it strictly controls what can be displayed (existing files only, no directory browsing). The following is a live display of WeatherLink produced NOAA style reports for this station.

<?php $doInclude = true; require("NOAA-reports-test.php"); ?>
2017: Jan | Feb | Mar | Apr | May | Jun | Jul | Aug | Sep | Oct | Nov | Dec 
2016: Jan | Feb | Mar | Apr | May | Jun | Jul | Aug | Sep | Oct | Nov | Dec 
2015: Jan | Feb | Mar | Apr | May | Jun | Jul | Aug | Sep | Oct | Nov | Dec 
2014: Jan | Feb | Mar | Apr | May | Jun | Jul | Aug | Sep | Oct | Nov | Dec 
2013: Jan | Feb | Mar | Apr | May | Jun | Jul | Aug | Sep | Oct | Nov | Dec 
2012: Jan | Feb | Mar | Apr | May | Jun | Jul | Aug | Sep | Oct | Nov | Dec 
2011: Jan | Feb | Mar | Apr | May | Jun | Jul | Aug | Sep | Oct | Nov | Dec 
2010: Jan | Feb | Mar | Apr | May | Jun | Jul | Aug | Sep | Oct | Nov | Dec 
2009: Jan | Feb | Mar | Apr | May | Jun | Jul | Aug | Sep | Oct | Nov | Dec 
2008: Jan | Feb | Mar | Apr | May | Jun | Jul | Aug | Sep | Oct | Nov | Dec 
2007: Jan | Feb | Mar | Apr | May | Jun | Jul | Aug | Sep | Oct | Nov | Dec 
2006: Jan | Feb | Mar | Apr | May | Jun | Jul | Aug | Sep | Oct | Nov | Dec 
2005: Jan | Feb | Mar | Apr | May | Jun | Jul | Aug | Sep | Oct | Nov | Dec 
2004: Jan | Feb | Mar | Apr | May | Jun | Jul | Aug | Sep | Oct | Nov | Dec 

Report for 2007 06
MONTHLY CLIMATOLOGICAL SUMMARY for JUN. 2007 NAME: KCASARAT1 CITY: Saratoga STATE: CA ELEV: 375 ft LAT: 37 16' 28" N LONG: 122 01' 23" W TEMPERATURE (F), RAIN (in), WIND SPEED (mph) HEAT COOL AVG MEAN DEG DEG WIND DOM DAY TEMP HIGH TIME LOW TIME DAYS DAYS RAIN SPEED HIGH TIME DIR ------------------------------------------------------------------------------------ 1 61.6 73.9 3:55p 55.1 2:15a 5.3 1.8 0.00 1.1 13.0 4:30p N 2 60.2 72.8 1:10p 54.5 3:45a 6.0 1.1 0.00 1.0 13.0 2:05p N 3 63.3 78.1 1:00p 50.7 2:40a 4.9 3.2 0.00 0.9 12.0 3:55p N 4 66.3 78.3 2:20p 58.4 6:35a 2.4 3.6 0.00 1.0 13.0 1:35p N 5 61.6 70.9 2:20p 53.5 12:00m 4.1 0.7 0.00 1.4 16.0 4:05p NW 6 58.4 71.3 3:40p 47.7 6:00a 7.3 0.7 0.00 2.3 25.0 9:55a NW 7 61.6 79.2 1:50p 45.5 5:50a 7.0 3.6 0.00 1.0 16.0 4:20p NW 8 60.0 76.7 2:30p 44.3 5:05a 7.5 2.6 0.00 1.0 17.0 2:40p N 9 63.8 83.0 1:30p 47.4 5:50a 5.6 4.4 0.00 0.8 12.0 2:45p N 10 64.9 79.4 2:10p 53.3 12:00m 4.0 3.9 0.00 0.9 12.0 7:05p N 11 63.3 78.5 2:05p 48.8 4:20a 5.6 3.9 0.00 0.9 12.0 1:40p N 12 67.7 89.0 3:00p 47.3 5:45a 4.9 7.6 0.00 0.7 14.0 3:45p N 13 74.6 98.5 3:20p 54.1 5:55a 2.5 12.1 0.00 0.9 13.0 1:00p N 14 78.2 100.4 2:45p 59.3 4:25a 1.0 14.2 0.00 0.9 13.0 3:25p N 15 73.4 91.0 2:05p 58.0 5:45a 1.5 9.9 0.00 0.8 12.0 2:50p N 16 64.8 78.5 2:05p 55.6 4:40a 3.5 3.3 0.00 0.9 13.0 1:30p N 17 67.2 87.2 3:45p 49.5 5:25a 4.4 6.7 0.00 0.8 11.0 2:20p N 18 70.4 92.3 3:25p 52.9 5:30a 3.0 8.4 0.00 0.8 10.0 2:25p N 19 65.8 83.4 4:50p 52.3 5:55a 4.3 5.1 0.00 1.5 17.0 12:05p E 20 62.6 78.1 1:10p 49.6 5:30a 5.4 3.0 0.00 1.1 13.0 3:30p N 21 66.2 82.8 3:30p 53.2 6:05a 4.2 5.4 0.00 0.7 11.0 2:00p N 22 66.6 83.0 2:40p 50.1 5:35a 4.1 5.8 0.00 0.8 12.0 2:45p NNE 23 64.8 80.1 3:15p 48.8 5:45a 4.8 4.7 0.00 0.9 12.0 1:45p N 24 63.4 82.4 2:05p 47.4 5:10a 5.7 4.1 0.00 0.8 16.0 4:20p NW 25 68.3 91.4 2:50p 48.0 5:45a 4.9 8.2 0.00 1.0 16.0 3:35p N 26 64.3 81.2 1:35p 49.6 6:05a 4.9 4.2 0.00 0.9 12.0 4:00p N 27 65.1 80.7 12:25p 51.1 5:55a 4.4 4.4 0.00 1.0 13.0 1:50p N 28 65.7 78.5 2:20p 53.1 4:55a 3.3 4.1 0.00 1.2 14.0 4:10p N 29 67.1 80.3 2:25p 56.9 11:50p 2.4 4.5 0.00 1.5 16.0 6:10p N 30 63.6 76.1 12:15p 49.8 6:00a 4.7 3.3 0.00 1.1 16.0 12:45p N ------------------------------------------------------------------------------------- 65.5 100.4 14 44.3 8 133.6 148.5 0.00 1.0 25.0 6 N Max >= 90.0: 5 Max <= 32.0: 0 Min <= 32.0: 0 Min <= 0.0: 0 Max Rain: 0.00 ON 06/01/07 Days of Rain: 0 (>.01 in) 0 (>.1 in) 0 (>1 in) Heat Base: 65.0 Cool Base: 65.0 Method: Integration

Downloads .. please customize for your directory and file naming convention ( WL or VWS).
Download WeatherLink/ VWS version (V1.07 - 11-Aug-2017) [ see version history ]

deformed-offering