deformed-offering

Weather station scripts - NOAA Climate Report display

They're free, but use at your own risk

The scripts referenced here are used in the operation of this weather station, and may be freely copied and used to support your station. Please note that you use these scripts at your own risk. No warranty is expressed or implied. I accept no liability for any damages that may ensue from their use.
You will need to configure them for your own particular weather station website.
RSS feed for Scripts Updates A RSS Feed is available to help keep you informed on updates to the scripts.

If you find one or more of the scripts useful to you, please consider making a donation to help offset the routine expenses of operation of this website.
Thanks for your kind support!

A Version History is available -- check back from time to time to see if there are updates to scripts you have downloaded earlier. Announcements of version updates and new scripts are made on WXForum.net and Weather-Watch forums and saratogaWXPHP Twitter account as they become available.

This page was updated Friday, 11-Aug-2017 10:11 AM

PHP Scripts (run on webserver)

These scripts have run on PHP 4.1.2, and PHP 4.4.1. I don't have access to PHP 3.x, so it is not known if they will work on versions below PHP 4.1.2. If you try them and they work (or not) on earlier versions of PHP, please send me a message at webmaster[at]saratoga-weather.org and let me know the results.

Display .TXT NOAA style forecasts PHP

I needed to safely display a series of .TXT files (NOAA style climate reports) using the overall style of the website. My WeatherLink software produces regular reports (NOAAMO.TXT, NOAAPRMO.TXT, NOAAYR.TXT, NOAAPRYR.TXT) as part of the 5-minute update. I've also produced reports and named them NOAAyyyy.TXT for yearly reports and NOAAyyyy-mm.TXT for monthly reports. These I've uploaded (monthly) to a sub-directory on the website /NOAA-reports.

Version 1.04 (01-Dec-2007) adds a new feature for WeatherLink users to create new NOAAyyyy-mm.TXT and NOAAyyyy.TXT files from the respective NOAAPRMO.TXT and NOAAPRYR.TXT files when the month/year rolls over. It will copy the appropriate file to the $NOAAdir and name it so you have no monthly maintenance to do (except to view the NOAA reports page on the first of each month).

The NOAA-reports.php will read the sub-directory, sort the filenames produce a menu of available names, and display the file requested. It automatically uses NOAAMO.TXT and NOAAYR.TXT (WeatherLink version) for the current monthly and current yearly files. The nice thing about the script is it strictly controls what can be displayed (existing files only, no directory browsing). The following is a live display of WeatherLink produced NOAA style reports for this station.

<?php $doInclude = true; require("NOAA-reports-test.php"); ?>
2017: Jan | Feb | Mar | Apr | May | Jun | Jul | Aug | Sep | Oct | Nov | Dec 
2016: Jan | Feb | Mar | Apr | May | Jun | Jul | Aug | Sep | Oct | Nov | Dec 
2015: Jan | Feb | Mar | Apr | May | Jun | Jul | Aug | Sep | Oct | Nov | Dec 
2014: Jan | Feb | Mar | Apr | May | Jun | Jul | Aug | Sep | Oct | Nov | Dec 
2013: Jan | Feb | Mar | Apr | May | Jun | Jul | Aug | Sep | Oct | Nov | Dec 
2012: Jan | Feb | Mar | Apr | May | Jun | Jul | Aug | Sep | Oct | Nov | Dec 
2011: Jan | Feb | Mar | Apr | May | Jun | Jul | Aug | Sep | Oct | Nov | Dec 
2010: Jan | Feb | Mar | Apr | May | Jun | Jul | Aug | Sep | Oct | Nov | Dec 
2009: Jan | Feb | Mar | Apr | May | Jun | Jul | Aug | Sep | Oct | Nov | Dec 
2008: Jan | Feb | Mar | Apr | May | Jun | Jul | Aug | Sep | Oct | Nov | Dec 
2007: Jan | Feb | Mar | Apr | May | Jun | Jul | Aug | Sep | Oct | Nov | Dec 
2006: Jan | Feb | Mar | Apr | May | Jun | Jul | Aug | Sep | Oct | Nov | Dec 
2005: Jan | Feb | Mar | Apr | May | Jun | Jul | Aug | Sep | Oct | Nov | Dec 
2004: Jan | Feb | Mar | Apr | May | Jun | Jul | Aug | Sep | Oct | Nov | Dec 

Report for 2007 03
MONTHLY CLIMATOLOGICAL SUMMARY for MAR. 2007 NAME: KCASARAT1 CITY: Saratoga STATE: CA ELEV: 375 ft LAT: 37 16' 28" N LONG: 122 01' 23" W TEMPERATURE (F), RAIN (in), WIND SPEED (mph) HEAT COOL AVG MEAN DEG DEG WIND DOM DAY TEMP HIGH TIME LOW TIME DAYS DAYS RAIN SPEED HIGH TIME DIR ------------------------------------------------------------------------------------ 1 43.6 55.0 1:20p 34.3 4:45a 21.4 0.0 0.01 0.3 11.0 2:30p NW 2 47.9 62.7 3:25p 36.2 6:10a 17.0 0.0 0.00 1.0 12.0 12:20p NW 3 52.7 69.3 3:15p 39.6 6:25a 12.6 0.3 0.01 0.4 11.0 10:50a NW 4 57.8 76.0 3:05p 44.9 1:55a 9.0 1.8 0.00 0.3 11.0 2:00p NW 5 58.5 72.8 2:55p 46.7 6:55a 7.9 1.4 0.00 0.4 9.0 3:50p NW 6 56.2 73.7 1:40p 41.5 6:10a 10.4 1.6 0.00 0.5 12.0 2:10p NNE 7 56.4 66.3 2:50p 49.5 2:00a 8.6 0.0 0.00 0.6 13.0 11:05p N 8 52.2 65.5 1:20p 40.1 6:30a 12.8 0.0 0.00 0.4 13.0 3:35p N 9 52.8 63.7 12:55p 45.8 11:35p 12.2 0.0 0.00 0.4 12.0 1:40p NW 10 56.2 73.3 3:20p 42.3 6:10a 10.1 1.3 0.00 0.8 13.0 4:15p NW 11 63.0 81.2 3:30p 46.4 7:25a 6.5 4.6 0.00 0.7 16.0 2:40p NW 12 64.7 82.6 2:55p 49.5 7:35a 5.1 4.8 0.00 0.6 10.0 2:00p NW 13 63.4 81.6 2:05p 50.4 7:00a 5.7 4.1 0.00 0.6 10.0 2:30p N 14 56.7 74.9 3:10p 43.2 7:10a 9.8 1.4 0.00 0.6 12.0 4:05p N 15 61.0 80.1 4:20p 43.9 6:45a 8.3 4.2 0.00 0.9 13.0 12:40p NW 16 64.4 83.2 4:05p 48.6 7:00a 5.9 5.3 0.00 0.5 11.0 1:30p N 17 56.8 69.6 1:10p 48.0 6:25a 8.7 0.5 0.00 0.7 12.0 2:55p N 18 56.3 73.9 2:55p 42.9 7:15a 9.7 1.0 0.00 0.8 12.0 2:40p N 19 56.5 69.3 1:55p 45.7 4:05a 8.9 0.4 0.00 0.8 13.0 3:55p N 20 53.6 59.5 12:15p 48.0 11:30p 11.4 0.0 0.09 0.6 16.0 2:50p W 21 54.4 67.8 3:45p 44.9 7:00a 10.8 0.2 0.00 0.8 16.0 5:20p NW 22 57.5 75.3 3:50p 40.9 6:55a 9.5 2.0 0.00 0.5 14.0 10:35a NW 23 60.1 79.9 4:20p 43.1 7:05a 8.5 3.6 0.00 0.8 12.0 4:35p NW 24 56.3 71.6 3:30p 46.2 5:20a 9.4 0.7 0.00 1.0 13.0 5:50p N 25 56.7 67.1 1:50p 47.7 3:05a 8.4 0.1 0.00 0.8 13.0 3:35p N 26 54.7 70.3 1:40p 45.5 12:00m 10.5 0.2 0.07 0.6 17.0 2:20p W 27 49.1 58.7 3:35p 43.5 12:00m 15.9 0.0 0.03 2.7 25.0 12:30p NW 28 51.4 66.1 4:40p 37.6 7:10a 13.6 0.0 0.00 1.2 16.0 5:00p NW 29 56.7 73.3 4:30p 41.1 4:30a 10.1 1.8 0.00 1.1 13.0 12:15p NW 30 58.3 79.4 2:15p 40.9 6:55a 9.7 3.0 0.00 0.5 14.0 3:55p N 31 57.1 75.4 2:15p 42.1 6:20a 9.7 1.8 0.00 0.7 13.0 2:40p N ------------------------------------------------------------------------------------- 56.2 83.2 16 34.3 1 318.1 46.1 0.21 0.7 25.0 27 NW Max >= 90.0: 0 Max <= 32.0: 0 Min <= 32.0: 0 Min <= 0.0: 0 Max Rain: 0.09 ON 03/20/07 Days of Rain: 3 (>.01 in) 0 (>.1 in) 0 (>1 in) Heat Base: 65.0 Cool Base: 65.0 Method: Integration

Downloads .. please customize for your directory and file naming convention ( WL or VWS).
Download WeatherLink/ VWS version (V1.07 - 11-Aug-2017) [ see version history ]

deformed-offering