They're free, but use at your own risk
The scripts referenced here are used in the operation of this weather station, and may be freely copied and used to support your station. Please note that you use these scripts at your own risk. No warranty is expressed or implied. I accept no liability for any damages that may ensue from their use.
You will need to configure them for your own particular weather station website.
A RSS Feed is available to help keep you informed on updates to the scripts.
Many of these scripts are now available on GitHub at https://github.com/ktrue
A Version History is available -- check back from time to time to see if there are updates to scripts you have downloaded earlier.
Announcements of version updates and new scripts are made on
WXForum.net and
Weather-Watch forums
and saratogaWXPHP Twitter account as they become available.
Note: Twitter widget has been disabled 3-Jul-2023 since it no longer displays the recent update Tweets.
This page was updated
Friday, 11-Aug-2017 10:11 AM
PHP Scripts (run on webserver)
These scripts have run on PHP 4.1.2, and PHP 4.4.1. I don't have access to PHP 3.x, so it is not known if they will work on versions below PHP 4.1.2. If you try them and they work (or not) on earlier versions of PHP, please send me a message at webmaster[at]saratoga-weather.org and let me know the results.
Display .TXT NOAA style forecasts PHP
I needed to safely display a series of .TXT files (NOAA style climate reports) using the overall style of the website. My WeatherLink software produces regular reports (NOAAMO.TXT, NOAAPRMO.TXT, NOAAYR.TXT, NOAAPRYR.TXT) as part of the 5-minute update. I've also produced reports and named them NOAAyyyy.TXT for yearly reports and NOAAyyyy-mm.TXT for monthly reports. These I've uploaded (monthly) to a sub-directory on the website /NOAA-reports.
Version 1.04 (01-Dec-2007) adds a new feature for WeatherLink users to create new NOAAyyyy-mm.TXT and NOAAyyyy.TXT files from the respective NOAAPRMO.TXT and NOAAPRYR.TXT files when the month/year rolls over. It will copy the appropriate file to the $NOAAdir and name it so you have no monthly maintenance to do (except to view the NOAA reports page on the first of each month).
The NOAA-reports.php will read the sub-directory, sort the filenames produce a menu of available names, and display the file requested. It automatically uses NOAAMO.TXT and NOAAYR.TXT (WeatherLink version) for the current monthly and current yearly files. The nice thing about the script is it strictly controls what can be displayed (existing files only, no directory browsing). The following is a live display of WeatherLink produced NOAA style reports for this station.
<?php $doInclude = true; require("NOAA-reports-test.php"); ?>
2024: Jan | Feb | Mar | Apr | May | Jun | Jul | Aug | Sep | Oct | Nov | Dec
2023: Jan | Feb | Mar | Apr | May | Jun | Jul | Aug | Sep | Oct | Nov | Dec
2022: Jan | Feb | Mar | Apr | May | Jun | Jul | Aug | Sep | Oct | Nov | Dec
2021: Jan | Feb | Mar | Apr | May | Jun | Jul | Aug | Sep | Oct | Nov | Dec
2020: Jan | Feb | Mar | Apr | May | Jun | Jul | Aug | Sep | Oct | Nov | Dec
2019: Jan | Feb | Mar | Apr | May | Jun | Jul | Aug | Sep | Oct | Nov | Dec
2018: Jan | Feb | Mar | Apr | May | Jun | Jul | Aug | Sep | Oct | Nov | Dec
2017: Jan | Feb | Mar | Apr | May | Jun | Jul | Aug | Sep | Oct | Nov | Dec
2016: Jan | Feb | Mar | Apr | May | Jun | Jul | Aug | Sep | Oct | Nov | Dec
2015: Jan | Feb | Mar | Apr | May | Jun | Jul | Aug | Sep | Oct | Nov | Dec
2014: Jan | Feb | Mar | Apr | May | Jun | Jul | Aug | Sep | Oct | Nov | Dec
2013: Jan | Feb | Mar | Apr | May | Jun | Jul | Aug | Sep | Oct | Nov | Dec
2012: Jan | Feb | Mar | Apr | May | Jun | Jul | Aug | Sep | Oct | Nov | Dec
2011: Jan | Feb | Mar | Apr | May | Jun | Jul | Aug | Sep | Oct | Nov | Dec
2010: Jan | Feb | Mar | Apr | May | Jun | Jul | Aug | Sep | Oct | Nov | Dec
2009: Jan | Feb | Mar | Apr | May | Jun | Jul | Aug | Sep | Oct | Nov | Dec
2008: Jan | Feb | Mar | Apr | May | Jun | Jul | Aug | Sep | Oct | Nov | Dec
2007: Jan | Feb | Mar | Apr | May | Jun | Jul | Aug | Sep | Oct | Nov | Dec
2006: Jan | Feb | Mar | Apr | May | Jun | Jul | Aug | Sep | Oct | Nov | Dec
2005: Jan | Feb | Mar | Apr | May | Jun | Jul | Aug | Sep | Oct | Nov | Dec
2004: Jan | Feb | Mar | Apr | May | Jun | Jul | Aug | Sep | Oct | Nov | Dec
Report for 2006 03
MONTHLY CLIMATOLOGICAL SUMMARY for MAR. 2006
NAME: KCASARAT1 CITY: Saratoga STATE: CA
ELEV: 375 ft LAT: 37° 16' 28" N LONG: 122° 01' 23" W
TEMPERATURE (°F), RAIN (in), WIND SPEED (mph)
HEAT COOL AVG
MEAN DEG DEG WIND DOM
DAY TEMP HIGH TIME LOW TIME DAYS DAYS RAIN SPEED HIGH TIME DIR
------------------------------------------------------------------------------------
1 50.1 61.2 2:35p 39.0 6:55a 14.9 0.0 0.04 1.8 17.0 10:45p S
2 50.4 60.2 1:10p 44.0 7:05a 14.6 0.0 0.30 1.6 15.0 4:40p ESE
3 45.3 55.5 2:25p 39.0 11:40p 19.7 0.0 0.50 1.0 18.0 12:50a W
4 47.3 57.6 12:00p 35.0 5:40a 17.7 0.0 0.00 1.7 16.0 2:05p ESE
5 52.4 60.3 11:40a 48.3 10:35p 12.6 0.0 0.69 5.4 25.0 10:20a ESE
6 51.7 64.1 1:15p 44.5 7:00a 13.3 0.0 0.51 0.8 14.0 12:05a ESE
7 48.6 57.0 2:20p 40.6 11:30p 16.4 0.0 0.09 1.2 18.0 5:15p NW
8 49.1 61.4 2:10p 37.7 6:35a 15.9 0.0 0.01 0.8 12.0 12:35p NW
9 48.4 55.8 2:30p 41.0 10:55p 16.6 0.0 0.11 2.9 22.0 11:05a NW
10 42.9 49.9 10:40a 37.7 12:00m 22.1 0.0 0.10 1.0 14.0 2:35a W
11 42.6 53.0 4:00p 36.9 2:10a 22.4 0.0 0.13 1.0 14.0 5:10p NW
12 44.1 51.7 12:30p 37.9 11:40p 20.9 0.0 0.19 1.2 16.0 2:15a W
13 47.1 58.0 1:05p 35.6 6:05a 17.9 0.0 0.21 2.2 24.0 10:10p S
14 49.2 59.7 1:55p 43.8 3:55a 15.8 0.0 0.86 2.0 21.0 12:10a ESE
15 50.0 61.6 1:30p 44.3 4:25a 15.0 0.0 0.00 1.0 12.0 12:20a ESE
16 52.0 60.6 3:05p 45.2 12:05a 13.0 0.0 0.33 1.5 17.0 3:10p ESE
17 49.4 57.6 3:35p 43.0 10:05p 15.6 0.0 0.14 0.8 14.0 3:45p W
18 49.8 62.8 2:05p 39.5 5:20a 15.2 0.0 0.00 1.3 16.0 12:15p W
19 52.1 64.1 2:40p 40.0 6:25a 12.9 0.0 0.00 1.5 14.0 11:45a NW
20 45.7 50.2 9:55a 41.8 10:20p 19.3 0.0 0.81 0.9 16.0 8:45a W
21 48.6 58.3 12:45p 41.8 6:20a 16.4 0.0 0.04 0.9 14.0 11:00a ESE
22 51.6 63.3 12:00p 39.2 6:10a 13.4 0.0 0.00 0.5 12.0 2:45p N
23 56.6 72.3 12:10p 44.5 2:20a 9.6 1.2 0.00 1.0 17.0 12:40p S
24 59.1 72.7 2:55p 48.3 5:55a 6.8 0.9 0.08 2.1 18.0 3:05p E
25 54.9 61.6 11:40a 45.5 11:50p 10.1 0.0 1.14 2.3 20.0 12:20p W
26 52.8 63.3 4:20p 44.0 5:55a 12.2 0.0 0.00 1.0 12.0 1:50p NW
27 50.1 62.5 10:10a 42.3 2:55a 14.9 0.0 0.30 2.7 21.0 2:35p E
28 51.4 60.5 11:55a 45.2 10:55p 13.6 0.0 0.15 2.3 21.0 8:45a E
29 50.5 59.7 4:15p 44.8 5:55a 14.5 0.0 0.52 1.6 14.0 1:55a ESE
30 51.7 57.7 12:15p 46.2 2:30a 13.3 0.0 0.00 1.0 13.0 12:20p ESE
31 50.9 58.5 12:15p 42.9 11:30p 14.1 0.0 0.45 2.3 19.0 2:35p ESE
-------------------------------------------------------------------------------------
49.9 72.7 24 35.0 4 470.7 2.1 7.70 1.6 25.0 5 ESE
Max >= 90.0: 0
Max <= 32.0: 0
Min <= 32.0: 0
Min <= 0.0: 0
Max Rain: 1.14 ON 03/25/06
Days of Rain: 22 (>.01 in) 17 (>.1 in) 1 (>1 in)
Heat Base: 65.0 Cool Base: 65.0 Method: Integration
Downloads .. please customize for your directory and file naming convention ( WL or VWS).
Download WeatherLink/ VWS version (V1.07 - 11-Aug-2017) [ see version history ]