deformed-offering

Weather station scripts - NOAA Climate Report display

They're free, but use at your own risk

The scripts referenced here are used in the operation of this weather station, and may be freely copied and used to support your station. Please note that you use these scripts at your own risk. No warranty is expressed or implied. I accept no liability for any damages that may ensue from their use.
You will need to configure them for your own particular weather station website.
RSS feed for Scripts Updates A RSS Feed is available to help keep you informed on updates to the scripts.

If you find one or more of the scripts useful to you, please consider making a donation to help offset the routine expenses of operation of this website.
Thanks for your kind support!

A Version History is available -- check back from time to time to see if there are updates to scripts you have downloaded earlier. Announcements of version updates and new scripts are made on WXForum.net and Weather-Watch forums and saratogaWXPHP Twitter account as they become available.

This page was updated Friday, 11-Aug-2017 10:11 AM

PHP Scripts (run on webserver)

These scripts have run on PHP 4.1.2, and PHP 4.4.1. I don't have access to PHP 3.x, so it is not known if they will work on versions below PHP 4.1.2. If you try them and they work (or not) on earlier versions of PHP, please send me a message at webmaster[at]saratoga-weather.org and let me know the results.

Display .TXT NOAA style forecasts PHP

I needed to safely display a series of .TXT files (NOAA style climate reports) using the overall style of the website. My WeatherLink software produces regular reports (NOAAMO.TXT, NOAAPRMO.TXT, NOAAYR.TXT, NOAAPRYR.TXT) as part of the 5-minute update. I've also produced reports and named them NOAAyyyy.TXT for yearly reports and NOAAyyyy-mm.TXT for monthly reports. These I've uploaded (monthly) to a sub-directory on the website /NOAA-reports.

Version 1.04 (01-Dec-2007) adds a new feature for WeatherLink users to create new NOAAyyyy-mm.TXT and NOAAyyyy.TXT files from the respective NOAAPRMO.TXT and NOAAPRYR.TXT files when the month/year rolls over. It will copy the appropriate file to the $NOAAdir and name it so you have no monthly maintenance to do (except to view the NOAA reports page on the first of each month).

The NOAA-reports.php will read the sub-directory, sort the filenames produce a menu of available names, and display the file requested. It automatically uses NOAAMO.TXT and NOAAYR.TXT (WeatherLink version) for the current monthly and current yearly files. The nice thing about the script is it strictly controls what can be displayed (existing files only, no directory browsing). The following is a live display of WeatherLink produced NOAA style reports for this station.

<?php $doInclude = true; require("NOAA-reports-test.php"); ?>
2017: Jan | Feb | Mar | Apr | May | Jun | Jul | Aug | Sep | Oct | Nov | Dec 
2016: Jan | Feb | Mar | Apr | May | Jun | Jul | Aug | Sep | Oct | Nov | Dec 
2015: Jan | Feb | Mar | Apr | May | Jun | Jul | Aug | Sep | Oct | Nov | Dec 
2014: Jan | Feb | Mar | Apr | May | Jun | Jul | Aug | Sep | Oct | Nov | Dec 
2013: Jan | Feb | Mar | Apr | May | Jun | Jul | Aug | Sep | Oct | Nov | Dec 
2012: Jan | Feb | Mar | Apr | May | Jun | Jul | Aug | Sep | Oct | Nov | Dec 
2011: Jan | Feb | Mar | Apr | May | Jun | Jul | Aug | Sep | Oct | Nov | Dec 
2010: Jan | Feb | Mar | Apr | May | Jun | Jul | Aug | Sep | Oct | Nov | Dec 
2009: Jan | Feb | Mar | Apr | May | Jun | Jul | Aug | Sep | Oct | Nov | Dec 
2008: Jan | Feb | Mar | Apr | May | Jun | Jul | Aug | Sep | Oct | Nov | Dec 
2007: Jan | Feb | Mar | Apr | May | Jun | Jul | Aug | Sep | Oct | Nov | Dec 
2006: Jan | Feb | Mar | Apr | May | Jun | Jul | Aug | Sep | Oct | Nov | Dec 
2005: Jan | Feb | Mar | Apr | May | Jun | Jul | Aug | Sep | Oct | Nov | Dec 
2004: Jan | Feb | Mar | Apr | May | Jun | Jul | Aug | Sep | Oct | Nov | Dec 

Report for 2006 02
MONTHLY CLIMATOLOGICAL SUMMARY for FEB. 2006 NAME: KCASARAT1 CITY: Saratoga STATE: CA ELEV: 375 ft LAT: 37 16' 28" N LONG: 122 01' 23" W TEMPERATURE (F), RAIN (in), WIND SPEED (mph) HEAT COOL AVG MEAN DEG DEG WIND DOM DAY TEMP HIGH TIME LOW TIME DAYS DAYS RAIN SPEED HIGH TIME DIR ------------------------------------------------------------------------------------ 1 55.0 63.6 1:05p 44.5 5:50a 10.0 0.0 0.00 0.4 16.0 2:35p ESE 2 57.9 67.3 1:10p 50.2 12:00m 7.2 0.1 0.01 0.3 12.0 4:45p NNW 3 52.2 61.4 3:35p 48.0 1:00a 12.8 0.0 0.02 0.1 7.0 3:10p N 4 52.7 60.6 11:15a 43.6 11:45p 12.3 0.0 0.00 1.1 13.0 10:15a NW 5 51.3 64.2 2:50p 41.0 12:00m 13.7 0.0 0.00 1.6 17.0 2:00p W 6 51.5 67.3 3:45p 40.2 3:20a 13.5 0.1 0.00 0.3 8.0 1:55p NW 7 55.3 74.6 2:30p 40.6 6:55a 11.3 1.6 0.00 0.5 11.0 12:50p NW 8 56.1 74.4 3:05p 41.6 6:30a 10.7 1.8 0.00 0.8 12.0 10:45a NW 9 55.6 74.6 2:25p 40.5 7:10a 10.9 1.6 0.00 0.4 11.0 10:35a NW 10 56.0 74.6 2:45p 42.0 6:50a 10.7 1.7 0.00 0.3 8.0 2:25p NW 11 56.2 70.0 2:35p 45.8 12:15a 9.4 0.7 0.00 0.5 10.0 2:55p NNW 12 56.3 72.8 3:20p 44.8 7:05a 9.9 1.2 0.00 0.7 13.0 1:30p NW 13 59.3 72.5 3:15p 46.4 12:00m 6.9 1.2 0.00 0.6 10.0 8:55a NW 14 53.9 70.6 2:05p 43.0 11:05p 11.9 0.8 0.00 1.5 20.0 5:30p W 15 45.9 55.2 3:00p 35.6 11:20p 19.1 0.0 0.00 1.5 18.0 9:25a NW 16 42.1 54.2 11:50a 30.7 6:55a 22.9 0.0 0.00 0.5 10.0 5:30p W 17 42.9 53.2 10:35a 36.5 12:00m 22.1 0.0 0.31 0.7 14.0 11:10a E 18 41.1 49.6 12:55p 33.2 5:25a 23.9 0.0 0.01 1.0 13.0 5:30p S 19 43.7 55.2 1:10p 36.0 12:45a 21.3 0.0 0.00 0.5 11.0 3:55p W 20 43.8 56.6 2:20p 33.4 6:40a 21.2 0.0 0.00 0.8 11.0 12:50p NW 21 45.4 61.7 1:55p 31.6 7:00a 19.6 0.0 0.00 0.6 11.0 1:40p W 22 49.1 66.3 3:15p 33.8 6:15a 15.9 0.0 0.00 0.8 12.0 11:05a NW 23 51.6 68.3 3:15p 37.2 6:45a 13.8 0.3 0.00 0.6 12.0 3:10p NNW 24 53.6 70.6 2:20p 39.6 6:45a 12.2 0.9 0.00 0.5 10.0 2:35p NNW 25 53.1 69.3 2:05p 40.2 6:55a 12.2 0.3 0.00 0.8 11.0 1:05p NW 26 52.9 61.4 1:30p 44.8 3:45a 12.1 0.0 0.17 3.1 21.0 11:10a ESE 27 57.5 61.9 1:20p 49.9 1:40a 7.5 0.0 2.16 5.1 41.0 10:25p S 28 50.8 57.2 9:30a 44.2 12:00m 14.2 0.0 0.24 1.2 17.0 1:45a S ------------------------------------------------------------------------------------- 51.5 74.6 7 30.7 16 389.2 12.3 2.92 1.0 41.0 27 NW Max >= 90.0: 0 Max <= 32.0: 0 Min <= 32.0: 2 Min <= 0.0: 0 Max Rain: 2.16 ON 02/27/06 Days of Rain: 5 (>.01 in) 4 (>.1 in) 1 (>1 in) Heat Base: 65.0 Cool Base: 65.0 Method: Integration

Downloads .. please customize for your directory and file naming convention ( WL or VWS).
Download WeatherLink/ VWS version (V1.07 - 11-Aug-2017) [ see version history ]

deformed-offering