deformed-offering

Weather station scripts - NOAA Climate Report display

They're free, but use at your own risk

The scripts referenced here are used in the operation of this weather station, and may be freely copied and used to support your station. Please note that you use these scripts at your own risk. No warranty is expressed or implied. I accept no liability for any damages that may ensue from their use.
You will need to configure them for your own particular weather station website.
RSS feed for Scripts Updates A RSS Feed is available to help keep you informed on updates to the scripts.

If you find one or more of the scripts useful to you, please consider making a donation to help offset the routine expenses of operation of this website.
Thanks for your kind support!

A Version History is available -- check back from time to time to see if there are updates to scripts you have downloaded earlier. Announcements of version updates and new scripts are made on WXForum.net and Weather-Watch forums and saratogaWXPHP Twitter account as they become available.

This page was updated Friday, 11-Aug-2017 10:11 AM

PHP Scripts (run on webserver)

These scripts have run on PHP 4.1.2, and PHP 4.4.1. I don't have access to PHP 3.x, so it is not known if they will work on versions below PHP 4.1.2. If you try them and they work (or not) on earlier versions of PHP, please send me a message at webmaster[at]saratoga-weather.org and let me know the results.

Display .TXT NOAA style forecasts PHP

I needed to safely display a series of .TXT files (NOAA style climate reports) using the overall style of the website. My WeatherLink software produces regular reports (NOAAMO.TXT, NOAAPRMO.TXT, NOAAYR.TXT, NOAAPRYR.TXT) as part of the 5-minute update. I've also produced reports and named them NOAAyyyy.TXT for yearly reports and NOAAyyyy-mm.TXT for monthly reports. These I've uploaded (monthly) to a sub-directory on the website /NOAA-reports.

Version 1.04 (01-Dec-2007) adds a new feature for WeatherLink users to create new NOAAyyyy-mm.TXT and NOAAyyyy.TXT files from the respective NOAAPRMO.TXT and NOAAPRYR.TXT files when the month/year rolls over. It will copy the appropriate file to the $NOAAdir and name it so you have no monthly maintenance to do (except to view the NOAA reports page on the first of each month).

The NOAA-reports.php will read the sub-directory, sort the filenames produce a menu of available names, and display the file requested. It automatically uses NOAAMO.TXT and NOAAYR.TXT (WeatherLink version) for the current monthly and current yearly files. The nice thing about the script is it strictly controls what can be displayed (existing files only, no directory browsing). The following is a live display of WeatherLink produced NOAA style reports for this station.

<?php $doInclude = true; require("NOAA-reports-test.php"); ?>
2017: Jan | Feb | Mar | Apr | May | Jun | Jul | Aug | Sep | Oct | Nov | Dec 
2016: Jan | Feb | Mar | Apr | May | Jun | Jul | Aug | Sep | Oct | Nov | Dec 
2015: Jan | Feb | Mar | Apr | May | Jun | Jul | Aug | Sep | Oct | Nov | Dec 
2014: Jan | Feb | Mar | Apr | May | Jun | Jul | Aug | Sep | Oct | Nov | Dec 
2013: Jan | Feb | Mar | Apr | May | Jun | Jul | Aug | Sep | Oct | Nov | Dec 
2012: Jan | Feb | Mar | Apr | May | Jun | Jul | Aug | Sep | Oct | Nov | Dec 
2011: Jan | Feb | Mar | Apr | May | Jun | Jul | Aug | Sep | Oct | Nov | Dec 
2010: Jan | Feb | Mar | Apr | May | Jun | Jul | Aug | Sep | Oct | Nov | Dec 
2009: Jan | Feb | Mar | Apr | May | Jun | Jul | Aug | Sep | Oct | Nov | Dec 
2008: Jan | Feb | Mar | Apr | May | Jun | Jul | Aug | Sep | Oct | Nov | Dec 
2007: Jan | Feb | Mar | Apr | May | Jun | Jul | Aug | Sep | Oct | Nov | Dec 
2006: Jan | Feb | Mar | Apr | May | Jun | Jul | Aug | Sep | Oct | Nov | Dec 
2005: Jan | Feb | Mar | Apr | May | Jun | Jul | Aug | Sep | Oct | Nov | Dec 
2004: Jan | Feb | Mar | Apr | May | Jun | Jul | Aug | Sep | Oct | Nov | Dec 

Report for 2005 12
MONTHLY CLIMATOLOGICAL SUMMARY for DEC. 2005 NAME: KCASARAT1 CITY: Saratoga STATE: CA ELEV: 375 ft LAT: 37 16' 28" N LONG: 122 01' 23" W TEMPERATURE (F), RAIN (in), WIND SPEED (mph) HEAT COOL AVG MEAN DEG DEG WIND DOM DAY TEMP HIGH TIME LOW TIME DAYS DAYS RAIN SPEED HIGH TIME DIR ------------------------------------------------------------------------------------ 1 57.8 61.2 10:55a 50.2 12:00m 7.2 0.0 1.66 3.0 30.0 2:55p S 2 47.5 57.0 2:40p 39.9 7:05a 17.5 0.0 0.04 1.0 14.0 11:35a NW 3 44.4 55.7 2:10p 37.0 5:05a 20.6 0.0 0.00 1.1 14.0 11:50a NW 4 47.0 58.8 2:55p 37.7 11:55p 18.0 0.0 0.00 0.7 14.0 12:10p NW 5 44.2 58.0 2:30p 35.3 3:20a 20.8 0.0 0.00 0.5 14.0 11:30a NW 6 45.2 63.1 1:40p 33.4 6:50a 19.8 0.0 0.00 0.3 7.0 12:15p NW 7 48.2 58.8 1:50p 37.5 2:00a 16.8 0.0 0.02 0.0 5.0 5:55p ENE 8 51.5 59.4 2:45p 44.8 11:55p 13.4 0.0 0.00 0.5 12.0 12:50p NW 9 50.0 65.2 3:05p 40.3 7:00a 15.0 0.0 0.01 0.5 13.0 11:15a NW 10 50.5 65.9 2:40p 40.5 5:35a 14.6 0.0 0.00 0.4 7.0 10:10a NW 11 52.0 64.9 2:15p 43.2 4:35a 13.0 0.0 0.00 0.3 8.0 3:00p NW 12 50.0 57.6 12:10p 42.2 7:15a 15.0 0.0 0.00 0.1 8.0 2:10p NNW 13 50.1 57.2 12:55p 41.0 11:55p 14.9 0.0 0.00 0.3 8.0 2:55p NW 14 46.2 57.4 12:45p 37.2 6:45a 18.8 0.0 0.01 0.1 7.0 12:30p NW 15 46.5 59.4 2:45p 38.5 6:10a 18.5 0.0 0.01 0.5 11.0 12:40p NW 16 43.5 55.2 1:50p 36.5 3:10a 21.5 0.0 0.00 0.2 8.0 2:15p NNW 17 49.7 56.7 2:10p 42.2 1:30a 15.3 0.0 0.63 2.6 19.0 12:30p ESE 18 56.9 59.9 12:40p 51.2 12:55a 8.1 0.0 3.47 3.6 27.0 6:35a S 19 57.4 62.2 1:45p 50.2 8:45p 7.6 0.0 0.08 2.1 20.0 10:05a ESE 20 61.7 73.4 1:15p 51.1 12:10a 4.1 0.8 0.00 2.2 17.0 10:30a ESE 21 62.4 67.0 12:40p 59.7 10:10p 2.8 0.1 0.44 2.5 19.0 6:45a E 22 60.2 64.1 9:50a 53.9 12:00m 4.8 0.0 0.26 2.9 19.0 10:10a ESE 23 57.2 60.2 11:40a 51.7 4:15a 7.8 0.0 0.02 0.0 5.0 1:20p N 24 58.5 68.1 2:10p 52.4 2:25a 6.8 0.3 0.00 0.2 8.0 7:40p WNW 25 56.8 61.4 10:55a 53.0 2:40a 8.2 0.0 0.30 1.1 14.0 8:05p ESE 26 54.9 61.7 12:10p 48.1 7:20a 10.1 0.0 0.36 0.5 20.0 12:15a W 27 57.7 61.4 11:55a 52.0 12:05a 7.3 0.0 0.00 4.2 22.0 2:35a ESE 28 56.0 62.8 12:55p 46.2 10:00p 9.0 0.0 0.53 1.9 17.0 2:55a W 29 50.5 56.7 2:25p 44.5 7:10a 14.5 0.0 0.02 0.1 6.0 1:05p NE 30 56.2 60.6 11:10p 49.8 12:05a 8.8 0.0 0.17 3.5 24.0 8:50a ESE 31 56.0 61.2 3:40a 45.3 11:05p 9.0 0.0 2.24 4.0 31.0 3:25a W ------------------------------------------------------------------------------------- 52.5 73.4 20 33.4 6 389.6 1.2 10.27 1.3 31.0 31 ESE Max >= 90.0: 0 Max <= 32.0: 0 Min <= 32.0: 0 Min <= 0.0: 0 Max Rain: 3.47 ON 12/18/05 Days of Rain: 15 (>.01 in) 10 (>.1 in) 3 (>1 in) Heat Base: 65.0 Cool Base: 65.0 Method: Integration

Downloads .. please customize for your directory and file naming convention ( WL or VWS).
Download WeatherLink/ VWS version (V1.07 - 11-Aug-2017) [ see version history ]

deformed-offering