deformed-offering

Weather station scripts - NOAA Climate Report display

They're free, but use at your own risk

The scripts referenced here are used in the operation of this weather station, and may be freely copied and used to support your station. Please note that you use these scripts at your own risk. No warranty is expressed or implied. I accept no liability for any damages that may ensue from their use.
You will need to configure them for your own particular weather station website.
RSS feed for Scripts Updates A RSS Feed is available to help keep you informed on updates to the scripts.

Many of these scripts are now available on GitHub at https://github.com/ktrue

If you find one or more of the scripts useful to you, please consider making a donation to help offset the routine expenses of operation of this website.
Thanks for your kind support!

A Version History is available -- check back from time to time to see if there are updates to scripts you have downloaded earlier. Announcements of version updates and new scripts are made on WXForum.net and Weather-Watch forums and saratogaWXPHP Twitter account as they become available.

This page was updated Friday, 11-Aug-2017 10:11 AM

PHP Scripts (run on webserver)

These scripts have run on PHP 4.1.2, and PHP 4.4.1. I don't have access to PHP 3.x, so it is not known if they will work on versions below PHP 4.1.2. If you try them and they work (or not) on earlier versions of PHP, please send me a message at webmaster[at]saratoga-weather.org and let me know the results.

Display .TXT NOAA style forecasts PHP

I needed to safely display a series of .TXT files (NOAA style climate reports) using the overall style of the website. My WeatherLink software produces regular reports (NOAAMO.TXT, NOAAPRMO.TXT, NOAAYR.TXT, NOAAPRYR.TXT) as part of the 5-minute update. I've also produced reports and named them NOAAyyyy.TXT for yearly reports and NOAAyyyy-mm.TXT for monthly reports. These I've uploaded (monthly) to a sub-directory on the website /NOAA-reports.

Version 1.04 (01-Dec-2007) adds a new feature for WeatherLink users to create new NOAAyyyy-mm.TXT and NOAAyyyy.TXT files from the respective NOAAPRMO.TXT and NOAAPRYR.TXT files when the month/year rolls over. It will copy the appropriate file to the $NOAAdir and name it so you have no monthly maintenance to do (except to view the NOAA reports page on the first of each month).

The NOAA-reports.php will read the sub-directory, sort the filenames produce a menu of available names, and display the file requested. It automatically uses NOAAMO.TXT and NOAAYR.TXT (WeatherLink version) for the current monthly and current yearly files. The nice thing about the script is it strictly controls what can be displayed (existing files only, no directory browsing). The following is a live display of WeatherLink produced NOAA style reports for this station.

<?php $doInclude = true; require("NOAA-reports-test.php"); ?>
2023: Jan | Feb | Mar | Apr | May | Jun | Jul | Aug | Sep | Oct | Nov | Dec 
2022: Jan | Feb | Mar | Apr | May | Jun | Jul | Aug | Sep | Oct | Nov | Dec 
2021: Jan | Feb | Mar | Apr | May | Jun | Jul | Aug | Sep | Oct | Nov | Dec 
2020: Jan | Feb | Mar | Apr | May | Jun | Jul | Aug | Sep | Oct | Nov | Dec 
2019: Jan | Feb | Mar | Apr | May | Jun | Jul | Aug | Sep | Oct | Nov | Dec 
2018: Jan | Feb | Mar | Apr | May | Jun | Jul | Aug | Sep | Oct | Nov | Dec 
2017: Jan | Feb | Mar | Apr | May | Jun | Jul | Aug | Sep | Oct | Nov | Dec 
2016: Jan | Feb | Mar | Apr | May | Jun | Jul | Aug | Sep | Oct | Nov | Dec 
2015: Jan | Feb | Mar | Apr | May | Jun | Jul | Aug | Sep | Oct | Nov | Dec 
2014: Jan | Feb | Mar | Apr | May | Jun | Jul | Aug | Sep | Oct | Nov | Dec 
2013: Jan | Feb | Mar | Apr | May | Jun | Jul | Aug | Sep | Oct | Nov | Dec 
2012: Jan | Feb | Mar | Apr | May | Jun | Jul | Aug | Sep | Oct | Nov | Dec 
2011: Jan | Feb | Mar | Apr | May | Jun | Jul | Aug | Sep | Oct | Nov | Dec 
2010: Jan | Feb | Mar | Apr | May | Jun | Jul | Aug | Sep | Oct | Nov | Dec 
2009: Jan | Feb | Mar | Apr | May | Jun | Jul | Aug | Sep | Oct | Nov | Dec 
2008: Jan | Feb | Mar | Apr | May | Jun | Jul | Aug | Sep | Oct | Nov | Dec 
2007: Jan | Feb | Mar | Apr | May | Jun | Jul | Aug | Sep | Oct | Nov | Dec 
2006: Jan | Feb | Mar | Apr | May | Jun | Jul | Aug | Sep | Oct | Nov | Dec 
2005: Jan | Feb | Mar | Apr | May | Jun | Jul | Aug | Sep | Oct | Nov | Dec 
2004: Jan | Feb | Mar | Apr | May | Jun | Jul | Aug | Sep | Oct | Nov | Dec 

Report for 2023 03
MONTHLY CLIMATOLOGICAL SUMMARY for MAR. 2023 NAME: KCASARAT1 CITY: Saratoga STATE: CA ELEV: 375 ft LAT: 37 16' 28" N LONG: 122 01' 23" W TEMPERATURE (F), RAIN (in), WIND SPEED (mph) HEAT COOL AVG MEAN DEG DEG WIND DOM DAY TEMP HIGH TIME LOW TIME DAYS DAYS RAIN SPEED HIGH TIME DIR ------------------------------------------------------------------------------------ 1 44.7 52.8 3:15p 37.3 7:25a 20.3 0.0 0.02 3.3 20.0 2:05p NW 2 48.1 60.5 3:00p 36.6 6:45a 16.9 0.0 0.00 1.6 11.0 12:20a N 3 47.3 58.3 2:15p 37.3 5:00a 17.7 0.0 0.00 1.2 10.0 12:55p S 4 46.4 54.4 3:10p 41.1 10:45p 18.6 0.0 0.11 1.6 17.0 11:50p SW 5 46.1 55.3 3:10p 37.2 11:50p 18.9 0.0 0.37 2.2 21.0 1:30a WSW 6 44.1 57.6 2:55p 33.5 5:15a 20.9 0.0 0.09 1.5 14.0 3:30p SSW 7 45.9 55.7 1:50p 39.2 6:50a 19.1 0.0 0.03 1.4 12.0 2:35p S 8 46.4 56.2 3:00p 38.2 11:40p 18.6 0.0 0.11 1.6 11.0 3:40a SW 9 47.2 54.4 11:35p 37.5 1:20a 17.8 0.0 1.44 4.3 42.0 5:35p E 10 53.3 56.3 4:30a 50.7 9:00a 11.7 0.0 1.14 1.3 21.0 12:20a N 11 56.0 66.3 2:25p 47.0 6:30a 9.1 0.1 0.01 1.8 16.0 8:00p E 12 57.1 63.1 2:20p 54.2 12:05a 7.9 0.0 0.24 2.8 16.0 4:20a ESE 13 57.9 64.5 2:25p 52.9 5:00a 7.1 0.0 0.00 2.8 17.0 9:05a ESE 14 56.5 63.1 2:00p 48.3 11:55p 8.5 0.0 0.90 5.9 42.0 10:15a NW 15 49.2 60.4 3:10p 38.9 5:50a 15.8 0.0 0.00 1.4 11.0 11:40a SW 16 50.1 63.7 1:30p 38.8 6:10a 14.9 0.0 0.01 1.5 13.0 2:35p SW 17 52.4 66.9 3:50p 40.2 6:10a 12.7 0.2 0.00 1.3 11.0 2:55p SSW 18 56.2 69.1 12:50p 42.3 6:25a 9.6 0.8 0.02 1.9 21.0 10:25p WSW 19 55.4 65.5 3:50p 50.8 5:00a 9.6 0.0 0.11 3.3 21.0 4:05a ESE 20 52.8 60.2 2:55p 48.9 6:40a 12.1 0.0 0.00 1.4 12.0 3:45p N 21 47.5 52.6 11:45a 44.6 5:30p 17.5 0.0 2.52 3.3 36.0 12:00p ENE 22 51.3 59.8 2:40p 46.2 1:25a 13.7 0.0 0.16 2.6 13.0 3:45p E 23 52.0 59.3 3:15p 46.5 11:55p 13.0 0.0 0.00 2.2 20.0 11:00a NW 24 48.3 58.0 3:45p 40.5 12:00m 16.7 0.0 0.00 2.6 16.0 11:45a NW 25 47.1 58.7 2:15p 37.9 6:15a 17.9 0.0 0.00 2.2 16.0 1:05p WSW 26 46.7 57.5 2:05p 36.8 6:25a 18.3 0.0 0.00 1.8 14.0 2:25p N 27 37.3 39.2 12:05a 35.8 3:10a 3.7 0.0 0.00 1.1 3.0 12:55a SW 28 29 30 31 ------------------------------------------------------------------------------------- 49.8 69.1 18 33.5 6 388.6 1.1 7.28 2.2 42.0 9 NW Max >= 90.0: 0 Max <= 32.0: 0 Min <= 32.0: 0 Min <= 0.0: 0 Max Rain: 2.52 ON 03/21/23 Days of Rain: 14 (>.01 in) 10 (>.1 in) 3 (>1 in) Heat Base: 65.0 Cool Base: 65.0 Method: Integration

Downloads .. please customize for your directory and file naming convention ( WL or VWS).
Download WeatherLink/ VWS version (V1.07 - 11-Aug-2017) [ see version history ]

deformed-offering