deformed-offering

NOAA-style climate reports

2022: Jan | Feb | Mar | Apr | May | Jun | Jul | Aug | Sep | Oct | Nov | Dec 
2021: Jan | Feb | Mar | Apr | May | Jun | Jul | Aug | Sep | Oct | Nov | Dec 
2020: Jan | Feb | Mar | Apr | May | Jun | Jul | Aug | Sep | Oct | Nov | Dec 
2019: Jan | Feb | Mar | Apr | May | Jun | Jul | Aug | Sep | Oct | Nov | Dec 
2018: Jan | Feb | Mar | Apr | May | Jun | Jul | Aug | Sep | Oct | Nov | Dec 
2017: Jan | Feb | Mar | Apr | May | Jun | Jul | Aug | Sep | Oct | Nov | Dec 
2016: Jan | Feb | Mar | Apr | May | Jun | Jul | Aug | Sep | Oct | Nov | Dec 
2015: Jan | Feb | Mar | Apr | May | Jun | Jul | Aug | Sep | Oct | Nov | Dec 
2014: Jan | Feb | Mar | Apr | May | Jun | Jul | Aug | Sep | Oct | Nov | Dec 
2013: Jan | Feb | Mar | Apr | May | Jun | Jul | Aug | Sep | Oct | Nov | Dec 
2012: Jan | Feb | Mar | Apr | May | Jun | Jul | Aug | Sep | Oct | Nov | Dec 
2011: Jan | Feb | Mar | Apr | May | Jun | Jul | Aug | Sep | Oct | Nov | Dec 
2010: Jan | Feb | Mar | Apr | May | Jun | Jul | Aug | Sep | Oct | Nov | Dec 
2009: Jan | Feb | Mar | Apr | May | Jun | Jul | Aug | Sep | Oct | Nov | Dec 
2008: Jan | Feb | Mar | Apr | May | Jun | Jul | Aug | Sep | Oct | Nov | Dec 
2007: Jan | Feb | Mar | Apr | May | Jun | Jul | Aug | Sep | Oct | Nov | Dec 
2006: Jan | Feb | Mar | Apr | May | Jun | Jul | Aug | Sep | Oct | Nov | Dec 
2005: Jan | Feb | Mar | Apr | May | Jun | Jul | Aug | Sep | Oct | Nov | Dec 
2004: Jan | Feb | Mar | Apr | May | Jun | Jul | Aug | Sep | Oct | Nov | Dec 

Report for 2022 07
MONTHLY CLIMATOLOGICAL SUMMARY for JUL. 2022 NAME: KCASARAT1 CITY: Saratoga STATE: CA ELEV: 375 ft LAT: 37 16' 28" N LONG: 122 01' 23" W TEMPERATURE (F), RAIN (in), WIND SPEED (mph) HEAT COOL AVG MEAN DEG DEG WIND DOM DAY TEMP HIGH TIME LOW TIME DAYS DAYS RAIN SPEED HIGH TIME DIR ------------------------------------------------------------------------------------ 1 65.0 76.0 1:10p 57.2 6:15a 3.1 3.1 0.00 2.0 13.0 1:55p N 2 62.8 73.2 3:15p 53.5 6:10a 4.0 1.8 0.00 2.1 17.0 3:40p N 3 62.6 71.3 3:20p 57.3 12:00m 3.6 1.2 0.00 1.9 14.0 12:55p N 4 68.1 80.3 2:25p 55.0 1:55a 2.8 5.9 0.00 1.5 13.0 2:40p N 5 71.9 80.1 2:30p 64.7 11:45p 0.0 6.9 0.00 2.0 12.0 12:00p NE 6 68.6 77.7 2:50p 62.9 11:55p 0.3 4.0 0.00 2.1 16.0 3:45p N 7 67.8 77.7 4:35p 60.4 6:20a 1.4 4.2 0.00 1.8 12.0 4:45p N 8 68.6 82.2 2:20p 54.5 6:15a 2.6 6.2 0.00 1.8 13.0 3:35p SSW 9 68.0 79.8 5:05p 56.6 6:20a 2.1 5.1 0.00 1.6 12.0 12:20p N 10 72.7 93.4 4:50p 55.9 5:10a 2.4 10.1 0.00 1.3 12.0 4:30p N 11 74.9 90.7 4:15p 60.5 5:50a 0.7 10.5 0.00 1.5 11.0 1:45p N 12 70.5 83.0 2:10p 61.0 3:25a 0.7 6.3 0.00 1.7 12.0 3:20p N 13 68.9 81.4 1:30p 58.6 5:00a 1.7 5.6 0.00 1.6 13.0 2:25p N 14 69.8 83.6 2:25p 60.2 6:25a 1.1 5.9 0.00 1.6 12.0 3:00p N 15 66.9 79.8 3:20p 53.2 6:15a 3.2 5.1 0.00 1.5 12.0 2:35p N 16 72.0 90.3 3:45p 57.8 3:25a 2.0 8.9 0.00 1.3 10.0 1:45p N 17 72.2 86.7 3:05p 58.4 6:15a 1.3 8.5 0.00 1.3 11.0 4:05p N 18 73.7 91.4 2:05p 59.6 6:30a 0.9 9.5 0.00 1.3 12.0 2:35p N 19 69.0 83.4 2:25p 57.0 6:25a 1.7 5.7 0.00 1.4 11.0 2:00p N 20 68.4 83.2 4:20p 59.0 6:30a 2.0 5.4 0.00 1.5 11.0 6:45p N 21 69.0 85.3 3:35p 59.0 6:30a 2.0 6.0 0.00 1.4 11.0 4:50p N 22 68.7 83.6 3:05p 54.4 6:20a 2.9 6.5 0.00 1.4 10.0 2:05p N 23 67.5 81.1 3:40p 54.7 4:30a 2.9 5.5 0.00 1.4 11.0 1:15p N 24 67.5 85.1 3:00p 54.2 5:05a 3.4 5.9 0.00 1.5 11.0 3:00p N 25 67.2 80.1 2:55p 58.7 6:45a 2.2 4.4 0.00 1.9 12.0 2:55p N 26 69.0 82.8 2:10p 59.9 6:45a 1.4 5.4 0.00 1.8 12.0 3:40p N 27 69.3 80.5 2:15p 62.4 5:30a 0.9 5.2 0.00 1.6 11.0 1:20p N 28 67.7 78.3 4:30p 60.1 6:45a 1.6 4.3 0.00 1.7 12.0 1:10p N 29 68.2 79.2 2:00p 62.3 4:00a 0.9 4.0 0.00 1.6 11.0 1:50p N 30 68.7 77.6 4:05p 63.1 5:10a 0.5 4.2 0.00 1.6 11.0 12:25p N 31 68.5 77.6 4:35p 63.5 7:45a 0.3 3.8 0.00 1.3 8.0 1:45p N ------------------------------------------------------------------------------------- 68.8 93.4 10 53.2 15 56.6 175.1 0.00 1.6 17.0 2 N Max >= 90.0: 4 Max <= 32.0: 0 Min <= 32.0: 0 Min <= 0.0: 0 Max Rain: 0.00 ON 07/01/22 Days of Rain: 0 (>.01 in) 0 (>.1 in) 0 (>1 in) Heat Base: 65.0 Cool Base: 65.0 Method: Integration

These reports are produced by WeatherLink V6.0.3.

deformed-offering