deformed-offering

NOAA-style climate reports

2022: Jan | Feb | Mar | Apr | May | Jun | Jul | Aug | Sep | Oct | Nov | Dec 
2021: Jan | Feb | Mar | Apr | May | Jun | Jul | Aug | Sep | Oct | Nov | Dec 
2020: Jan | Feb | Mar | Apr | May | Jun | Jul | Aug | Sep | Oct | Nov | Dec 
2019: Jan | Feb | Mar | Apr | May | Jun | Jul | Aug | Sep | Oct | Nov | Dec 
2018: Jan | Feb | Mar | Apr | May | Jun | Jul | Aug | Sep | Oct | Nov | Dec 
2017: Jan | Feb | Mar | Apr | May | Jun | Jul | Aug | Sep | Oct | Nov | Dec 
2016: Jan | Feb | Mar | Apr | May | Jun | Jul | Aug | Sep | Oct | Nov | Dec 
2015: Jan | Feb | Mar | Apr | May | Jun | Jul | Aug | Sep | Oct | Nov | Dec 
2014: Jan | Feb | Mar | Apr | May | Jun | Jul | Aug | Sep | Oct | Nov | Dec 
2013: Jan | Feb | Mar | Apr | May | Jun | Jul | Aug | Sep | Oct | Nov | Dec 
2012: Jan | Feb | Mar | Apr | May | Jun | Jul | Aug | Sep | Oct | Nov | Dec 
2011: Jan | Feb | Mar | Apr | May | Jun | Jul | Aug | Sep | Oct | Nov | Dec 
2010: Jan | Feb | Mar | Apr | May | Jun | Jul | Aug | Sep | Oct | Nov | Dec 
2009: Jan | Feb | Mar | Apr | May | Jun | Jul | Aug | Sep | Oct | Nov | Dec 
2008: Jan | Feb | Mar | Apr | May | Jun | Jul | Aug | Sep | Oct | Nov | Dec 
2007: Jan | Feb | Mar | Apr | May | Jun | Jul | Aug | Sep | Oct | Nov | Dec 
2006: Jan | Feb | Mar | Apr | May | Jun | Jul | Aug | Sep | Oct | Nov | Dec 
2005: Jan | Feb | Mar | Apr | May | Jun | Jul | Aug | Sep | Oct | Nov | Dec 
2004: Jan | Feb | Mar | Apr | May | Jun | Jul | Aug | Sep | Oct | Nov | Dec 

Report for 2022 05
MONTHLY CLIMATOLOGICAL SUMMARY for MAY. 2022 NAME: KCASARAT1 CITY: Saratoga STATE: CA ELEV: 375 ft LAT: 37 16' 28" N LONG: 122 01' 23" W TEMPERATURE (F), RAIN (in), WIND SPEED (mph) HEAT COOL AVG MEAN DEG DEG WIND DOM DAY TEMP HIGH TIME LOW TIME DAYS DAYS RAIN SPEED HIGH TIME DIR ------------------------------------------------------------------------------------ 1 58.5 75.1 4:30p 44.1 6:10a 8.6 2.2 0.00 1.6 14.0 3:55p N 2 55.2 68.3 3:40p 44.9 6:05a 10.0 0.2 0.00 1.4 13.0 4:20p ENE 3 61.1 77.6 4:40p 44.6 6:10a 7.5 3.5 0.00 1.7 12.0 9:05a N 4 64.9 85.1 3:10p 47.7 6:25a 6.0 5.9 0.00 1.3 13.0 3:05p N 5 61.2 72.3 2:25p 51.7 2:55a 5.5 1.7 0.00 1.3 12.0 1:20p N 6 63.7 76.1 2:05p 52.8 3:20a 4.2 2.9 0.00 1.8 16.0 5:05p N 7 59.8 70.9 3:10p 50.1 11:55p 6.0 0.8 0.00 2.4 16.0 4:50p WSW 8 53.8 63.1 3:15p 46.2 2:45a 11.2 0.0 0.00 2.5 18.0 8:30a NW 9 52.2 64.2 1:55p 42.1 6:10a 12.8 0.0 0.00 1.7 16.0 3:05p WSW 10 51.4 64.2 3:15p 40.9 6:10a 13.6 0.0 0.00 1.6 14.0 3:55p WSW 11 53.6 67.8 3:45p 40.3 6:00a 11.7 0.3 0.00 1.9 16.0 1:45p WSW 12 54.2 66.3 2:35p 41.2 6:15a 10.9 0.1 0.00 1.9 16.0 4:35p N 13 61.8 78.1 3:40p 46.0 6:10a 6.9 3.7 0.00 2.0 16.0 1:50p N 14 66.7 84.0 3:40p 51.7 5:35a 4.3 5.9 0.00 1.5 13.0 2:10p N 15 63.3 75.1 4:00p 53.5 6:00a 4.3 2.7 0.00 1.8 12.0 11:50a N 16 60.2 71.8 3:45p 50.7 6:30a 6.1 1.3 0.00 1.9 13.0 12:30p N 17 60.5 76.5 1:55p 45.7 6:05a 7.4 2.9 0.00 1.6 12.0 1:30p N 18 67.1 89.0 3:40p 47.4 6:10a 5.7 7.7 0.00 1.5 14.0 2:55p N 19 68.2 82.8 1:35p 56.2 6:20a 2.4 5.6 0.00 2.1 17.0 1:05p N 20 63.0 77.0 3:25p 48.2 6:05a 5.4 3.5 0.00 1.6 13.0 12:25p N 21 64.7 82.6 3:00p 48.0 6:25a 5.7 5.4 0.00 1.7 14.0 2:40p N 22 64.3 82.2 3:45p 49.2 5:50a 5.3 4.6 0.00 1.8 14.0 4:50p N 23 67.1 83.8 4:25p 51.1 5:50a 4.3 6.4 0.00 1.6 11.0 10:30a N 24 73.3 94.5 3:40p 52.8 6:00a 3.4 11.7 0.00 1.4 12.0 2:20p N 25 76.8 94.7 2:05p 60.5 6:15a 0.6 12.4 0.00 1.6 13.0 2:30p N 26 66.9 79.6 1:55p 56.5 6:15a 2.1 4.0 0.00 1.7 14.0 11:55a N 27 63.2 73.9 1:45p 52.6 6:10a 4.1 2.3 0.00 1.8 14.0 2:25p N 28 65.1 76.5 2:55p 56.6 6:20a 2.8 2.9 0.00 1.7 16.0 4:10p WSW 29 63.1 76.5 3:50p 50.5 6:20a 4.7 2.8 0.00 1.8 16.0 7:05p N 30 62.2 76.5 3:15p 48.5 6:00a 6.0 3.2 0.00 1.7 16.0 3:25p N 31 65.3 82.8 3:25p 48.2 6:05a 5.7 6.0 0.00 1.5 14.0 12:25p N ------------------------------------------------------------------------------------- 62.3 94.7 25 40.3 11 195.2 112.6 0.00 1.7 18.0 8 N Max >= 90.0: 2 Max <= 32.0: 0 Min <= 32.0: 0 Min <= 0.0: 0 Max Rain: 0.00 ON 05/01/22 Days of Rain: 0 (>.01 in) 0 (>.1 in) 0 (>1 in) Heat Base: 65.0 Cool Base: 65.0 Method: Integration

These reports are produced by WeatherLink V6.0.3.

deformed-offering