deformed-offering

NOAA-style climate reports

2022: Jan | Feb | Mar | Apr | May | Jun | Jul | Aug | Sep | Oct | Nov | Dec 
2021: Jan | Feb | Mar | Apr | May | Jun | Jul | Aug | Sep | Oct | Nov | Dec 
2020: Jan | Feb | Mar | Apr | May | Jun | Jul | Aug | Sep | Oct | Nov | Dec 
2019: Jan | Feb | Mar | Apr | May | Jun | Jul | Aug | Sep | Oct | Nov | Dec 
2018: Jan | Feb | Mar | Apr | May | Jun | Jul | Aug | Sep | Oct | Nov | Dec 
2017: Jan | Feb | Mar | Apr | May | Jun | Jul | Aug | Sep | Oct | Nov | Dec 
2016: Jan | Feb | Mar | Apr | May | Jun | Jul | Aug | Sep | Oct | Nov | Dec 
2015: Jan | Feb | Mar | Apr | May | Jun | Jul | Aug | Sep | Oct | Nov | Dec 
2014: Jan | Feb | Mar | Apr | May | Jun | Jul | Aug | Sep | Oct | Nov | Dec 
2013: Jan | Feb | Mar | Apr | May | Jun | Jul | Aug | Sep | Oct | Nov | Dec 
2012: Jan | Feb | Mar | Apr | May | Jun | Jul | Aug | Sep | Oct | Nov | Dec 
2011: Jan | Feb | Mar | Apr | May | Jun | Jul | Aug | Sep | Oct | Nov | Dec 
2010: Jan | Feb | Mar | Apr | May | Jun | Jul | Aug | Sep | Oct | Nov | Dec 
2009: Jan | Feb | Mar | Apr | May | Jun | Jul | Aug | Sep | Oct | Nov | Dec 
2008: Jan | Feb | Mar | Apr | May | Jun | Jul | Aug | Sep | Oct | Nov | Dec 
2007: Jan | Feb | Mar | Apr | May | Jun | Jul | Aug | Sep | Oct | Nov | Dec 
2006: Jan | Feb | Mar | Apr | May | Jun | Jul | Aug | Sep | Oct | Nov | Dec 
2005: Jan | Feb | Mar | Apr | May | Jun | Jul | Aug | Sep | Oct | Nov | Dec 
2004: Jan | Feb | Mar | Apr | May | Jun | Jul | Aug | Sep | Oct | Nov | Dec 

Report for 2022 02
MONTHLY CLIMATOLOGICAL SUMMARY for FEB. 2022 NAME: KCASARAT1 CITY: Saratoga STATE: CA ELEV: 375 ft LAT: 37 16' 28" N LONG: 122 01' 23" W TEMPERATURE (F), RAIN (in), WIND SPEED (mph) HEAT COOL AVG MEAN DEG DEG WIND DOM DAY TEMP HIGH TIME LOW TIME DAYS DAYS RAIN SPEED HIGH TIME DIR ------------------------------------------------------------------------------------ 1 46.8 58.3 3:20p 34.4 7:20a 18.2 0.0 0.00 0.4 20.0 1:00p NNW 2 50.7 60.4 3:10p 41.1 12:50a 14.3 0.0 0.00 0.4 21.0 12:55p N 3 48.4 63.2 3:05p 36.8 7:00a 16.6 0.0 0.00 0.0 7.0 2:30p NNW 4 47.8 63.5 3:30p 37.2 7:05a 17.2 0.0 0.00 0.0 7.0 3:15p N 5 48.2 63.4 3:20p 38.2 7:25a 16.8 0.0 0.00 0.0 5.0 2:30p NNW 6 49.3 67.3 3:30p 36.5 7:20a 15.9 0.2 0.00 0.0 7.0 3:10p N 7 49.2 65.8 3:30p 37.2 6:40a 15.8 0.0 0.00 0.0 7.0 11:45a N 8 53.2 72.0 3:40p 38.3 7:25a 13.1 1.3 0.00 0.0 8.0 12:40p NNW 9 55.3 73.3 3:05p 42.3 7:40a 11.2 1.5 0.00 0.0 7.0 11:00a NW 10 59.2 76.0 3:20p 46.2 5:00a 8.4 2.6 0.00 0.0 7.0 12:10p NNW 11 58.5 76.8 3:00p 44.6 7:15a 9.2 2.6 0.00 0.0 8.0 11:35a N 12 57.9 76.3 3:45p 44.9 7:00a 9.3 2.2 0.00 0.0 3.0 11:45a NNW 13 57.4 75.3 4:00p 44.2 7:05a 9.6 2.1 0.00 0.0 5.0 12:20p NNE 14 52.1 59.8 2:45p 44.9 3:00a 12.9 0.0 0.00 0.0 8.0 12:55p N 15 49.9 58.1 3:30p 40.8 7:25a 15.1 0.0 0.00 0.3 20.0 1:50p NNW 16 57.1 68.3 3:00p 43.6 7:30a 8.4 0.5 0.00 0.0 17.0 2:30p NNW 17 54.3 66.4 2:50p 43.2 5:15a 10.9 0.1 0.00 0.0 8.0 9:05a N 18 51.5 68.6 3:10p 40.3 5:05a 13.8 0.3 0.00 0.0 6.0 3:25p N 19 53.6 70.4 3:40p 40.6 7:05a 12.2 0.7 0.00 0.0 8.0 2:50p NNW 20 50.7 64.2 2:10p 41.6 4:40a 14.3 0.0 0.00 0.1 13.0 6:40p W 21 46.9 56.7 2:30p 37.6 5:35a 18.1 0.0 0.00 0.1 17.0 1:00p NNW 22 45.4 53.9 1:35p 37.3 12:00m 19.6 0.0 0.02 0.1 21.0 1:30p W 23 41.8 52.9 3:15p 32.7 6:55a 23.2 0.0 0.00 0.0 11.0 1:35p N 24 42.9 58.3 3:05p 29.7 6:45a 22.1 0.0 0.00 0.0 10.0 3:20p N 25 44.5 60.1 3:20p 30.9 7:10a 20.5 0.0 0.00 0.3 8.0 4:10p WSW 26 48.0 62.1 2:50p 34.7 6:05a 17.0 0.0 0.00 0.7 8.0 2:55p WSW 27 52.8 69.8 3:45p 38.8 7:05a 12.9 0.7 0.00 0.9 10.0 12:50p SW 28 55.8 74.6 2:25p 41.6 6:55a 11.2 2.0 0.00 0.9 11.0 2:35p WSW ------------------------------------------------------------------------------------- 51.0 76.8 11 29.7 24 407.8 16.8 0.02 0.2 21.0 2 NNW Max >= 90.0: 0 Max <= 32.0: 0 Min <= 32.0: 2 Min <= 0.0: 0 Max Rain: 0.02 ON 02/22/22 Days of Rain: 1 (>.01 in) 0 (>.1 in) 0 (>1 in) Heat Base: 65.0 Cool Base: 65.0 Method: Integration

These reports are produced by WeatherLink V6.0.3.

deformed-offering