deformed-offering

NOAA-style climate reports

2022: Jan | Feb | Mar | Apr | May | Jun | Jul | Aug | Sep | Oct | Nov | Dec 
2021: Jan | Feb | Mar | Apr | May | Jun | Jul | Aug | Sep | Oct | Nov | Dec 
2020: Jan | Feb | Mar | Apr | May | Jun | Jul | Aug | Sep | Oct | Nov | Dec 
2019: Jan | Feb | Mar | Apr | May | Jun | Jul | Aug | Sep | Oct | Nov | Dec 
2018: Jan | Feb | Mar | Apr | May | Jun | Jul | Aug | Sep | Oct | Nov | Dec 
2017: Jan | Feb | Mar | Apr | May | Jun | Jul | Aug | Sep | Oct | Nov | Dec 
2016: Jan | Feb | Mar | Apr | May | Jun | Jul | Aug | Sep | Oct | Nov | Dec 
2015: Jan | Feb | Mar | Apr | May | Jun | Jul | Aug | Sep | Oct | Nov | Dec 
2014: Jan | Feb | Mar | Apr | May | Jun | Jul | Aug | Sep | Oct | Nov | Dec 
2013: Jan | Feb | Mar | Apr | May | Jun | Jul | Aug | Sep | Oct | Nov | Dec 
2012: Jan | Feb | Mar | Apr | May | Jun | Jul | Aug | Sep | Oct | Nov | Dec 
2011: Jan | Feb | Mar | Apr | May | Jun | Jul | Aug | Sep | Oct | Nov | Dec 
2010: Jan | Feb | Mar | Apr | May | Jun | Jul | Aug | Sep | Oct | Nov | Dec 
2009: Jan | Feb | Mar | Apr | May | Jun | Jul | Aug | Sep | Oct | Nov | Dec 
2008: Jan | Feb | Mar | Apr | May | Jun | Jul | Aug | Sep | Oct | Nov | Dec 
2007: Jan | Feb | Mar | Apr | May | Jun | Jul | Aug | Sep | Oct | Nov | Dec 
2006: Jan | Feb | Mar | Apr | May | Jun | Jul | Aug | Sep | Oct | Nov | Dec 
2005: Jan | Feb | Mar | Apr | May | Jun | Jul | Aug | Sep | Oct | Nov | Dec 
2004: Jan | Feb | Mar | Apr | May | Jun | Jul | Aug | Sep | Oct | Nov | Dec 

Report for 2022 01
MONTHLY CLIMATOLOGICAL SUMMARY for JAN. 2022 NAME: KCASARAT1 CITY: Saratoga STATE: CA ELEV: 375 ft LAT: 37 16' 28" N LONG: 122 01' 23" W TEMPERATURE (F), RAIN (in), WIND SPEED (mph) HEAT COOL AVG MEAN DEG DEG WIND DOM DAY TEMP HIGH TIME LOW TIME DAYS DAYS RAIN SPEED HIGH TIME DIR ------------------------------------------------------------------------------------ 1 40.7 51.7 2:50p 34.6 7:20a 24.3 0.0 0.00 0.0 7.0 2:00p NNW 2 42.3 56.9 2:20p 31.2 7:10a 22.7 0.0 0.00 0.0 13.0 2:00p ESE 3 48.7 55.7 1:40p 40.9 7:45a 16.3 0.0 0.01 0.7 17.0 7:05p ESE 4 52.4 60.7 2:55p 45.8 7:55a 12.6 0.0 0.01 0.1 7.0 12:05a ESE 5 53.7 61.8 2:50p 45.8 8:00a 11.3 0.0 0.00 0.1 7.0 1:40p NNW 6 55.3 60.4 2:10p 52.0 10:00p 9.7 0.0 0.00 0.0 6.0 1:55p N 7 51.6 59.3 2:05p 44.1 11:25p 13.4 0.0 0.00 0.3 11.0 11:45a E 8 48.1 55.3 2:50p 40.5 11:55p 16.9 0.0 0.00 0.1 10.0 11:35a NNW 9 45.7 59.5 3:35p 36.5 6:50a 19.3 0.0 0.01 0.0 5.0 10:45a N 10 49.2 62.9 3:45p 41.5 7:50a 15.8 0.0 0.00 0.0 5.0 1:00p N 11 49.0 64.5 2:55p 39.5 7:50a 16.0 0.0 0.00 0.0 6.0 12:05p NNW 12 49.3 61.8 2:30p 39.6 7:20a 15.7 0.0 0.00 0.0 5.0 12:15p NE 13 50.4 63.2 2:35p 43.1 8:15a 14.6 0.0 0.00 0.0 5.0 1:30p N 14 50.1 62.4 3:10p 40.9 4:40a 14.9 0.0 0.00 0.1 16.0 11:00a WNW 15 50.7 62.9 3:00p 39.8 7:05a 14.3 0.0 0.00 0.0 5.0 10:20a WNW 16 53.7 63.7 2:55p 45.4 8:20a 11.3 0.0 0.00 0.0 5.0 2:35p N 17 52.2 62.6 4:30p 44.5 7:40a 12.8 0.0 0.00 0.0 6.0 1:10p NNW 18 47.0 56.7 4:15p 39.9 7:25a 18.0 0.0 0.00 0.1 6.0 8:50a NNW 19 49.9 62.4 3:00p 42.3 12:50a 15.1 0.0 0.00 0.6 10.0 2:05p NW 20 49.7 65.3 3:40p 39.9 7:40a 15.3 0.0 0.01 0.8 8.0 3:20p NNW 21 53.3 65.0 2:50p 42.3 3:25a 11.7 0.0 0.00 0.4 14.0 2:50p WSW 22 54.1 64.2 3:20p 43.1 12:00m 10.9 0.0 0.00 0.1 17.0 1:00a NW 23 47.9 62.6 3:50p 37.2 7:45a 17.1 0.0 0.00 0.0 8.0 11:10a N 24 48.2 63.9 2:30p 38.8 7:35a 16.8 0.0 0.00 0.0 6.0 1:45p NW 25 46.8 62.6 3:55p 37.9 6:40a 18.2 0.0 0.00 0.0 7.0 2:05p NNW 26 46.3 60.5 3:35p 36.9 6:15a 18.7 0.0 0.00 0.0 6.0 3:00p NE 27 48.2 65.3 3:35p 37.2 7:15a 16.8 0.0 0.00 0.0 5.0 11:15a N 28 48.5 65.0 3:25p 37.9 7:25a 16.5 0.0 0.00 0.0 6.0 3:55p NE 29 47.4 63.4 3:10p 39.1 6:20a 17.6 0.0 0.00 0.0 7.0 2:55p NNW 30 46.2 60.7 4:00p 35.3 5:45a 18.7 0.0 0.00 0.0 6.0 1:55p NNE 31 46.7 57.6 4:00p 38.5 6:35a 18.3 0.0 0.00 0.0 10.0 11:35p NNW ------------------------------------------------------------------------------------- 49.1 65.3 20 31.2 2 491.6 0.0 0.04 0.1 17.0 3 NNW Max >= 90.0: 0 Max <= 32.0: 0 Min <= 32.0: 1 Min <= 0.0: 0 Max Rain: 0.01 ON 01/03/22 Days of Rain: 0 (>.01 in) 0 (>.1 in) 0 (>1 in) Heat Base: 65.0 Cool Base: 65.0 Method: Integration

These reports are produced by WeatherLink V6.0.3.

deformed-offering