deformed-offering

NOAA-style climate reports

2022: Jan | Feb | Mar | Apr | May | Jun | Jul | Aug | Sep | Oct | Nov | Dec 
2021: Jan | Feb | Mar | Apr | May | Jun | Jul | Aug | Sep | Oct | Nov | Dec 
2020: Jan | Feb | Mar | Apr | May | Jun | Jul | Aug | Sep | Oct | Nov | Dec 
2019: Jan | Feb | Mar | Apr | May | Jun | Jul | Aug | Sep | Oct | Nov | Dec 
2018: Jan | Feb | Mar | Apr | May | Jun | Jul | Aug | Sep | Oct | Nov | Dec 
2017: Jan | Feb | Mar | Apr | May | Jun | Jul | Aug | Sep | Oct | Nov | Dec 
2016: Jan | Feb | Mar | Apr | May | Jun | Jul | Aug | Sep | Oct | Nov | Dec 
2015: Jan | Feb | Mar | Apr | May | Jun | Jul | Aug | Sep | Oct | Nov | Dec 
2014: Jan | Feb | Mar | Apr | May | Jun | Jul | Aug | Sep | Oct | Nov | Dec 
2013: Jan | Feb | Mar | Apr | May | Jun | Jul | Aug | Sep | Oct | Nov | Dec 
2012: Jan | Feb | Mar | Apr | May | Jun | Jul | Aug | Sep | Oct | Nov | Dec 
2011: Jan | Feb | Mar | Apr | May | Jun | Jul | Aug | Sep | Oct | Nov | Dec 
2010: Jan | Feb | Mar | Apr | May | Jun | Jul | Aug | Sep | Oct | Nov | Dec 
2009: Jan | Feb | Mar | Apr | May | Jun | Jul | Aug | Sep | Oct | Nov | Dec 
2008: Jan | Feb | Mar | Apr | May | Jun | Jul | Aug | Sep | Oct | Nov | Dec 
2007: Jan | Feb | Mar | Apr | May | Jun | Jul | Aug | Sep | Oct | Nov | Dec 
2006: Jan | Feb | Mar | Apr | May | Jun | Jul | Aug | Sep | Oct | Nov | Dec 
2005: Jan | Feb | Mar | Apr | May | Jun | Jul | Aug | Sep | Oct | Nov | Dec 
2004: Jan | Feb | Mar | Apr | May | Jun | Jul | Aug | Sep | Oct | Nov | Dec 

Report for 2022
ANNUAL CLIMATOLOGICAL SUMMARY NAME: KCASARAT1 CITY: Saratoga STATE: CA ELEV: 375 ft LAT: 37 16' 28" N LONG: 122 01' 23" W TEMPERATURE (F), HEAT BASE 65.0, COOL BASE 65.0 DEP. HEAT COOL MEAN MEAN FROM DEG DEG MAX MAX MIN MIN YR MO MAX MIN MEAN NORM DAYS DAYS HI DATE LOW DATE >=90 <=32 <=32 <=0 ------------------------------------------------------------------------------------ 22 1 61.3 40.4 49.1 -0.4 492 0 65.3 20 31.2 2 0 0 1 0 22 2 65.6 39.3 51.0 -0.1 408 17 76.8 11 29.7 24 0 0 2 0 22 3 67.8 43.5 54.3 -1.1 352 23 81.6 22 35.8 7 0 0 0 0 22 4 70.8 45.8 57.3 1.3 278 46 90.7 7 38.3 13 1 0 0 0 22 5 77.1 49.0 62.3 2.2 195 113 94.7 25 40.3 11 2 0 0 0 22 6 83.9 56.1 69.3 4.3 76 206 99.0 21 48.0 19 6 0 0 0 22 7 81.8 58.6 68.8 1.5 57 175 93.4 10 53.2 15 4 0 0 0 22 8 85.2 59.3 70.4 3.1 46 215 97.8 16 52.2 14 3 0 0 0 22 9 85.0 58.9 70.3 3.8 65 224 109.1 6 51.3 17 9 0 0 0 22 10 74.9 51.8 61.3 0.8 183 67 89.3 19 41.6 26 0 0 0 0 22 11 62.3 40.7 49.6 -4.4 464 2 71.1 25 34.6 30 0 0 0 0 22 12 53.2 40.2 46.8 -3.5 152 0 58.3 4 33.2 2 0 0 0 0 ------------------------------------------------------------------------------------ 73.7 49.2 60.1 0.6 2768 1086 109.1 SEP 29.7 FEB 25 0 3 0 PRECIPITATION (in) DEP. MAX DAYS OF RAIN FROM OBS. OVER YR MO TOTAL NORM DAY DATE .01 .1 1 --------------------------------------------- 22 1 0.04 -1.56 0.01 3 0 0 0 22 2 0.02 -3.28 0.02 22 1 0 0 22 3 1.75 0.45 0.74 27 5 3 0 22 4 1.76 0.06 0.84 21 5 3 0 22 5 0.00 -0.50 0.00 1 0 0 0 22 6 0.00 0.00 0.00 1 0 0 0 22 7 0.00 0.00 0.00 1 0 0 0 22 8 0.00 0.00 0.00 1 0 0 0 22 9 0.54 0.54 0.54 18 1 1 0 22 10 0.00 0.00 0.00 1 0 0 0 22 11 2.46 -0.04 2.03 8 4 3 1 22 12 3.11 -6.29 1.28 3 8 4 2 --------------------------------------------- 9.68-10.62 2.03 NOV 24 14 3 WIND SPEED (mph) DOM YR MO AVG. HI DATE DIR --------------------------------- 22 1 0.1 17.0 3 NNW 22 2 0.2 21.0 2 NNW 22 3 1.4 25.0 27 N 22 4 1.8 22.0 11 N 22 5 1.7 18.0 8 N 22 6 1.7 19.0 12 N 22 7 1.6 17.0 2 N 22 8 1.4 17.0 21 N 22 9 1.3 22.0 18 N 22 10 1.1 17.0 22 N 22 11 1.3 19.0 28 SW 22 12 1.2 21.0 1 WSW --------------------------------- 1.2 25.0 MAR N

These reports are produced by WeatherLink V6.0.3.

deformed-offering