deformed-offering

NOAA-style climate reports

2022: Jan | Feb | Mar | Apr | May | Jun | Jul | Aug | Sep | Oct | Nov | Dec 
2021: Jan | Feb | Mar | Apr | May | Jun | Jul | Aug | Sep | Oct | Nov | Dec 
2020: Jan | Feb | Mar | Apr | May | Jun | Jul | Aug | Sep | Oct | Nov | Dec 
2019: Jan | Feb | Mar | Apr | May | Jun | Jul | Aug | Sep | Oct | Nov | Dec 
2018: Jan | Feb | Mar | Apr | May | Jun | Jul | Aug | Sep | Oct | Nov | Dec 
2017: Jan | Feb | Mar | Apr | May | Jun | Jul | Aug | Sep | Oct | Nov | Dec 
2016: Jan | Feb | Mar | Apr | May | Jun | Jul | Aug | Sep | Oct | Nov | Dec 
2015: Jan | Feb | Mar | Apr | May | Jun | Jul | Aug | Sep | Oct | Nov | Dec 
2014: Jan | Feb | Mar | Apr | May | Jun | Jul | Aug | Sep | Oct | Nov | Dec 
2013: Jan | Feb | Mar | Apr | May | Jun | Jul | Aug | Sep | Oct | Nov | Dec 
2012: Jan | Feb | Mar | Apr | May | Jun | Jul | Aug | Sep | Oct | Nov | Dec 
2011: Jan | Feb | Mar | Apr | May | Jun | Jul | Aug | Sep | Oct | Nov | Dec 
2010: Jan | Feb | Mar | Apr | May | Jun | Jul | Aug | Sep | Oct | Nov | Dec 
2009: Jan | Feb | Mar | Apr | May | Jun | Jul | Aug | Sep | Oct | Nov | Dec 
2008: Jan | Feb | Mar | Apr | May | Jun | Jul | Aug | Sep | Oct | Nov | Dec 
2007: Jan | Feb | Mar | Apr | May | Jun | Jul | Aug | Sep | Oct | Nov | Dec 
2006: Jan | Feb | Mar | Apr | May | Jun | Jul | Aug | Sep | Oct | Nov | Dec 
2005: Jan | Feb | Mar | Apr | May | Jun | Jul | Aug | Sep | Oct | Nov | Dec 
2004: Jan | Feb | Mar | Apr | May | Jun | Jul | Aug | Sep | Oct | Nov | Dec 

Report for 2021 12
MONTHLY CLIMATOLOGICAL SUMMARY for DEC. 2021 NAME: KCASARAT1 CITY: Saratoga STATE: CA ELEV: 375 ft LAT: 37 16' 28" N LONG: 122 01' 23" W TEMPERATURE (F), RAIN (in), WIND SPEED (mph) HEAT COOL AVG MEAN DEG DEG WIND DOM DAY TEMP HIGH TIME LOW TIME DAYS DAYS RAIN SPEED HIGH TIME DIR ------------------------------------------------------------------------------------ 1 54.4 70.4 3:20p 44.6 7:15a 11.2 0.6 0.00 0.0 5.0 11:45a NE 2 52.6 66.6 2:35p 42.8 7:00a 12.5 0.1 0.00 0.0 5.0 10:25a N 3 53.3 57.8 2:15p 49.8 12:05a 11.7 0.0 0.00 0.3 8.0 11:45a NE 4 53.1 59.0 3:00p 48.5 7:40p 11.9 0.0 0.00 0.1 8.0 3:15p N 5 50.8 62.4 3:05p 43.5 11:25p 14.2 0.0 0.00 0.1 6.0 2:50p W 6 49.8 52.5 3:00p 43.8 12:05a 15.2 0.0 0.00 0.0 3.0 5:10a N 7 52.0 57.3 3:20p 46.2 11:10p 13.0 0.0 0.09 0.1 6.0 12:15p NW 8 51.1 56.7 3:30p 44.8 7:30a 13.9 0.0 0.01 0.1 7.0 8:45a ENE 9 49.5 55.4 1:30p 40.5 12:00m 15.5 0.0 0.14 0.7 13.0 11:05a NNW 10 43.8 54.7 2:30p 37.0 7:45a 21.2 0.0 0.01 0.1 8.0 1:35p N 11 42.6 55.9 2:50p 34.3 6:50a 22.3 0.0 0.00 0.1 8.0 3:35p NE 12 50.5 59.0 1:25p 40.2 12:05a 14.5 0.0 0.30 2.7 25.0 10:15p E 13 52.6 55.1 11:55a 45.2 11:15p 12.4 0.0 4.01 2.6 29.0 5:55a S 14 44.2 50.2 2:50p 36.8 12:00m 20.8 0.0 0.22 0.7 14.0 2:40p NW 15 46.3 53.2 2:50p 36.6 12:25a 18.7 0.0 0.19 2.1 25.0 10:10p ESE 16 50.0 55.3 2:00p 43.8 8:00p 15.0 0.0 0.39 0.5 14.0 12:10a NNW 17 44.3 53.8 3:05p 37.3 7:30a 20.7 0.0 0.00 0.1 12.0 12:50p WNW 18 40.6 51.0 3:10p 32.9 7:00a 24.3 0.0 0.01 0.1 7.0 11:45a NNW 19 42.2 52.9 3:00p 32.5 6:35a 22.8 0.0 0.01 0.2 10.0 1:15p ESE 20 46.8 55.1 2:55p 39.5 7:15a 18.2 0.0 0.00 0.5 11.0 12:05p E 21 45.3 58.3 3:25p 36.0 7:45a 19.7 0.0 0.28 0.0 6.0 12:10p NE 22 54.0 61.2 1:50p 48.2 7:30a 11.0 0.0 0.41 1.6 17.0 10:45a E 23 55.8 58.6 2:20p 50.8 11:10p 9.2 0.0 1.15 1.9 18.0 3:05a S 24 51.0 53.6 3:20p 47.6 11:10p 14.0 0.0 0.56 0.6 14.0 12:45p NW 25 48.3 52.8 11:05a 42.1 11:55p 16.7 0.0 0.83 1.4 19.0 9:30a ESE 26 45.1 51.7 1:50p 38.5 8:00a 19.9 0.0 0.10 0.3 16.0 4:25a ESE 27 45.5 49.9 12:25p 41.2 10:55p 19.5 0.0 0.42 0.5 14.0 1:10p NW 28 44.6 49.2 3:45p 39.5 1:45a 20.4 0.0 0.02 1.3 16.0 10:10p ESE 29 48.4 53.1 2:45p 44.6 11:50p 16.6 0.0 0.54 1.4 14.0 1:20a ESE 30 46.0 51.7 3:05p 39.5 7:35a 18.9 0.0 0.00 0.4 9.0 3:40p NNW 31 44.4 51.3 1:45p 39.3 12:00m 20.6 0.0 0.00 0.4 12.0 10:05a NNW ------------------------------------------------------------------------------------- 48.4 70.4 1 32.5 19 516.5 0.7 9.69 0.7 29.0 13 ESE Max >= 90.0: 0 Max <= 32.0: 0 Min <= 32.0: 0 Min <= 0.0: 0 Max Rain: 4.01 ON 12/13/21 Days of Rain: 16 (>.01 in) 13 (>.1 in) 2 (>1 in) Heat Base: 65.0 Cool Base: 65.0 Method: Integration

These reports are produced by WeatherLink V6.0.3.

deformed-offering