deformed-offering

NOAA-style climate reports

2022: Jan | Feb | Mar | Apr | May | Jun | Jul | Aug | Sep | Oct | Nov | Dec 
2021: Jan | Feb | Mar | Apr | May | Jun | Jul | Aug | Sep | Oct | Nov | Dec 
2020: Jan | Feb | Mar | Apr | May | Jun | Jul | Aug | Sep | Oct | Nov | Dec 
2019: Jan | Feb | Mar | Apr | May | Jun | Jul | Aug | Sep | Oct | Nov | Dec 
2018: Jan | Feb | Mar | Apr | May | Jun | Jul | Aug | Sep | Oct | Nov | Dec 
2017: Jan | Feb | Mar | Apr | May | Jun | Jul | Aug | Sep | Oct | Nov | Dec 
2016: Jan | Feb | Mar | Apr | May | Jun | Jul | Aug | Sep | Oct | Nov | Dec 
2015: Jan | Feb | Mar | Apr | May | Jun | Jul | Aug | Sep | Oct | Nov | Dec 
2014: Jan | Feb | Mar | Apr | May | Jun | Jul | Aug | Sep | Oct | Nov | Dec 
2013: Jan | Feb | Mar | Apr | May | Jun | Jul | Aug | Sep | Oct | Nov | Dec 
2012: Jan | Feb | Mar | Apr | May | Jun | Jul | Aug | Sep | Oct | Nov | Dec 
2011: Jan | Feb | Mar | Apr | May | Jun | Jul | Aug | Sep | Oct | Nov | Dec 
2010: Jan | Feb | Mar | Apr | May | Jun | Jul | Aug | Sep | Oct | Nov | Dec 
2009: Jan | Feb | Mar | Apr | May | Jun | Jul | Aug | Sep | Oct | Nov | Dec 
2008: Jan | Feb | Mar | Apr | May | Jun | Jul | Aug | Sep | Oct | Nov | Dec 
2007: Jan | Feb | Mar | Apr | May | Jun | Jul | Aug | Sep | Oct | Nov | Dec 
2006: Jan | Feb | Mar | Apr | May | Jun | Jul | Aug | Sep | Oct | Nov | Dec 
2005: Jan | Feb | Mar | Apr | May | Jun | Jul | Aug | Sep | Oct | Nov | Dec 
2004: Jan | Feb | Mar | Apr | May | Jun | Jul | Aug | Sep | Oct | Nov | Dec 

Report for 2021 11
MONTHLY CLIMATOLOGICAL SUMMARY for NOV. 2021 NAME: KCASARAT1 CITY: Saratoga STATE: CA ELEV: 375 ft LAT: 37 16' 28" N LONG: 122 01' 23" W TEMPERATURE (F), RAIN (in), WIND SPEED (mph) HEAT COOL AVG MEAN DEG DEG WIND DOM DAY TEMP HIGH TIME LOW TIME DAYS DAYS RAIN SPEED HIGH TIME DIR ------------------------------------------------------------------------------------ 1 59.8 67.1 3:00p 56.3 12:05a 5.3 0.1 0.03 2.3 20.0 8:30a E 2 60.0 68.1 2:45p 54.8 11:50p 5.4 0.4 0.01 0.3 7.0 3:00p N 3 59.6 73.0 3:35p 50.1 7:50a 6.8 1.4 0.02 0.3 7.0 1:55p NE 4 59.5 66.3 3:20p 50.8 12:00m 5.6 0.1 0.00 0.6 13.0 2:00p N 5 53.8 66.0 3:00p 46.2 7:40a 11.3 0.0 0.02 0.3 11.0 3:30p N 6 55.2 64.8 2:45p 48.0 6:00a 9.8 0.0 0.00 0.6 13.0 2:45p N 7 50.7 61.0 2:10p 42.6 6:50a 14.3 0.0 0.00 0.5 12.0 8:20a N 8 52.1 66.0 2:00p 40.8 6:50a 12.9 0.0 0.11 0.3 19.0 11:25p E 9 57.4 66.3 1:25p 51.6 12:15a 7.7 0.0 0.25 1.4 17.0 1:00a E 10 58.6 67.8 2:15p 51.0 12:00m 6.7 0.3 0.00 0.3 8.0 2:00p W 11 57.6 70.9 3:15p 49.4 7:10a 8.3 0.9 0.00 0.3 11.0 11:00a N 12 57.9 72.1 2:25p 48.0 6:55a 8.4 1.3 0.01 0.3 13.0 11:35a N 13 57.9 74.6 2:45p 47.9 5:30a 8.7 1.6 0.01 0.3 12.0 2:10p N 14 56.8 70.9 2:00p 47.6 6:35a 9.1 0.9 0.00 0.1 8.0 1:40p N 15 54.6 64.5 2:05p 46.5 6:40a 10.4 0.0 0.00 0.1 7.0 12:40p NNE 16 54.9 62.1 12:45p 47.6 11:55p 10.1 0.0 0.01 0.3 11.0 12:55p NE 17 53.1 65.3 2:30p 44.3 7:10a 11.9 0.0 0.00 0.2 11.0 10:25a WNW 18 53.3 63.4 2:25p 45.2 7:05a 11.7 0.0 0.00 0.1 6.0 2:30p NE 19 57.4 66.4 1:15p 49.4 6:35a 7.7 0.1 0.03 0.2 10.0 4:05p N 20 56.6 65.3 2:30p 46.0 12:00m 8.4 0.0 0.00 0.5 12.0 10:40a NNW 21 52.3 66.4 3:00p 42.8 6:50a 12.8 0.1 0.00 0.1 7.0 11:40a N 22 51.8 68.1 3:30p 41.8 6:40a 13.5 0.3 0.00 0.0 6.0 3:35p NNE 23 50.6 64.5 1:45p 41.1 7:15a 14.4 0.0 0.00 0.3 11.0 1:15p N 24 51.8 63.2 2:15p 41.1 6:55a 13.2 0.0 0.00 0.2 17.0 11:10a WSW 25 50.0 64.8 2:40p 39.6 7:00a 15.0 0.0 0.00 0.0 6.0 11:30a NNE 26 50.8 64.2 3:20p 42.3 7:45a 14.2 0.0 0.00 0.2 10.0 1:00p NNE 27 53.5 69.9 3:15p 42.6 7:15a 12.1 0.6 0.00 0.1 8.0 12:15p N 28 54.2 67.8 2:55p 45.2 7:25a 11.1 0.3 0.00 0.1 8.0 12:05p N 29 53.7 69.1 3:10p 44.5 7:00a 11.7 0.5 0.00 0.1 8.0 11:55a N 30 54.6 72.0 3:00p 43.6 7:20a 11.5 1.1 0.00 0.2 8.0 11:30a N ------------------------------------------------------------------------------------- 55.0 74.6 13 39.6 25 310.0 10.0 0.50 0.4 20.0 1 N Max >= 90.0: 0 Max <= 32.0: 0 Min <= 32.0: 0 Min <= 0.0: 0 Max Rain: 0.25 ON 11/09/21 Days of Rain: 6 (>.01 in) 2 (>.1 in) 0 (>1 in) Heat Base: 65.0 Cool Base: 65.0 Method: Integration

These reports are produced by WeatherLink V6.0.3.

deformed-offering