deformed-offering

NOAA-style climate reports

2021: Jan | Feb | Mar | Apr | May | Jun | Jul | Aug | Sep | Oct | Nov | Dec 
2020: Jan | Feb | Mar | Apr | May | Jun | Jul | Aug | Sep | Oct | Nov | Dec 
2019: Jan | Feb | Mar | Apr | May | Jun | Jul | Aug | Sep | Oct | Nov | Dec 
2018: Jan | Feb | Mar | Apr | May | Jun | Jul | Aug | Sep | Oct | Nov | Dec 
2017: Jan | Feb | Mar | Apr | May | Jun | Jul | Aug | Sep | Oct | Nov | Dec 
2016: Jan | Feb | Mar | Apr | May | Jun | Jul | Aug | Sep | Oct | Nov | Dec 
2015: Jan | Feb | Mar | Apr | May | Jun | Jul | Aug | Sep | Oct | Nov | Dec 
2014: Jan | Feb | Mar | Apr | May | Jun | Jul | Aug | Sep | Oct | Nov | Dec 
2013: Jan | Feb | Mar | Apr | May | Jun | Jul | Aug | Sep | Oct | Nov | Dec 
2012: Jan | Feb | Mar | Apr | May | Jun | Jul | Aug | Sep | Oct | Nov | Dec 
2011: Jan | Feb | Mar | Apr | May | Jun | Jul | Aug | Sep | Oct | Nov | Dec 
2010: Jan | Feb | Mar | Apr | May | Jun | Jul | Aug | Sep | Oct | Nov | Dec 
2009: Jan | Feb | Mar | Apr | May | Jun | Jul | Aug | Sep | Oct | Nov | Dec 
2008: Jan | Feb | Mar | Apr | May | Jun | Jul | Aug | Sep | Oct | Nov | Dec 
2007: Jan | Feb | Mar | Apr | May | Jun | Jul | Aug | Sep | Oct | Nov | Dec 
2006: Jan | Feb | Mar | Apr | May | Jun | Jul | Aug | Sep | Oct | Nov | Dec 
2005: Jan | Feb | Mar | Apr | May | Jun | Jul | Aug | Sep | Oct | Nov | Dec 
2004: Jan | Feb | Mar | Apr | May | Jun | Jul | Aug | Sep | Oct | Nov | Dec 

Report for 2021 08
MONTHLY CLIMATOLOGICAL SUMMARY for AUG. 2021 NAME: KCASARAT1 CITY: Saratoga STATE: CA ELEV: 375 ft LAT: 37 16' 28" N LONG: 122 01' 23" W TEMPERATURE (F), RAIN (in), WIND SPEED (mph) HEAT COOL AVG MEAN DEG DEG WIND DOM DAY TEMP HIGH TIME LOW TIME DAYS DAYS RAIN SPEED HIGH TIME DIR ------------------------------------------------------------------------------------ 1 69.1 79.6 2:50p 61.8 5:15a 0.9 4.9 0.00 1.4 12.0 2:05p N 2 67.6 81.2 2:30p 54.7 6:10a 2.9 5.5 0.00 1.2 11.0 1:55p N 3 69.2 84.1 5:00p 58.1 2:30a 2.3 6.5 0.00 1.0 10.0 12:35p N 4 66.7 79.2 3:45p 59.2 5:00a 2.2 3.9 0.00 1.5 12.0 3:00p N 5 67.3 77.6 1:50p 60.9 4:50a 1.3 3.5 0.00 1.6 14.0 2:30p N 6 71.4 88.2 3:30p 58.4 7:00a 1.6 8.1 0.00 1.3 11.0 4:45p NE 7 70.8 86.3 2:50p 57.5 4:50a 1.7 7.5 0.00 1.2 11.0 1:45p N 8 71.0 86.5 2:25p 60.5 6:05a 1.1 7.2 0.00 1.4 13.0 2:25p N 9 69.3 84.9 2:55p 55.3 6:30a 2.2 6.5 0.00 1.1 11.0 1:20p N 10 71.4 89.3 4:25p 56.7 4:55a 2.0 8.4 0.00 1.0 10.0 4:00p N 11 72.0 86.5 3:20p 60.4 6:30a 0.9 7.9 0.00 1.2 11.0 1:35p N 12 71.9 87.2 2:25p 62.7 6:15a 0.5 7.3 0.00 1.2 10.0 2:05p N 13 70.1 82.8 2:05p 59.6 6:35a 1.1 6.1 0.00 1.2 11.0 2:05p N 14 71.1 85.3 2:25p 61.3 4:50a 0.8 6.9 0.00 1.2 11.0 2:45p N 15 71.2 86.5 2:50p 60.1 6:35a 1.1 7.3 0.00 1.0 11.0 2:50p N 16 72.0 87.6 2:50p 60.9 5:25a 0.9 7.9 0.00 1.0 10.0 3:05p NNE 17 70.0 84.0 2:25p 58.3 6:40a 1.5 6.5 0.00 1.5 12.0 3:00p NE 18 66.4 79.4 3:10p 55.1 6:55a 2.9 4.3 0.00 0.9 11.0 4:15p N 19 66.9 79.9 2:25p 57.2 4:45a 2.3 4.2 0.00 1.0 11.0 2:35p N 20 66.3 78.1 2:55p 58.1 4:00a 2.2 3.5 0.00 0.8 10.0 3:40p NE 21 66.7 77.0 3:30p 58.9 2:55a 2.0 3.8 0.00 1.4 18.0 11:45a ESE 22 66.6 79.8 2:45p 56.7 4:40a 2.5 4.1 0.00 1.4 14.0 3:00p N 23 64.5 81.4 2:30p 50.1 6:30a 4.7 4.2 0.00 1.2 12.0 2:00p N 24 65.6 80.3 3:05p 55.4 3:55a 3.3 3.8 0.00 1.2 13.0 3:30p N 25 65.4 78.3 3:05p 57.5 1:50a 3.0 3.4 0.00 1.4 11.0 3:30p NE 26 67.7 87.2 4:25p 51.7 5:20a 4.1 6.8 0.00 0.9 10.0 4:15p N 27 74.2 95.4 4:35p 55.4 7:00a 2.4 11.5 0.00 0.8 13.0 1:45p N 28 77.5 98.2 3:20p 60.4 7:05a 0.7 13.1 0.00 0.8 12.0 4:20p N 29 73.1 90.1 4:15p 60.1 6:35a 0.8 8.9 0.00 0.8 10.0 4:50p N 30 70.8 87.2 4:10p 59.6 4:45a 1.3 7.1 0.00 0.8 10.0 2:20p N 31 66.8 85.1 2:55p 52.5 6:55a 3.8 5.6 0.00 0.9 11.0 2:45p NE ------------------------------------------------------------------------------------- 69.4 98.2 28 50.1 23 61.0 196.2 0.00 1.1 18.0 21 N Max >= 90.0: 3 Max <= 32.0: 0 Min <= 32.0: 0 Min <= 0.0: 0 Max Rain: 0.00 ON 08/01/21 Days of Rain: 0 (>.01 in) 0 (>.1 in) 0 (>1 in) Heat Base: 65.0 Cool Base: 65.0 Method: Integration

These reports are produced by WeatherLink V6.0.3.

deformed-offering