deformed-offering

NOAA-style climate reports

2021: Jan | Feb | Mar | Apr | May | Jun | Jul | Aug | Sep | Oct | Nov | Dec 
2020: Jan | Feb | Mar | Apr | May | Jun | Jul | Aug | Sep | Oct | Nov | Dec 
2019: Jan | Feb | Mar | Apr | May | Jun | Jul | Aug | Sep | Oct | Nov | Dec 
2018: Jan | Feb | Mar | Apr | May | Jun | Jul | Aug | Sep | Oct | Nov | Dec 
2017: Jan | Feb | Mar | Apr | May | Jun | Jul | Aug | Sep | Oct | Nov | Dec 
2016: Jan | Feb | Mar | Apr | May | Jun | Jul | Aug | Sep | Oct | Nov | Dec 
2015: Jan | Feb | Mar | Apr | May | Jun | Jul | Aug | Sep | Oct | Nov | Dec 
2014: Jan | Feb | Mar | Apr | May | Jun | Jul | Aug | Sep | Oct | Nov | Dec 
2013: Jan | Feb | Mar | Apr | May | Jun | Jul | Aug | Sep | Oct | Nov | Dec 
2012: Jan | Feb | Mar | Apr | May | Jun | Jul | Aug | Sep | Oct | Nov | Dec 
2011: Jan | Feb | Mar | Apr | May | Jun | Jul | Aug | Sep | Oct | Nov | Dec 
2010: Jan | Feb | Mar | Apr | May | Jun | Jul | Aug | Sep | Oct | Nov | Dec 
2009: Jan | Feb | Mar | Apr | May | Jun | Jul | Aug | Sep | Oct | Nov | Dec 
2008: Jan | Feb | Mar | Apr | May | Jun | Jul | Aug | Sep | Oct | Nov | Dec 
2007: Jan | Feb | Mar | Apr | May | Jun | Jul | Aug | Sep | Oct | Nov | Dec 
2006: Jan | Feb | Mar | Apr | May | Jun | Jul | Aug | Sep | Oct | Nov | Dec 
2005: Jan | Feb | Mar | Apr | May | Jun | Jul | Aug | Sep | Oct | Nov | Dec 
2004: Jan | Feb | Mar | Apr | May | Jun | Jul | Aug | Sep | Oct | Nov | Dec 

Report for 2021
ANNUAL CLIMATOLOGICAL SUMMARY NAME: KCASARAT1 CITY: Saratoga STATE: CA ELEV: 375 ft LAT: 37 16' 28" N LONG: 122 01' 23" W TEMPERATURE (F), HEAT BASE 65.0, COOL BASE 65.0 DEP. HEAT COOL MEAN MEAN FROM DEG DEG MAX MAX MIN MIN YR MO MAX MIN MEAN NORM DAYS DAYS HI DATE LOW DATE >=90 <=32 <=32 <=0 ------------------------------------------------------------------------------------ 21 1 59.9 42.0 49.8 0.3 476 5 73.5 17 32.2 26 0 0 0 0 21 2 62.7 41.4 51.1 -0.0 393 4 75.4 23 37.0 18 0 0 0 0 21 3 64.2 41.3 51.7 -3.7 425 14 81.1 31 35.2 16 0 0 0 0 21 4 70.1 45.3 56.5 0.5 290 35 83.8 18 40.3 10 0 0 0 0 21 5 76.5 49.9 62.1 2.0 187 96 90.3 31 43.6 21 1 0 0 0 21 6 81.0 56.4 67.5 2.5 83 157 101.7 17 46.0 10 4 0 0 0 21 7 84.0 58.9 69.7 2.4 54 200 94.3 9 51.7 23 4 0 0 0 21 8 84.3 57.9 69.4 2.1 61 196 98.2 28 50.1 23 3 0 0 0 21 9 82.4 55.7 67.3 0.8 91 160 93.2 6 48.5 29 3 0 0 0 21 10 72.6 50.5 60.3 -0.2 205 60 89.5 3 42.1 13 0 0 0 0 21 11 67.1 46.3 55.0 1.0 310 10 74.6 13 39.6 25 0 0 0 0 21 12 62.1 47.4 53.3 3.0 37 1 70.4 1 42.8 2 0 0 0 0 ------------------------------------------------------------------------------------ 73.1 49.6 60.0 0.9 2612 939 101.7 JUN 32.2 JAN 15 0 0 0 PRECIPITATION (in) DEP. MAX DAYS OF RAIN FROM OBS. OVER YR MO TOTAL NORM DAY DATE .01 .1 1 --------------------------------------------- 21 1 6.07 4.47 2.29 27 7 6 3 21 2 0.33 -2.97 0.21 11 3 1 0 21 3 1.11 -0.19 0.26 9 8 5 0 21 4 0.00 -1.70 0.00 1 0 0 0 21 5 0.00 -0.50 0.00 1 0 0 0 21 6 0.00 0.00 0.00 1 0 0 0 21 7 0.00 0.00 0.00 1 0 0 0 21 8 0.00 0.00 0.00 1 0 0 0 21 9 0.00 0.00 0.00 1 0 0 0 21 10 4.46 4.46 3.09 24 5 3 2 21 11 0.50 -2.00 0.25 9 6 2 0 21 12 0.00 -9.40 0.00 1 0 0 0 --------------------------------------------- 12.47 -7.83 3.09 OCT 29 17 5 WIND SPEED (mph) DOM YR MO AVG. HI DATE DIR --------------------------------- 21 1 1.2 36.0 19 NW 21 2 1.2 24.0 13 NNW 21 3 1.5 25.0 23 N 21 4 1.2 24.0 20 N 21 5 1.4 20.0 20 N 21 6 1.6 20.0 7 N 21 7 1.4 13.0 1 N 21 8 1.1 18.0 21 N 21 9 0.9 16.0 19 N 21 10 1.0 39.0 24 N 21 11 0.4 20.0 1 N 21 12 0.1 8.0 3 N --------------------------------- 1.1 39.0 OCT N

These reports are produced by WeatherLink V6.0.3.

deformed-offering