deformed-offering

NOAA-style climate reports

2020: Jan | Feb | Mar | Apr | May | Jun | Jul | Aug | Sep | Oct | Nov | Dec 
2019: Jan | Feb | Mar | Apr | May | Jun | Jul | Aug | Sep | Oct | Nov | Dec 
2018: Jan | Feb | Mar | Apr | May | Jun | Jul | Aug | Sep | Oct | Nov | Dec 
2017: Jan | Feb | Mar | Apr | May | Jun | Jul | Aug | Sep | Oct | Nov | Dec 
2016: Jan | Feb | Mar | Apr | May | Jun | Jul | Aug | Sep | Oct | Nov | Dec 
2015: Jan | Feb | Mar | Apr | May | Jun | Jul | Aug | Sep | Oct | Nov | Dec 
2014: Jan | Feb | Mar | Apr | May | Jun | Jul | Aug | Sep | Oct | Nov | Dec 
2013: Jan | Feb | Mar | Apr | May | Jun | Jul | Aug | Sep | Oct | Nov | Dec 
2012: Jan | Feb | Mar | Apr | May | Jun | Jul | Aug | Sep | Oct | Nov | Dec 
2011: Jan | Feb | Mar | Apr | May | Jun | Jul | Aug | Sep | Oct | Nov | Dec 
2010: Jan | Feb | Mar | Apr | May | Jun | Jul | Aug | Sep | Oct | Nov | Dec 
2009: Jan | Feb | Mar | Apr | May | Jun | Jul | Aug | Sep | Oct | Nov | Dec 
2008: Jan | Feb | Mar | Apr | May | Jun | Jul | Aug | Sep | Oct | Nov | Dec 
2007: Jan | Feb | Mar | Apr | May | Jun | Jul | Aug | Sep | Oct | Nov | Dec 
2006: Jan | Feb | Mar | Apr | May | Jun | Jul | Aug | Sep | Oct | Nov | Dec 
2005: Jan | Feb | Mar | Apr | May | Jun | Jul | Aug | Sep | Oct | Nov | Dec 
2004: Jan | Feb | Mar | Apr | May | Jun | Jul | Aug | Sep | Oct | Nov | Dec 

Report for 2020 09
MONTHLY CLIMATOLOGICAL SUMMARY for SEP. 2020 NAME: KCASARAT1 CITY: Saratoga STATE: CA ELEV: 375 ft LAT: 37 16' 28" N LONG: 122 01' 23" W TEMPERATURE (F), RAIN (in), WIND SPEED (mph) HEAT COOL AVG MEAN DEG DEG WIND DOM DAY TEMP HIGH TIME LOW TIME DAYS DAYS RAIN SPEED HIGH TIME DIR ------------------------------------------------------------------------------------ 1 65.8 74.9 2:55p 60.2 6:40a 1.6 2.5 0.00 0.9 10.0 1:40p N 2 65.1 75.3 2:55p 58.6 2:30a 2.5 2.6 0.00 1.0 10.0 2:20p N 3 65.8 74.0 2:05p 60.2 12:00m 1.8 2.6 0.00 1.2 11.0 1:10p N 4 67.8 81.6 4:55p 58.0 1:50a 2.3 5.1 0.00 0.9 10.0 1:50p N 5 75.6 97.5 4:25p 57.8 6:35a 1.8 12.4 0.00 0.7 9.0 1:35p NE 6 84.1 104.6 4:45p 67.6 7:15a 0.0 19.1 0.00 0.7 10.0 11:35a N 7 84.6 103.3 3:35p 70.8 7:20a 0.0 19.6 0.00 0.9 11.0 3:35p NE 8 73.1 88.6 3:45p 63.4 6:30a 0.2 8.3 0.00 0.7 12.0 3:40p N 9 61.4 65.0 3:55p 58.1 4:25a 3.6 0.0 0.00 0.0 3.0 1:20p NNE 10 63.0 67.8 3:35p 58.7 11:05p 2.5 0.6 0.00 0.0 5.0 5:50p NW 11 63.4 74.6 5:10p 55.3 7:45a 3.6 2.0 0.00 0.1 5.0 12:35p NW 12 66.7 84.0 4:25p 54.5 4:20a 3.6 5.3 0.00 0.6 7.0 2:40p N 13 64.8 72.8 3:20p 59.2 3:40a 2.2 2.0 0.00 0.8 10.0 2:55p N 14 65.2 76.0 3:50p 58.9 12:00m 2.4 2.7 0.00 1.0 10.0 3:35p N 15 65.9 79.4 4:00p 55.9 2:55a 3.0 3.8 0.00 0.7 8.0 2:30p N 16 68.1 79.8 3:45p 59.2 6:25a 1.5 4.6 0.00 1.0 11.0 4:00p N 17 68.7 81.2 2:25p 58.7 7:15a 1.2 4.9 0.00 1.0 12.0 3:10p NE 18 68.8 77.6 3:25p 62.1 7:35a 0.5 4.3 0.00 1.4 13.0 2:40p N 19 67.6 81.1 4:15p 58.4 4:45a 2.1 4.7 0.00 1.1 11.0 2:30p N 20 70.0 88.2 3:05p 56.0 7:15a 2.5 7.5 0.00 0.9 11.0 3:10p N 21 67.4 83.0 2:25p 56.7 7:05a 2.5 4.9 0.00 0.9 11.0 2:05p N 22 65.4 80.3 2:45p 53.9 7:15a 3.6 4.0 0.00 1.0 12.0 2:55p NE 23 65.9 80.3 3:10p 53.2 7:10a 3.8 4.7 0.00 1.0 12.0 2:30p NE 24 69.3 80.1 3:35p 60.1 4:15a 1.1 5.4 0.00 1.4 14.0 4:40p N 25 64.1 76.8 2:45p 53.6 7:10a 4.0 3.1 0.00 1.0 11.0 3:20p NE 26 67.7 83.0 4:25p 55.6 4:50a 3.4 6.0 0.00 1.3 11.0 11:20a N 27 73.3 89.0 4:05p 59.6 5:00a 1.6 9.9 0.00 1.2 14.0 10:55a NNW 28 76.7 94.3 4:10p 63.4 6:35a 0.2 11.9 0.00 0.9 12.0 1:40p N 29 69.9 84.9 3:30p 58.9 7:30a 1.3 6.1 0.00 0.8 11.0 4:15p NE 30 70.4 85.9 3:40p 60.9 7:45a 1.3 6.7 0.00 0.5 8.0 4:30p NE ------------------------------------------------------------------------------------- 68.9 104.6 6 53.2 23 61.7 177.3 0.00 0.9 14.0 24 N Max >= 90.0: 4 Max <= 32.0: 0 Min <= 32.0: 0 Min <= 0.0: 0 Max Rain: 0.00 ON 09/01/20 Days of Rain: 0 (>.01 in) 0 (>.1 in) 0 (>1 in) Heat Base: 65.0 Cool Base: 65.0 Method: Integration

These reports are produced by WeatherLink V6.0.3.

deformed-offering