deformed-offering

NOAA-style climate reports

2020: Jan | Feb | Mar | Apr | May | Jun | Jul | Aug | Sep | Oct | Nov | Dec 
2019: Jan | Feb | Mar | Apr | May | Jun | Jul | Aug | Sep | Oct | Nov | Dec 
2018: Jan | Feb | Mar | Apr | May | Jun | Jul | Aug | Sep | Oct | Nov | Dec 
2017: Jan | Feb | Mar | Apr | May | Jun | Jul | Aug | Sep | Oct | Nov | Dec 
2016: Jan | Feb | Mar | Apr | May | Jun | Jul | Aug | Sep | Oct | Nov | Dec 
2015: Jan | Feb | Mar | Apr | May | Jun | Jul | Aug | Sep | Oct | Nov | Dec 
2014: Jan | Feb | Mar | Apr | May | Jun | Jul | Aug | Sep | Oct | Nov | Dec 
2013: Jan | Feb | Mar | Apr | May | Jun | Jul | Aug | Sep | Oct | Nov | Dec 
2012: Jan | Feb | Mar | Apr | May | Jun | Jul | Aug | Sep | Oct | Nov | Dec 
2011: Jan | Feb | Mar | Apr | May | Jun | Jul | Aug | Sep | Oct | Nov | Dec 
2010: Jan | Feb | Mar | Apr | May | Jun | Jul | Aug | Sep | Oct | Nov | Dec 
2009: Jan | Feb | Mar | Apr | May | Jun | Jul | Aug | Sep | Oct | Nov | Dec 
2008: Jan | Feb | Mar | Apr | May | Jun | Jul | Aug | Sep | Oct | Nov | Dec 
2007: Jan | Feb | Mar | Apr | May | Jun | Jul | Aug | Sep | Oct | Nov | Dec 
2006: Jan | Feb | Mar | Apr | May | Jun | Jul | Aug | Sep | Oct | Nov | Dec 
2005: Jan | Feb | Mar | Apr | May | Jun | Jul | Aug | Sep | Oct | Nov | Dec 
2004: Jan | Feb | Mar | Apr | May | Jun | Jul | Aug | Sep | Oct | Nov | Dec 

Report for 2020 08
MONTHLY CLIMATOLOGICAL SUMMARY for AUG. 2020 NAME: KCASARAT1 CITY: Saratoga STATE: CA ELEV: 375 ft LAT: 37 16' 28" N LONG: 122 01' 23" W TEMPERATURE (F), RAIN (in), WIND SPEED (mph) HEAT COOL AVG MEAN DEG DEG WIND DOM DAY TEMP HIGH TIME LOW TIME DAYS DAYS RAIN SPEED HIGH TIME DIR ------------------------------------------------------------------------------------ 1 67.1 82.0 2:50p 53.2 5:55a 3.5 5.6 0.00 1.1 11.0 2:55p N 2 68.7 84.3 2:15p 58.0 7:10a 2.3 6.0 0.00 1.2 11.0 1:35p N 3 70.9 88.2 2:05p 56.7 6:40a 2.2 8.2 0.00 1.4 13.0 6:20p NE 4 67.7 81.4 1:30p 57.2 6:30a 2.2 4.9 0.00 1.3 12.0 2:15p N 5 64.3 71.6 2:55p 58.4 4:10a 2.2 1.5 0.00 1.5 19.0 2:05p W 6 69.0 81.1 5:35p 59.3 7:00a 1.4 5.4 0.00 1.6 14.0 5:30p N 7 69.2 84.3 3:35p 55.4 6:20a 2.5 6.6 0.00 1.4 12.0 4:05p N 8 70.7 86.7 3:00p 57.2 6:40a 1.8 7.6 0.00 1.0 11.0 2:45p N 9 72.5 89.3 4:20p 58.7 6:40a 1.4 8.9 0.00 1.0 10.0 1:20p N 10 70.9 86.1 3:05p 59.8 6:45a 1.0 6.9 0.00 1.2 11.0 1:15p N 11 69.0 79.4 1:45p 62.1 7:00a 0.8 4.8 0.00 1.4 13.0 3:50p N 12 71.9 86.5 3:50p 61.5 1:30a 1.0 7.8 0.00 1.0 11.0 5:05p N 13 76.3 96.3 4:25p 59.5 6:40a 0.9 12.3 0.00 0.8 11.0 4:30p N 14 83.7 101.0 3:40p 69.9 4:00a 0.0 18.7 0.00 1.0 12.0 4:25p N 15 82.2 98.2 3:55p 68.6 6:50a 0.0 17.1 0.00 1.1 10.0 2:00p NE 16 84.6 102.0 3:55p 74.6 2:55a 0.0 19.6 0.00 1.5 24.0 4:05a N 17 80.6 96.1 2:40p 71.3 6:30a 0.0 15.6 0.00 0.9 12.0 3:10p N 18 81.3 98.7 2:50p 68.1 6:45a 0.0 16.2 0.00 1.1 14.0 2:15p N 19 78.1 94.9 3:45p 67.3 7:25a 0.0 13.1 0.00 0.7 13.0 3:00p NE 20 72.1 86.7 2:00p 58.6 6:50a 1.1 8.2 0.00 1.2 12.0 1:55p NE 21 72.6 89.9 2:50p 58.6 6:35a 1.4 9.0 0.00 1.4 13.0 1:15p N 22 73.1 88.0 3:15p 61.2 6:30a 0.6 8.7 0.00 0.6 10.0 2:55p N 23 72.8 87.4 1:55p 61.3 6:55a 0.5 8.4 0.00 0.8 11.0 1:50p N 24 74.1 88.4 2:45p 65.0 6:50a 0.0 9.1 0.00 1.1 11.0 2:25p N 25 70.7 80.7 2:35p 64.5 6:10a 0.1 5.8 0.00 1.1 11.0 1:30p N 26 67.9 77.6 1:40p 61.3 11:55p 0.6 3.5 0.00 1.3 12.0 2:40p N 27 67.3 79.0 3:20p 60.4 6:30a 1.7 4.0 0.00 1.1 10.0 2:30p N 28 67.7 80.3 2:55p 58.1 3:25a 2.3 5.0 0.00 0.9 10.0 1:20p NNE 29 67.3 80.1 2:15p 59.5 2:45a 2.0 4.3 0.00 0.9 11.0 2:10p N 30 68.2 80.5 2:55p 60.5 12:30a 1.6 4.9 0.00 1.0 10.0 2:45p N 31 67.4 79.9 3:45p 60.4 6:50a 1.6 4.0 0.00 0.9 10.0 4:05p N ------------------------------------------------------------------------------------- 72.3 102.0 16 53.2 1 36.7 261.7 0.00 1.1 24.0 16 N Max >= 90.0: 7 Max <= 32.0: 0 Min <= 32.0: 0 Min <= 0.0: 0 Max Rain: 0.00 ON 08/01/20 Days of Rain: 0 (>.01 in) 0 (>.1 in) 0 (>1 in) Heat Base: 65.0 Cool Base: 65.0 Method: Integration

These reports are produced by WeatherLink V6.0.3.

deformed-offering