deformed-offering

NOAA-style climate reports

2020: Jan | Feb | Mar | Apr | May | Jun | Jul | Aug | Sep | Oct | Nov | Dec 
2019: Jan | Feb | Mar | Apr | May | Jun | Jul | Aug | Sep | Oct | Nov | Dec 
2018: Jan | Feb | Mar | Apr | May | Jun | Jul | Aug | Sep | Oct | Nov | Dec 
2017: Jan | Feb | Mar | Apr | May | Jun | Jul | Aug | Sep | Oct | Nov | Dec 
2016: Jan | Feb | Mar | Apr | May | Jun | Jul | Aug | Sep | Oct | Nov | Dec 
2015: Jan | Feb | Mar | Apr | May | Jun | Jul | Aug | Sep | Oct | Nov | Dec 
2014: Jan | Feb | Mar | Apr | May | Jun | Jul | Aug | Sep | Oct | Nov | Dec 
2013: Jan | Feb | Mar | Apr | May | Jun | Jul | Aug | Sep | Oct | Nov | Dec 
2012: Jan | Feb | Mar | Apr | May | Jun | Jul | Aug | Sep | Oct | Nov | Dec 
2011: Jan | Feb | Mar | Apr | May | Jun | Jul | Aug | Sep | Oct | Nov | Dec 
2010: Jan | Feb | Mar | Apr | May | Jun | Jul | Aug | Sep | Oct | Nov | Dec 
2009: Jan | Feb | Mar | Apr | May | Jun | Jul | Aug | Sep | Oct | Nov | Dec 
2008: Jan | Feb | Mar | Apr | May | Jun | Jul | Aug | Sep | Oct | Nov | Dec 
2007: Jan | Feb | Mar | Apr | May | Jun | Jul | Aug | Sep | Oct | Nov | Dec 
2006: Jan | Feb | Mar | Apr | May | Jun | Jul | Aug | Sep | Oct | Nov | Dec 
2005: Jan | Feb | Mar | Apr | May | Jun | Jul | Aug | Sep | Oct | Nov | Dec 
2004: Jan | Feb | Mar | Apr | May | Jun | Jul | Aug | Sep | Oct | Nov | Dec 

Report for 2020 06
MONTHLY CLIMATOLOGICAL SUMMARY for JUN. 2020 NAME: KCASARAT1 CITY: Saratoga STATE: CA ELEV: 375 ft LAT: 37 16' 28" N LONG: 122 01' 23" W TEMPERATURE (F), RAIN (in), WIND SPEED (mph) HEAT COOL AVG MEAN DEG DEG WIND DOM DAY TEMP HIGH TIME LOW TIME DAYS DAYS RAIN SPEED HIGH TIME DIR ------------------------------------------------------------------------------------ 1 67.3 78.5 4:00p 58.6 7:05a 2.0 4.4 0.00 1.3 13.0 1:10p N 2 73.6 91.2 3:35p 56.3 5:45a 2.3 10.9 0.00 1.3 13.0 2:50p N 3 78.4 96.3 2:50p 62.7 6:05a 0.3 13.6 0.00 1.2 14.0 3:40p N 4 75.2 94.0 3:00p 59.3 6:05a 0.8 11.1 0.00 1.2 13.0 3:30p N 5 65.4 76.1 4:25p 56.6 12:00m 2.9 3.2 0.00 2.1 20.0 3:35p W 6 61.6 71.8 2:15p 54.2 5:20a 5.0 1.6 0.00 1.8 21.0 2:50p N 7 60.1 69.6 4:30p 52.5 2:30a 5.8 0.9 0.00 2.7 20.0 10:45a N 8 63.8 78.8 3:50p 48.8 5:25a 5.6 4.3 0.00 1.6 17.0 4:15p N 9 69.6 88.4 3:40p 51.0 6:05a 4.1 8.7 0.00 1.4 16.0 5:25p N 10 71.7 89.9 3:20p 55.7 5:55a 2.2 8.9 0.00 1.2 12.0 3:25p N 11 70.6 87.0 2:25p 55.7 6:10a 2.0 7.6 0.00 1.3 12.0 3:45p N 12 64.1 71.1 12:10p 57.0 6:20a 2.6 1.6 0.00 1.6 18.0 6:10p NW 13 62.9 72.3 3:20p 53.8 5:25a 4.1 2.0 0.00 1.9 16.0 1:10p N 14 66.2 77.6 3:20p 55.9 4:55a 2.9 4.1 0.00 1.7 14.0 2:00p N 15 66.6 79.6 3:15p 55.7 4:55a 3.0 4.6 0.00 1.4 14.0 3:05p N 16 63.8 75.8 2:35p 52.8 6:15a 4.1 2.9 0.00 1.5 14.0 8:45a N 17 68.8 85.3 4:10p 52.2 5:55a 3.8 7.6 0.00 1.4 13.0 1:20p N 18 73.6 92.5 3:40p 56.2 6:15a 2.0 10.6 0.00 1.5 16.0 2:45p N 19 69.7 86.3 3:00p 55.9 6:00a 1.9 6.6 0.00 1.4 11.0 2:40p N 20 67.1 81.2 3:35p 57.2 6:30a 2.5 4.6 0.00 1.5 13.0 3:55p N 21 68.7 82.8 2:10p 56.5 5:55a 2.5 6.2 0.00 1.4 14.0 2:40p N 22 70.7 88.4 3:45p 57.3 6:00a 2.2 7.8 0.00 1.3 11.0 2:25p N 23 71.3 88.6 3:00p 59.9 4:25a 1.2 7.5 0.00 1.5 12.0 3:20p N 24 72.2 86.5 3:40p 60.5 6:45a 0.9 8.0 0.00 1.3 11.0 2:30p NNE 25 70.5 86.3 3:05p 59.0 6:25a 1.5 7.0 0.00 1.4 14.0 2:05p N 26 71.8 86.3 2:55p 60.4 6:00a 0.8 7.6 0.00 1.5 12.0 5:05p N 27 71.8 87.0 1:45p 62.7 3:40a 0.5 7.3 0.00 1.4 12.0 4:35p N 28 66.2 80.3 3:00p 56.5 6:05a 2.8 4.0 0.00 1.3 14.0 4:05p W 29 67.3 84.0 4:20p 51.9 5:55a 4.0 6.3 0.00 1.5 16.0 4:50p N 30 71.4 89.9 3:05p 55.9 6:10a 2.4 8.7 0.00 1.3 20.0 4:55p NE ------------------------------------------------------------------------------------- 68.7 96.3 3 48.8 8 78.7 190.2 0.00 1.5 21.0 6 N Max >= 90.0: 4 Max <= 32.0: 0 Min <= 32.0: 0 Min <= 0.0: 0 Max Rain: 0.00 ON 06/01/20 Days of Rain: 0 (>.01 in) 0 (>.1 in) 0 (>1 in) Heat Base: 65.0 Cool Base: 65.0 Method: Integration

These reports are produced by WeatherLink V6.0.3.

deformed-offering