deformed-offering

NOAA-style climate reports

2019: Jan | Feb | Mar | Apr | May | Jun | Jul | Aug | Sep | Oct | Nov | Dec 
2018: Jan | Feb | Mar | Apr | May | Jun | Jul | Aug | Sep | Oct | Nov | Dec 
2017: Jan | Feb | Mar | Apr | May | Jun | Jul | Aug | Sep | Oct | Nov | Dec 
2016: Jan | Feb | Mar | Apr | May | Jun | Jul | Aug | Sep | Oct | Nov | Dec 
2015: Jan | Feb | Mar | Apr | May | Jun | Jul | Aug | Sep | Oct | Nov | Dec 
2014: Jan | Feb | Mar | Apr | May | Jun | Jul | Aug | Sep | Oct | Nov | Dec 
2013: Jan | Feb | Mar | Apr | May | Jun | Jul | Aug | Sep | Oct | Nov | Dec 
2012: Jan | Feb | Mar | Apr | May | Jun | Jul | Aug | Sep | Oct | Nov | Dec 
2011: Jan | Feb | Mar | Apr | May | Jun | Jul | Aug | Sep | Oct | Nov | Dec 
2010: Jan | Feb | Mar | Apr | May | Jun | Jul | Aug | Sep | Oct | Nov | Dec 
2009: Jan | Feb | Mar | Apr | May | Jun | Jul | Aug | Sep | Oct | Nov | Dec 
2008: Jan | Feb | Mar | Apr | May | Jun | Jul | Aug | Sep | Oct | Nov | Dec 
2007: Jan | Feb | Mar | Apr | May | Jun | Jul | Aug | Sep | Oct | Nov | Dec 
2006: Jan | Feb | Mar | Apr | May | Jun | Jul | Aug | Sep | Oct | Nov | Dec 
2005: Jan | Feb | Mar | Apr | May | Jun | Jul | Aug | Sep | Oct | Nov | Dec 
2004: Jan | Feb | Mar | Apr | May | Jun | Jul | Aug | Sep | Oct | Nov | Dec 

Report for 2019 05
MONTHLY CLIMATOLOGICAL SUMMARY for MAY. 2019 NAME: KCASARAT1 CITY: Saratoga STATE: CA ELEV: 375 ft LAT: 37 16' 28" N LONG: 122 01' 23" W TEMPERATURE (F), RAIN (in), WIND SPEED (mph) HEAT COOL AVG MEAN DEG DEG WIND DOM DAY TEMP HIGH TIME LOW TIME DAYS DAYS RAIN SPEED HIGH TIME DIR ------------------------------------------------------------------------------------ 1 59.6 74.4 3:40p 46.0 6:15a 7.9 2.5 0.00 0.8 13.0 4:00p N 2 61.4 76.8 3:00p 46.1 6:35a 6.8 3.2 0.00 0.7 13.0 2:40p N 3 61.0 77.2 3:20p 46.8 6:35a 7.1 3.2 0.00 0.7 12.0 1:20p N 4 58.6 71.1 1:50p 48.5 3:25a 7.5 1.2 0.00 0.8 14.0 4:30p N 5 59.3 69.1 4:50p 52.0 6:35a 6.3 0.7 0.00 0.9 12.0 12:55p N 6 58.8 66.4 3:20p 51.7 6:15a 6.4 0.1 0.04 0.7 14.0 3:50p S 7 60.7 70.9 2:10p 53.5 2:35a 5.4 1.1 0.00 0.9 13.0 3:30p N 8 61.4 73.5 2:50p 54.8 6:40a 5.0 1.4 0.00 0.9 14.0 4:00p N 9 61.6 68.3 3:15p 56.2 6:25a 4.0 0.6 0.00 0.8 16.0 3:25p ESE 10 63.7 76.3 3:40p 57.2 6:15a 3.7 2.4 0.00 0.7 13.0 3:40p N 11 62.7 73.3 2:15p 54.7 2:25a 4.2 1.9 0.00 0.8 14.0 3:00p N 12 63.4 73.9 2:45p 56.3 11:55p 3.6 2.0 0.00 0.8 12.0 2:20p N 13 61.0 74.0 4:05p 49.6 6:20a 5.7 1.7 0.00 0.9 12.0 4:40p N 14 60.9 68.4 1:20p 56.5 6:40a 4.4 0.3 0.00 0.5 12.0 1:05p N 15 59.1 66.6 3:20p 55.3 12:00m 5.9 0.1 0.84 1.9 28.0 2:50p ESE 16 55.1 61.2 3:45p 50.4 12:00m 9.9 0.0 0.14 0.6 18.0 2:25p W 17 54.7 63.2 4:35p 48.6 11:55p 10.3 0.0 0.00 0.4 11.0 5:35p N 18 51.1 57.2 10:40a 44.2 5:40a 13.9 0.0 0.45 1.2 19.0 6:10p E 19 53.7 58.7 4:25p 49.5 4:55a 11.3 0.0 0.42 0.6 14.0 10:50a SE 20 55.4 66.3 4:35p 46.2 5:55a 9.6 0.1 0.01 0.8 16.0 6:00p N 21 55.6 61.0 3:55p 52.0 7:05a 9.3 0.0 0.06 1.4 17.0 4:10p W 22 60.6 70.9 3:50p 52.9 12:05a 5.7 1.3 0.00 1.6 18.0 4:30a NW 23 60.4 71.8 3:10p 50.8 6:10a 6.0 1.4 0.00 0.7 12.0 4:35p ESE 24 61.6 73.3 3:10p 51.0 5:55a 5.5 2.1 0.00 1.0 13.0 3:10p N 25 60.9 71.5 4:40p 52.0 6:10a 5.5 1.4 0.00 1.0 17.0 12:30p W 26 55.8 62.1 2:45p 52.3 3:50a 9.2 0.0 0.11 1.4 16.0 1:05p W 27 57.2 66.4 2:25p 49.2 6:25a 7.9 0.1 0.00 1.3 13.0 4:00p W 28 62.3 74.2 3:20p 54.7 1:40a 4.9 2.2 0.00 1.5 13.0 1:45p N 29 63.0 76.8 2:20p 52.8 6:15a 5.0 3.0 0.00 1.3 13.0 2:15p N 30 61.6 71.8 2:15p 56.2 6:40a 4.5 1.1 0.00 1.4 13.0 2:20p N 31 66.3 80.1 2:55p 55.9 6:35a 3.4 4.7 0.00 1.2 13.0 2:55p N ------------------------------------------------------------------------------------- 59.6 80.1 31 44.2 18 205.8 39.8 2.07 1.0 28.0 15 N Max >= 90.0: 0 Max <= 32.0: 0 Min <= 32.0: 0 Min <= 0.0: 0 Max Rain: 0.84 ON 05/15/19 Days of Rain: 7 (>.01 in) 5 (>.1 in) 0 (>1 in) Heat Base: 65.0 Cool Base: 65.0 Method: Integration

These reports are produced by WeatherLink V6.0.3.

deformed-offering