deformed-offering

NOAA-style climate reports

2019: Jan | Feb | Mar | Apr | May | Jun | Jul | Aug | Sep | Oct | Nov | Dec 
2018: Jan | Feb | Mar | Apr | May | Jun | Jul | Aug | Sep | Oct | Nov | Dec 
2017: Jan | Feb | Mar | Apr | May | Jun | Jul | Aug | Sep | Oct | Nov | Dec 
2016: Jan | Feb | Mar | Apr | May | Jun | Jul | Aug | Sep | Oct | Nov | Dec 
2015: Jan | Feb | Mar | Apr | May | Jun | Jul | Aug | Sep | Oct | Nov | Dec 
2014: Jan | Feb | Mar | Apr | May | Jun | Jul | Aug | Sep | Oct | Nov | Dec 
2013: Jan | Feb | Mar | Apr | May | Jun | Jul | Aug | Sep | Oct | Nov | Dec 
2012: Jan | Feb | Mar | Apr | May | Jun | Jul | Aug | Sep | Oct | Nov | Dec 
2011: Jan | Feb | Mar | Apr | May | Jun | Jul | Aug | Sep | Oct | Nov | Dec 
2010: Jan | Feb | Mar | Apr | May | Jun | Jul | Aug | Sep | Oct | Nov | Dec 
2009: Jan | Feb | Mar | Apr | May | Jun | Jul | Aug | Sep | Oct | Nov | Dec 
2008: Jan | Feb | Mar | Apr | May | Jun | Jul | Aug | Sep | Oct | Nov | Dec 
2007: Jan | Feb | Mar | Apr | May | Jun | Jul | Aug | Sep | Oct | Nov | Dec 
2006: Jan | Feb | Mar | Apr | May | Jun | Jul | Aug | Sep | Oct | Nov | Dec 
2005: Jan | Feb | Mar | Apr | May | Jun | Jul | Aug | Sep | Oct | Nov | Dec 
2004: Jan | Feb | Mar | Apr | May | Jun | Jul | Aug | Sep | Oct | Nov | Dec 

Report for 2019 03
MONTHLY CLIMATOLOGICAL SUMMARY for MAR. 2019 NAME: KCASARAT1 CITY: Saratoga STATE: CA ELEV: 375 ft LAT: 37 16' 28" N LONG: 122 01' 23" W TEMPERATURE (F), RAIN (in), WIND SPEED (mph) HEAT COOL AVG MEAN DEG DEG WIND DOM DAY TEMP HIGH TIME LOW TIME DAYS DAYS RAIN SPEED HIGH TIME DIR ------------------------------------------------------------------------------------ 1 50.8 60.2 4:00p 42.5 6:50a 14.2 0.0 0.03 0.2 10.0 12:00m E 2 56.9 63.4 2:15p 51.6 1:30a 8.1 0.0 0.89 0.7 13.0 3:30a S 3 55.4 62.0 12:55p 50.5 5:30a 9.6 0.0 0.04 1.0 16.0 3:35p WNW 4 53.6 60.5 1:00p 48.6 6:55a 11.4 0.0 0.00 0.7 13.0 2:00p NW 5 53.5 58.6 4:45p 49.6 3:35a 11.5 0.0 0.21 3.6 35.0 8:00p ESE 6 54.8 61.6 11:15a 50.4 11:25p 10.2 0.0 1.24 2.8 26.0 12:35a S 7 49.6 54.7 10:45a 42.3 11:20p 15.3 0.0 0.09 0.4 10.0 11:00a W 8 46.5 56.5 2:35p 38.6 11:45p 18.4 0.0 0.03 1.3 18.0 2:45p W 9 46.5 53.3 1:20p 38.9 12:05a 18.5 0.0 0.20 1.9 17.0 10:45a ESE 10 49.4 58.7 1:30p 43.1 12:00m 14.9 0.0 0.19 1.4 16.0 12:45p E 11 49.3 63.2 4:50p 38.3 7:45a 15.6 0.0 0.00 1.3 16.0 1:50p NW 12 50.0 61.8 2:15p 40.1 6:35a 15.0 0.0 0.00 3.0 26.0 2:35p NW 13 51.4 62.0 4:15p 42.9 7:45a 13.6 0.0 0.00 2.7 17.0 2:05p NW 14 50.5 64.7 3:35p 38.5 5:30a 14.5 0.0 0.00 1.4 17.0 3:35p N 15 52.5 68.6 3:50p 38.9 7:40a 13.1 0.6 0.00 0.7 11.0 2:40p N 16 54.4 71.5 4:35p 39.8 7:25a 11.7 1.1 0.00 0.9 11.0 2:10p N 17 56.8 73.9 3:00p 42.2 7:25a 10.0 1.8 0.00 0.5 12.0 3:00p N 18 59.4 76.8 2:55p 45.4 7:40a 8.1 2.6 0.00 0.7 14.0 1:50p ESE 19 57.9 72.3 3:00p 47.4 6:30a 8.3 1.2 0.00 2.1 24.0 6:50p SSW 20 55.3 64.3 3:00p 46.1 12:00m 9.7 0.0 0.10 1.4 16.0 1:05p ESE 21 51.3 63.7 3:15p 41.2 7:20a 13.7 0.0 0.00 1.0 12.0 3:50p NW 22 51.6 59.2 3:05p 43.1 3:40a 13.4 0.0 0.16 1.6 14.0 11:20a ESE 23 54.2 61.2 3:35p 44.5 12:00m 10.8 0.0 0.42 1.0 14.0 4:05p NW 24 52.1 66.6 4:25p 38.2 7:20a 13.0 0.2 0.00 0.5 11.0 12:00m E 25 57.1 68.3 2:50p 47.6 4:05a 8.1 0.3 0.18 2.5 22.0 11:25a E 26 58.5 67.9 4:50p 51.6 5:50a 7.0 0.5 0.11 1.0 17.0 12:00m ESE 27 57.4 64.0 3:45p 48.8 12:00m 7.6 0.0 0.53 2.8 33.0 1:40a S 28 52.8 65.5 3:25p 44.6 4:25a 12.2 0.0 0.07 0.8 17.0 6:00p W 29 52.8 62.7 4:10p 43.6 6:45a 12.2 0.0 0.04 1.3 16.0 4:05p N 30 54.6 68.6 3:45p 42.9 6:30a 10.9 0.5 0.00 1.3 14.0 3:25p N 31 58.2 74.9 4:40p 43.6 6:50a 9.2 2.4 0.00 0.7 12.0 4:10p N ------------------------------------------------------------------------------------- 53.4 76.8 18 38.2 24 369.8 11.2 4.53 1.4 35.0 5 NW Max >= 90.0: 0 Max <= 32.0: 0 Min <= 32.0: 0 Min <= 0.0: 0 Max Rain: 1.24 ON 03/06/19 Days of Rain: 17 (>.01 in) 10 (>.1 in) 1 (>1 in) Heat Base: 65.0 Cool Base: 65.0 Method: Integration

These reports are produced by WeatherLink V6.0.3.

deformed-offering