deformed-offering

NOAA-style climate reports

2019: Jan | Feb | Mar | Apr | May | Jun | Jul | Aug | Sep | Oct | Nov | Dec 
2018: Jan | Feb | Mar | Apr | May | Jun | Jul | Aug | Sep | Oct | Nov | Dec 
2017: Jan | Feb | Mar | Apr | May | Jun | Jul | Aug | Sep | Oct | Nov | Dec 
2016: Jan | Feb | Mar | Apr | May | Jun | Jul | Aug | Sep | Oct | Nov | Dec 
2015: Jan | Feb | Mar | Apr | May | Jun | Jul | Aug | Sep | Oct | Nov | Dec 
2014: Jan | Feb | Mar | Apr | May | Jun | Jul | Aug | Sep | Oct | Nov | Dec 
2013: Jan | Feb | Mar | Apr | May | Jun | Jul | Aug | Sep | Oct | Nov | Dec 
2012: Jan | Feb | Mar | Apr | May | Jun | Jul | Aug | Sep | Oct | Nov | Dec 
2011: Jan | Feb | Mar | Apr | May | Jun | Jul | Aug | Sep | Oct | Nov | Dec 
2010: Jan | Feb | Mar | Apr | May | Jun | Jul | Aug | Sep | Oct | Nov | Dec 
2009: Jan | Feb | Mar | Apr | May | Jun | Jul | Aug | Sep | Oct | Nov | Dec 
2008: Jan | Feb | Mar | Apr | May | Jun | Jul | Aug | Sep | Oct | Nov | Dec 
2007: Jan | Feb | Mar | Apr | May | Jun | Jul | Aug | Sep | Oct | Nov | Dec 
2006: Jan | Feb | Mar | Apr | May | Jun | Jul | Aug | Sep | Oct | Nov | Dec 
2005: Jan | Feb | Mar | Apr | May | Jun | Jul | Aug | Sep | Oct | Nov | Dec 
2004: Jan | Feb | Mar | Apr | May | Jun | Jul | Aug | Sep | Oct | Nov | Dec 

Report for 2018 11
MONTHLY CLIMATOLOGICAL SUMMARY for NOV. 2018 NAME: KCASARAT1 CITY: Saratoga STATE: CA ELEV: 375 ft LAT: 37 16' 28" N LONG: 122 01' 23" W TEMPERATURE (F), RAIN (in), WIND SPEED (mph) HEAT COOL AVG MEAN DEG DEG WIND DOM DAY TEMP HIGH TIME LOW TIME DAYS DAYS RAIN SPEED HIGH TIME DIR ------------------------------------------------------------------------------------ 1 64.9 79.9 3:50p 54.5 7:25a 4.2 4.1 0.00 1.1 14.0 11:45a NW 2 62.7 77.9 3:45p 51.4 7:45a 5.4 3.1 0.00 0.5 11.0 1:15p N 3 62.5 80.3 4:45p 51.3 6:00a 6.3 3.8 0.00 0.8 11.0 10:55a NW 4 58.9 72.5 2:10p 48.0 7:15a 7.4 1.4 0.00 0.3 7.0 12:15p N 5 58.0 74.4 2:40p 47.9 6:35a 9.0 1.9 0.00 0.7 11.0 1:15p N 6 56.9 74.7 2:35p 44.8 5:25a 10.1 2.0 0.00 0.9 11.0 10:15a WSW 7 56.5 73.9 3:10p 44.2 6:45a 10.2 1.7 0.00 0.6 9.0 11:55a N 8 55.0 68.6 1:50p 45.5 6:45a 10.5 0.5 0.00 1.7 17.0 1:35p N 9 51.9 68.6 2:40p 40.8 7:05a 13.5 0.4 0.00 0.5 8.0 2:10p SSW 10 48.0 62.4 2:20p 37.9 7:00a 17.0 0.0 0.00 0.4 8.0 1:50p N 11 52.0 67.4 2:45p 41.2 1:20a 13.2 0.2 0.00 1.4 17.0 9:15a NW 12 49.8 66.8 2:40p 38.0 7:05a 15.3 0.1 0.00 0.2 8.0 1:55p N 13 49.9 62.7 3:10p 40.6 6:05a 15.1 0.0 0.00 0.0 3.0 5:40a N 14 49.5 66.4 2:10p 37.9 7:10a 15.7 0.1 0.00 0.4 10.0 1:50p N 15 48.0 62.6 3:20p 38.3 6:30a 16.9 0.0 0.00 0.1 5.0 11:05a N 16 49.0 65.5 2:50p 37.6 7:10a 16.0 0.0 0.00 0.2 6.0 10:40a NNW 17 48.2 62.4 2:25p 38.8 6:55a 16.8 0.0 0.00 0.3 8.0 3:10p N 18 48.2 61.8 3:35p 39.6 6:20a 16.8 0.0 0.00 0.1 6.0 2:20p N 19 49.1 63.1 3:30p 40.1 6:40a 15.9 0.0 0.00 0.0 3.0 11:05a NNE 20 50.5 64.5 2:55p 39.8 7:00a 14.5 0.0 0.00 0.2 6.0 2:40p N 21 57.1 60.7 1:45p 52.0 12:45a 7.9 0.0 0.56 1.5 18.0 10:15a ESE 22 55.6 62.3 1:55p 49.1 7:25a 9.4 0.0 0.36 1.1 14.0 2:45p E 23 57.7 61.5 3:10p 54.1 5:20a 7.3 0.0 0.27 0.4 9.0 12:10p ESE 24 57.2 61.5 11:55a 48.2 11:00p 7.8 0.0 0.05 0.3 10.0 12:05p N 25 52.3 63.4 2:50p 45.1 6:55a 12.7 0.0 0.01 0.5 10.0 1:30p N 26 53.0 64.2 2:30p 43.9 6:25a 12.0 0.0 0.01 0.2 7.0 3:45p N 27 54.7 61.8 3:10p 47.9 4:00a 10.3 0.0 0.05 0.9 12.0 3:55p ESE 28 58.1 60.4 3:15p 56.3 10:15p 6.9 0.0 0.88 1.1 18.0 9:50p ESE 29 54.9 57.2 1:50p 53.1 9:50p 10.1 0.0 0.84 2.3 20.0 7:45a SSW 30 52.2 59.6 2:10p 42.8 11:50p 12.8 0.0 0.00 2.4 17.0 1:30a NW ------------------------------------------------------------------------------------- 54.1 80.3 3 37.6 16 347.0 19.3 3.03 0.7 20.0 29 N Max >= 90.0: 0 Max <= 32.0: 0 Min <= 32.0: 0 Min <= 0.0: 0 Max Rain: 0.88 ON 11/28/18 Days of Rain: 7 (>.01 in) 5 (>.1 in) 0 (>1 in) Heat Base: 65.0 Cool Base: 65.0 Method: Integration

These reports are produced by WeatherLink V6.0.3.

deformed-offering