deformed-offering

NOAA-style climate reports

2024: Jan | Feb | Mar | Apr | May | Jun | Jul | Aug | Sep | Oct | Nov | Dec 
2023: Jan | Feb | Mar | Apr | May | Jun | Jul | Aug | Sep | Oct | Nov | Dec 
2022: Jan | Feb | Mar | Apr | May | Jun | Jul | Aug | Sep | Oct | Nov | Dec 
2021: Jan | Feb | Mar | Apr | May | Jun | Jul | Aug | Sep | Oct | Nov | Dec 
2020: Jan | Feb | Mar | Apr | May | Jun | Jul | Aug | Sep | Oct | Nov | Dec 
2019: Jan | Feb | Mar | Apr | May | Jun | Jul | Aug | Sep | Oct | Nov | Dec 
2018: Jan | Feb | Mar | Apr | May | Jun | Jul | Aug | Sep | Oct | Nov | Dec 
2017: Jan | Feb | Mar | Apr | May | Jun | Jul | Aug | Sep | Oct | Nov | Dec 
2016: Jan | Feb | Mar | Apr | May | Jun | Jul | Aug | Sep | Oct | Nov | Dec 
2015: Jan | Feb | Mar | Apr | May | Jun | Jul | Aug | Sep | Oct | Nov | Dec 
2014: Jan | Feb | Mar | Apr | May | Jun | Jul | Aug | Sep | Oct | Nov | Dec 
2013: Jan | Feb | Mar | Apr | May | Jun | Jul | Aug | Sep | Oct | Nov | Dec 
2012: Jan | Feb | Mar | Apr | May | Jun | Jul | Aug | Sep | Oct | Nov | Dec 
2011: Jan | Feb | Mar | Apr | May | Jun | Jul | Aug | Sep | Oct | Nov | Dec 
2010: Jan | Feb | Mar | Apr | May | Jun | Jul | Aug | Sep | Oct | Nov | Dec 
2009: Jan | Feb | Mar | Apr | May | Jun | Jul | Aug | Sep | Oct | Nov | Dec 
2008: Jan | Feb | Mar | Apr | May | Jun | Jul | Aug | Sep | Oct | Nov | Dec 
2007: Jan | Feb | Mar | Apr | May | Jun | Jul | Aug | Sep | Oct | Nov | Dec 
2006: Jan | Feb | Mar | Apr | May | Jun | Jul | Aug | Sep | Oct | Nov | Dec 
2005: Jan | Feb | Mar | Apr | May | Jun | Jul | Aug | Sep | Oct | Nov | Dec 
2004: Jan | Feb | Mar | Apr | May | Jun | Jul | Aug | Sep | Oct | Nov | Dec 

Report for 2024 05
MONTHLY CLIMATOLOGICAL SUMMARY for MAY. 2024 NAME: KCASARAT1 CITY: Saratoga STATE: CA ELEV: 375 ft LAT: 37 16' 28" N LONG: 122 01' 23" W TEMPERATURE (F), RAIN (in), WIND SPEED (mph) HEAT COOL AVG MEAN DEG DEG WIND DOM DAY TEMP HIGH TIME LOW TIME DAYS DAYS RAIN SPEED HIGH TIME DIR ------------------------------------------------------------------------------------ 1 61.0 77.4 4:15p 45.2 6:30a 7.4 3.3 0.00 1.3 13.0 12:35p N 2 62.1 76.3 3:35p 48.3 6:20a 6.1 3.2 0.00 1.3 13.0 4:00p N 3 63.4 76.3 2:20p 53.5 6:30a 4.5 2.9 0.00 1.5 16.0 6:25p N 4 53.0 57.6 12:05a 47.1 12:00m 12.0 0.0 0.76 1.4 16.0 7:15a W 5 52.7 64.0 3:35p 42.9 6:30a 12.3 0.0 0.00 1.4 17.0 9:55a W 6 54.6 67.3 3:50p 41.9 5:55a 10.6 0.2 0.00 1.5 13.0 5:20p SW 7 58.3 71.5 4:50p 46.2 4:40a 8.0 1.3 0.00 1.4 16.0 2:05p N 8 63.9 77.6 4:25p 47.4 6:25a 5.4 4.3 0.00 2.1 19.0 1:15p N 9 68.4 82.8 4:35p 53.5 6:25a 2.9 6.3 0.00 1.3 11.0 12:20p N 10 69.3 86.5 3:10p 52.8 6:05a 3.3 7.6 0.00 1.1 12.0 3:10p N 11 68.6 85.5 1:55p 54.1 6:05a 3.0 6.5 0.00 1.1 12.0 3:40p N 12 65.4 77.6 3:45p 56.6 2:35a 3.2 3.6 0.00 1.2 11.0 5:15p N 13 62.3 73.7 3:05p 55.0 1:30a 4.7 2.0 0.00 1.3 12.0 4:35p N 14 64.5 80.9 2:55p 54.8 6:20a 4.1 3.5 0.00 1.2 12.0 4:00p N 15 64.4 78.1 2:35p 56.0 6:40a 3.8 3.3 0.00 1.4 12.0 2:45p N 16 65.1 80.1 2:35p 54.4 5:15a 3.6 3.7 0.00 1.6 11.0 2:40p N 17 64.8 76.5 2:30p 56.5 6:35a 3.1 3.0 0.00 2.2 14.0 10:30a N 18 63.6 77.9 3:45p 53.6 3:35a 4.5 3.1 0.00 1.8 13.0 3:45p ESE 19 62.2 77.2 2:25p 49.1 6:05a 5.8 3.0 0.00 1.5 13.0 10:05a E 20 62.0 77.7 3:15p 46.8 6:00a 6.3 3.3 0.00 1.3 13.0 4:35p N 21 66.0 83.2 4:20p 49.1 6:10a 5.1 6.1 0.00 1.0 12.0 5:05p N 22 64.9 78.8 5:25p 51.7 6:10a 4.5 4.4 0.00 1.2 16.0 4:55p N 23 62.3 78.3 2:40p 49.6 6:10a 4.7 2.7 0.00 1.3 11.0 1:05p N 24 25 26 27 28 29 30 31 ------------------------------------------------------------------------------------- 62.7 86.5 10 41.9 6 128.9 77.3 0.76 1.4 19.0 8 N Max >= 90.0: 0 Max <= 32.0: 0 Min <= 32.0: 0 Min <= 0.0: 0 Max Rain: 0.76 ON 05/04/24 Days of Rain: 1 (>.01 in) 1 (>.1 in) 0 (>1 in) Heat Base: 65.0 Cool Base: 65.0 Method: Integration

These reports are produced by WeatherLink V6.0.3.

deformed-offering