deformed-offering

NOAA-style climate reports

2019: Jan | Feb | Mar | Apr | May | Jun | Jul | Aug | Sep | Oct | Nov | Dec 
2018: Jan | Feb | Mar | Apr | May | Jun | Jul | Aug | Sep | Oct | Nov | Dec 
2017: Jan | Feb | Mar | Apr | May | Jun | Jul | Aug | Sep | Oct | Nov | Dec 
2016: Jan | Feb | Mar | Apr | May | Jun | Jul | Aug | Sep | Oct | Nov | Dec 
2015: Jan | Feb | Mar | Apr | May | Jun | Jul | Aug | Sep | Oct | Nov | Dec 
2014: Jan | Feb | Mar | Apr | May | Jun | Jul | Aug | Sep | Oct | Nov | Dec 
2013: Jan | Feb | Mar | Apr | May | Jun | Jul | Aug | Sep | Oct | Nov | Dec 
2012: Jan | Feb | Mar | Apr | May | Jun | Jul | Aug | Sep | Oct | Nov | Dec 
2011: Jan | Feb | Mar | Apr | May | Jun | Jul | Aug | Sep | Oct | Nov | Dec 
2010: Jan | Feb | Mar | Apr | May | Jun | Jul | Aug | Sep | Oct | Nov | Dec 
2009: Jan | Feb | Mar | Apr | May | Jun | Jul | Aug | Sep | Oct | Nov | Dec 
2008: Jan | Feb | Mar | Apr | May | Jun | Jul | Aug | Sep | Oct | Nov | Dec 
2007: Jan | Feb | Mar | Apr | May | Jun | Jul | Aug | Sep | Oct | Nov | Dec 
2006: Jan | Feb | Mar | Apr | May | Jun | Jul | Aug | Sep | Oct | Nov | Dec 
2005: Jan | Feb | Mar | Apr | May | Jun | Jul | Aug | Sep | Oct | Nov | Dec 
2004: Jan | Feb | Mar | Apr | May | Jun | Jul | Aug | Sep | Oct | Nov | Dec 

Report for 2019 09
MONTHLY CLIMATOLOGICAL SUMMARY for SEP. 2019 NAME: KCASARAT1 CITY: Saratoga STATE: CA ELEV: 375 ft LAT: 37 16' 28" N LONG: 122 01' 23" W TEMPERATURE (F), RAIN (in), WIND SPEED (mph) HEAT COOL AVG MEAN DEG DEG WIND DOM DAY TEMP HIGH TIME LOW TIME DAYS DAYS RAIN SPEED HIGH TIME DIR ------------------------------------------------------------------------------------ 1 72.3 89.9 3:30p 58.3 7:00a 1.5 8.8 0.00 1.0 12.0 1:55p N 2 69.9 84.0 1:35p 60.5 6:35a 0.9 5.9 0.00 1.0 12.0 2:20p N 3 69.0 83.0 3:15p 60.2 7:50a 1.5 5.5 0.00 0.9 11.0 3:40p N 4 69.4 85.5 3:00p 58.7 7:05a 1.8 6.2 0.00 0.9 11.0 3:15p N 5 67.4 76.5 2:35p 62.4 6:30a 1.0 3.4 0.00 1.1 11.0 3:00p N 6 66.5 76.7 1:10p 58.1 7:15a 2.2 3.7 0.00 1.0 11.0 1:05p N 7 63.1 71.6 2:30p 54.8 6:05a 3.3 1.5 0.00 1.2 16.0 2:10p NW 8 65.2 77.7 3:15p 55.4 6:45a 3.3 3.4 0.00 1.1 14.0 3:20p W 9 65.0 78.5 2:50p 53.5 6:55a 4.0 3.9 0.00 1.5 16.0 2:05p W 10 64.5 75.8 1:25p 55.9 7:00a 3.2 2.7 0.00 1.2 14.0 2:30p W 11 66.8 84.0 4:10p 53.2 6:50a 4.1 5.9 0.00 1.1 13.0 4:10p N 12 72.1 90.5 4:35p 57.3 7:00a 2.3 9.5 0.00 0.8 12.0 5:15p N 13 75.9 95.1 3:20p 60.7 7:00a 0.8 11.7 0.00 1.0 14.0 3:15p N 14 72.1 89.3 2:10p 59.5 7:05a 1.0 8.1 0.00 0.9 11.0 1:25p N 15 66.9 77.9 4:40p 58.9 6:05a 1.9 3.8 0.00 1.3 19.0 5:55p N 16 65.9 72.7 3:50p 57.0 11:55p 0.8 1.7 0.00 1.3 14.0 4:00p N 17 63.2 77.6 3:30p 52.0 7:20a 5.1 3.3 0.00 1.2 17.0 4:35p N 18 63.6 74.6 4:35p 55.0 4:00a 3.9 2.5 0.00 1.0 16.0 6:05p NW 19 63.0 75.8 3:55p 51.7 6:45a 5.0 3.1 0.00 1.1 12.0 12:20p N 20 66.2 81.4 4:30p 53.1 7:05a 4.1 5.2 0.00 1.1 14.0 2:35p NW 21 62.8 81.2 1:25p 55.1 7:25a 2.9 1.6 0.00 0.7 12.0 11:35a N 22 23 24 25 26 27 28 29 30 ------------------------------------------------------------------------------------- 67.2 95.1 13 51.7 19 54.6 101.4 0.00 1.1 19.0 15 N Max >= 90.0: 2 Max <= 32.0: 0 Min <= 32.0: 0 Min <= 0.0: 0 Max Rain: 0.00 ON 09/01/19 Days of Rain: 0 (>.01 in) 0 (>.1 in) 0 (>1 in) Heat Base: 65.0 Cool Base: 65.0 Method: Integration

These reports are produced by WeatherLink V6.0.3.

deformed-offering