deformed-offering

NOAA-style climate reports

2021: Jan | Feb | Mar | Apr | May | Jun | Jul | Aug | Sep | Oct | Nov | Dec 
2020: Jan | Feb | Mar | Apr | May | Jun | Jul | Aug | Sep | Oct | Nov | Dec 
2019: Jan | Feb | Mar | Apr | May | Jun | Jul | Aug | Sep | Oct | Nov | Dec 
2018: Jan | Feb | Mar | Apr | May | Jun | Jul | Aug | Sep | Oct | Nov | Dec 
2017: Jan | Feb | Mar | Apr | May | Jun | Jul | Aug | Sep | Oct | Nov | Dec 
2016: Jan | Feb | Mar | Apr | May | Jun | Jul | Aug | Sep | Oct | Nov | Dec 
2015: Jan | Feb | Mar | Apr | May | Jun | Jul | Aug | Sep | Oct | Nov | Dec 
2014: Jan | Feb | Mar | Apr | May | Jun | Jul | Aug | Sep | Oct | Nov | Dec 
2013: Jan | Feb | Mar | Apr | May | Jun | Jul | Aug | Sep | Oct | Nov | Dec 
2012: Jan | Feb | Mar | Apr | May | Jun | Jul | Aug | Sep | Oct | Nov | Dec 
2011: Jan | Feb | Mar | Apr | May | Jun | Jul | Aug | Sep | Oct | Nov | Dec 
2010: Jan | Feb | Mar | Apr | May | Jun | Jul | Aug | Sep | Oct | Nov | Dec 
2009: Jan | Feb | Mar | Apr | May | Jun | Jul | Aug | Sep | Oct | Nov | Dec 
2008: Jan | Feb | Mar | Apr | May | Jun | Jul | Aug | Sep | Oct | Nov | Dec 
2007: Jan | Feb | Mar | Apr | May | Jun | Jul | Aug | Sep | Oct | Nov | Dec 
2006: Jan | Feb | Mar | Apr | May | Jun | Jul | Aug | Sep | Oct | Nov | Dec 
2005: Jan | Feb | Mar | Apr | May | Jun | Jul | Aug | Sep | Oct | Nov | Dec 
2004: Jan | Feb | Mar | Apr | May | Jun | Jul | Aug | Sep | Oct | Nov | Dec 

Report for 2021 06
MONTHLY CLIMATOLOGICAL SUMMARY for JUN. 2021 NAME: KCASARAT1 CITY: Saratoga STATE: CA ELEV: 375 ft LAT: 37 16' 28" N LONG: 122 01' 23" W TEMPERATURE (F), RAIN (in), WIND SPEED (mph) HEAT COOL AVG MEAN DEG DEG WIND DOM DAY TEMP HIGH TIME LOW TIME DAYS DAYS RAIN SPEED HIGH TIME DIR ------------------------------------------------------------------------------------ 1 68.7 83.6 2:55p 56.9 6:15a 2.0 5.7 0.00 1.3 11.0 12:40p N 2 65.6 77.2 4:15p 58.6 7:00a 2.8 3.5 0.00 1.5 11.0 1:35p N 3 68.4 84.1 3:15p 56.7 6:05a 2.6 6.0 0.00 1.2 11.0 6:05p NE 4 66.3 79.0 2:10p 56.0 6:05a 2.7 4.0 0.00 1.4 11.0 2:25p N 5 65.7 82.2 3:15p 51.4 6:10a 4.2 4.9 0.00 1.4 13.0 4:05p N 6 65.1 78.6 2:05p 52.2 6:20a 3.7 3.8 0.00 1.7 14.0 2:35p NE 7 61.0 74.9 2:05p 49.6 6:15a 5.9 1.8 0.00 1.8 20.0 4:00p W 8 59.3 71.6 3:55p 48.2 6:00a 6.8 1.1 0.00 1.7 14.0 2:45p W 9 57.8 70.1 2:30p 46.8 6:10a 7.9 0.7 0.00 1.8 19.0 3:35p W 10 58.9 72.1 3:25p 46.0 6:20a 7.7 1.6 0.00 1.5 16.0 4:20p N 11 61.9 74.7 3:00p 46.8 6:05a 6.3 3.2 0.00 1.7 17.0 3:50p N 12 68.6 83.0 3:10p 57.0 3:45a 2.2 5.9 0.00 1.8 16.0 2:50p N 13 70.5 79.2 2:55p 63.5 6:25a 0.2 5.7 0.00 1.6 13.0 3:40p NE 14 69.0 77.4 3:50p 61.3 12:00m 0.6 4.7 0.00 2.0 16.0 4:25p N 15 67.1 82.4 4:20p 51.4 6:05a 3.8 5.9 0.00 1.6 14.0 3:25p N 16 73.0 92.7 3:15p 55.1 6:05a 2.7 10.7 0.00 1.3 13.0 5:50p N 17 78.4 101.7 4:00p 59.6 6:05a 0.9 14.3 0.00 1.1 12.0 4:05p NE 18 78.3 97.8 3:05p 61.0 6:10a 0.5 13.1 0.00 1.2 11.0 3:05p NNE 19 20 21 22 23 24 25 26 27 28 29 30 ------------------------------------------------------------------------------------- 66.9 101.7 17 46.0 10 63.5 96.6 0.00 1.5 20.0 7 N Max >= 90.0: 3 Max <= 32.0: 0 Min <= 32.0: 0 Min <= 0.0: 0 Max Rain: 0.00 ON 06/01/21 Days of Rain: 0 (>.01 in) 0 (>.1 in) 0 (>1 in) Heat Base: 65.0 Cool Base: 65.0 Method: Integration

These reports are produced by WeatherLink V6.0.3.

deformed-offering