deformed-offering

NOAA-style climate reports

2018: Jan | Feb | Mar | Apr | May | Jun | Jul | Aug | Sep | Oct | Nov | Dec 
2017: Jan | Feb | Mar | Apr | May | Jun | Jul | Aug | Sep | Oct | Nov | Dec 
2016: Jan | Feb | Mar | Apr | May | Jun | Jul | Aug | Sep | Oct | Nov | Dec 
2015: Jan | Feb | Mar | Apr | May | Jun | Jul | Aug | Sep | Oct | Nov | Dec 
2014: Jan | Feb | Mar | Apr | May | Jun | Jul | Aug | Sep | Oct | Nov | Dec 
2013: Jan | Feb | Mar | Apr | May | Jun | Jul | Aug | Sep | Oct | Nov | Dec 
2012: Jan | Feb | Mar | Apr | May | Jun | Jul | Aug | Sep | Oct | Nov | Dec 
2011: Jan | Feb | Mar | Apr | May | Jun | Jul | Aug | Sep | Oct | Nov | Dec 
2010: Jan | Feb | Mar | Apr | May | Jun | Jul | Aug | Sep | Oct | Nov | Dec 
2009: Jan | Feb | Mar | Apr | May | Jun | Jul | Aug | Sep | Oct | Nov | Dec 
2008: Jan | Feb | Mar | Apr | May | Jun | Jul | Aug | Sep | Oct | Nov | Dec 
2007: Jan | Feb | Mar | Apr | May | Jun | Jul | Aug | Sep | Oct | Nov | Dec 
2006: Jan | Feb | Mar | Apr | May | Jun | Jul | Aug | Sep | Oct | Nov | Dec 
2005: Jan | Feb | Mar | Apr | May | Jun | Jul | Aug | Sep | Oct | Nov | Dec 
2004: Jan | Feb | Mar | Apr | May | Jun | Jul | Aug | Sep | Oct | Nov | Dec 

Report for 2018 09
MONTHLY CLIMATOLOGICAL SUMMARY for SEP. 2018 NAME: KCASARAT1 CITY: Saratoga STATE: CA ELEV: 375 ft LAT: 37 16' 28" N LONG: 122 01' 23" W TEMPERATURE (F), RAIN (in), WIND SPEED (mph) HEAT COOL AVG MEAN DEG DEG WIND DOM DAY TEMP HIGH TIME LOW TIME DAYS DAYS RAIN SPEED HIGH TIME DIR ------------------------------------------------------------------------------------ 1 65.3 78.3 2:50p 57.0 1:45a 3.1 3.4 0.00 0.9 11.0 2:25p N 2 66.4 82.8 4:40p 53.2 6:55a 3.9 5.3 0.00 0.8 12.0 12:55p N 3 65.2 79.4 3:10p 55.4 5:15a 3.6 3.7 0.00 0.9 11.0 4:40p N 4 67.4 80.7 3:40p 59.5 1:00a 2.1 4.5 0.00 0.9 10.0 1:20p N 5 66.0 78.5 2:55p 59.5 7:35a 2.2 3.2 0.00 1.1 12.0 3:00p N 6 66.2 76.7 4:50p 58.9 11:55p 2.3 3.5 0.00 0.9 10.0 1:00p N 7 65.3 84.0 4:00p 52.8 5:00a 4.5 4.7 0.00 0.8 11.0 5:30p N 8 66.4 84.7 3:45p 52.9 7:00a 4.2 5.6 0.00 1.0 14.0 3:55p N 9 64.5 82.0 4:35p 49.8 6:50a 5.3 4.8 0.00 0.8 11.0 1:25p N 10 64.7 83.8 3:25p 49.1 7:05a 5.6 5.3 0.00 0.9 11.0 12:25p N 11 64.1 81.2 2:20p 51.0 7:15a 5.0 4.0 0.00 0.8 12.0 2:15p N 12 60.9 75.4 3:40p 50.4 6:50a 6.2 2.1 0.00 1.3 18.0 4:05p N 13 61.2 74.4 3:15p 51.7 4:15a 5.9 2.1 0.00 1.4 16.0 2:30p N 14 61.4 76.0 3:30p 49.1 7:00a 6.4 2.8 0.00 1.0 12.0 3:10p N 15 60.5 72.7 3:35p 51.3 7:20a 6.4 1.9 0.00 1.7 16.0 1:30p N 16 60.6 74.7 3:40p 47.6 7:05a 7.0 2.6 0.00 1.3 16.0 1:10p N 17 60.5 73.3 2:45p 49.5 5:55a 6.5 1.9 0.00 1.2 12.0 2:25p N 18 59.6 74.4 2:45p 48.2 7:15a 7.3 1.9 0.00 0.9 12.0 3:15p N 19 61.6 80.5 4:50p 47.0 7:20a 7.2 3.8 0.00 1.0 13.0 5:00p N 20 68.3 88.8 3:50p 51.6 7:05a 4.4 7.7 0.00 0.8 11.0 3:35p N 21 67.6 84.7 1:30p 54.7 6:55a 3.2 5.8 0.00 1.0 11.0 2:25p N 22 64.8 79.0 4:15p 54.2 3:55a 4.0 3.8 0.00 0.6 8.0 2:00p N 23 63.4 81.1 3:00p 49.9 7:05a 5.5 3.8 0.00 0.8 11.0 2:45p N 24 63.8 85.5 4:05p 47.4 6:40a 6.2 5.0 0.00 0.7 11.0 4:15p N 25 64.2 82.0 3:10p 51.9 5:45a 4.4 3.8 0.00 0.9 8.0 1:10p N 26 27 28 29 30 ------------------------------------------------------------------------------------- 64.0 88.8 20 47.0 19 122.4 97.0 0.00 1.0 18.0 12 N Max >= 90.0: 0 Max <= 32.0: 0 Min <= 32.0: 0 Min <= 0.0: 0 Max Rain: 0.00 ON 09/01/18 Days of Rain: 0 (>.01 in) 0 (>.1 in) 0 (>1 in) Heat Base: 65.0 Cool Base: 65.0 Method: Integration

These reports are produced by WeatherLink V6.0.3.

deformed-offering