deformed-offering

NOAA-style climate reports

2018: Jan | Feb | Mar | Apr | May | Jun | Jul | Aug | Sep | Oct | Nov | Dec 
2017: Jan | Feb | Mar | Apr | May | Jun | Jul | Aug | Sep | Oct | Nov | Dec 
2016: Jan | Feb | Mar | Apr | May | Jun | Jul | Aug | Sep | Oct | Nov | Dec 
2015: Jan | Feb | Mar | Apr | May | Jun | Jul | Aug | Sep | Oct | Nov | Dec 
2014: Jan | Feb | Mar | Apr | May | Jun | Jul | Aug | Sep | Oct | Nov | Dec 
2013: Jan | Feb | Mar | Apr | May | Jun | Jul | Aug | Sep | Oct | Nov | Dec 
2012: Jan | Feb | Mar | Apr | May | Jun | Jul | Aug | Sep | Oct | Nov | Dec 
2011: Jan | Feb | Mar | Apr | May | Jun | Jul | Aug | Sep | Oct | Nov | Dec 
2010: Jan | Feb | Mar | Apr | May | Jun | Jul | Aug | Sep | Oct | Nov | Dec 
2009: Jan | Feb | Mar | Apr | May | Jun | Jul | Aug | Sep | Oct | Nov | Dec 
2008: Jan | Feb | Mar | Apr | May | Jun | Jul | Aug | Sep | Oct | Nov | Dec 
2007: Jan | Feb | Mar | Apr | May | Jun | Jul | Aug | Sep | Oct | Nov | Dec 
2006: Jan | Feb | Mar | Apr | May | Jun | Jul | Aug | Sep | Oct | Nov | Dec 
2005: Jan | Feb | Mar | Apr | May | Jun | Jul | Aug | Sep | Oct | Nov | Dec 
2004: Jan | Feb | Mar | Apr | May | Jun | Jul | Aug | Sep | Oct | Nov | Dec 

Report for 2018 05
MONTHLY CLIMATOLOGICAL SUMMARY for MAY. 2018 NAME: KCASARAT1 CITY: Saratoga STATE: CA ELEV: 375 ft LAT: 37 16' 28" N LONG: 122 01' 23" W TEMPERATURE (F), RAIN (in), WIND SPEED (mph) HEAT COOL AVG MEAN DEG DEG WIND DOM DAY TEMP HIGH TIME LOW TIME DAYS DAYS RAIN SPEED HIGH TIME DIR ------------------------------------------------------------------------------------ 1 56.4 72.0 4:05p 42.8 6:05a 9.9 1.2 0.00 1.4 16.0 3:10p W 2 57.9 71.1 2:20p 44.8 6:40a 8.2 1.1 0.00 1.4 13.0 1:00p N 3 59.0 69.8 3:50p 51.7 1:40a 6.9 0.8 0.00 1.1 12.0 3:10p N 4 63.3 77.9 4:50p 51.0 6:20a 5.3 3.6 0.00 1.2 14.0 1:10p N 5 59.3 70.8 2:55p 51.6 5:10a 6.5 0.7 0.00 0.9 11.0 2:55p N 6 59.0 68.1 3:15p 52.5 6:45a 6.4 0.5 0.00 1.2 13.0 1:05p N 7 62.1 77.9 4:00p 48.0 6:20a 6.4 3.6 0.00 1.2 12.0 1:50p N 8 62.0 76.3 4:10p 48.3 6:20a 5.9 2.9 0.00 1.2 16.0 4:10p N 9 62.0 74.2 3:50p 54.5 3:25a 4.7 1.7 0.00 1.6 16.0 4:20p N 10 60.6 74.4 3:15p 48.0 6:15a 6.7 2.3 0.00 1.2 13.0 1:30p W 11 63.5 78.1 3:15p 48.5 6:25a 5.8 4.3 0.00 1.9 18.0 4:50p NW 12 67.0 78.3 4:20p 55.6 6:10a 2.3 4.3 0.00 1.6 14.0 1:50p NW 13 61.3 72.1 2:50p 50.7 6:00a 5.5 1.7 0.00 1.7 16.0 10:05a ESE 14 59.9 68.9 2:10p 53.5 2:40a 5.8 0.7 0.00 1.4 16.0 2:55p N 15 60.8 70.4 3:15p 55.1 6:05a 5.2 1.0 0.00 1.2 14.0 3:00p N 16 57.4 66.1 5:40p 48.3 6:10a 7.7 0.0 0.00 0.9 11.0 5:35p N 17 58.6 71.5 3:15p 46.7 5:00a 7.8 1.4 0.00 1.4 13.0 2:55p N 18 60.6 71.5 2:25p 54.7 5:20a 5.3 1.0 0.00 1.3 17.0 3:10p N 19 59.2 69.1 2:30p 52.2 5:55a 6.5 0.6 0.00 1.5 13.0 2:05p N 20 57.7 66.4 1:50p 52.9 12:05a 7.4 0.1 0.00 1.8 17.0 3:30p W 21 61.1 73.9 1:50p 52.6 6:35a 5.7 1.8 0.00 1.5 13.0 2:05p NE 22 61.0 69.9 2:45p 55.6 6:35a 4.8 0.8 0.00 1.4 13.0 3:55p N 23 61.4 69.6 3:25p 56.2 6:55a 4.4 0.8 0.00 1.4 13.0 3:30p N 24 59.7 66.4 3:10p 55.6 5:05a 5.3 0.1 0.00 1.2 14.0 2:10p S 25 60.2 68.1 1:55p 54.1 6:35a 5.2 0.4 0.00 1.0 13.0 2:40p S 26 60.5 69.4 3:25p 55.0 4:35a 4.4 0.7 0.00 1.6 13.0 3:35p N 27 28 29 30 31 ------------------------------------------------------------------------------------- 60.4 78.3 12 42.8 1 156.0 38.1 0.00 1.4 18.0 11 N Max >= 90.0: 0 Max <= 32.0: 0 Min <= 32.0: 0 Min <= 0.0: 0 Max Rain: 0.00 ON 05/01/18 Days of Rain: 0 (>.01 in) 0 (>.1 in) 0 (>1 in) Heat Base: 65.0 Cool Base: 65.0 Method: Integration

These reports are produced by WeatherLink V6.0.3.

deformed-offering