deformed-offering

NOAA-style climate reports

2021: Jan | Feb | Mar | Apr | May | Jun | Jul | Aug | Sep | Oct | Nov | Dec 
2020: Jan | Feb | Mar | Apr | May | Jun | Jul | Aug | Sep | Oct | Nov | Dec 
2019: Jan | Feb | Mar | Apr | May | Jun | Jul | Aug | Sep | Oct | Nov | Dec 
2018: Jan | Feb | Mar | Apr | May | Jun | Jul | Aug | Sep | Oct | Nov | Dec 
2017: Jan | Feb | Mar | Apr | May | Jun | Jul | Aug | Sep | Oct | Nov | Dec 
2016: Jan | Feb | Mar | Apr | May | Jun | Jul | Aug | Sep | Oct | Nov | Dec 
2015: Jan | Feb | Mar | Apr | May | Jun | Jul | Aug | Sep | Oct | Nov | Dec 
2014: Jan | Feb | Mar | Apr | May | Jun | Jul | Aug | Sep | Oct | Nov | Dec 
2013: Jan | Feb | Mar | Apr | May | Jun | Jul | Aug | Sep | Oct | Nov | Dec 
2012: Jan | Feb | Mar | Apr | May | Jun | Jul | Aug | Sep | Oct | Nov | Dec 
2011: Jan | Feb | Mar | Apr | May | Jun | Jul | Aug | Sep | Oct | Nov | Dec 
2010: Jan | Feb | Mar | Apr | May | Jun | Jul | Aug | Sep | Oct | Nov | Dec 
2009: Jan | Feb | Mar | Apr | May | Jun | Jul | Aug | Sep | Oct | Nov | Dec 
2008: Jan | Feb | Mar | Apr | May | Jun | Jul | Aug | Sep | Oct | Nov | Dec 
2007: Jan | Feb | Mar | Apr | May | Jun | Jul | Aug | Sep | Oct | Nov | Dec 
2006: Jan | Feb | Mar | Apr | May | Jun | Jul | Aug | Sep | Oct | Nov | Dec 
2005: Jan | Feb | Mar | Apr | May | Jun | Jul | Aug | Sep | Oct | Nov | Dec 
2004: Jan | Feb | Mar | Apr | May | Jun | Jul | Aug | Sep | Oct | Nov | Dec 

Report for 2021 09
MONTHLY CLIMATOLOGICAL SUMMARY for SEP. 2021 NAME: KCASARAT1 CITY: Saratoga STATE: CA ELEV: 375 ft LAT: 37 16' 28" N LONG: 122 01' 23" W TEMPERATURE (F), RAIN (in), WIND SPEED (mph) HEAT COOL AVG MEAN DEG DEG WIND DOM DAY TEMP HIGH TIME LOW TIME DAYS DAYS RAIN SPEED HIGH TIME DIR ------------------------------------------------------------------------------------ 1 63.8 80.3 3:20p 49.9 7:10a 5.0 3.8 0.00 1.0 12.0 4:05p N 2 61.9 75.1 3:00p 50.5 6:40a 5.5 2.4 0.00 1.1 11.0 2:40p N 3 66.8 79.2 3:35p 59.2 6:55a 2.2 4.0 0.00 1.1 11.0 3:00p N 4 67.0 84.7 4:40p 52.9 6:55a 3.9 6.0 0.00 0.7 8.0 12:35p NE 5 70.0 88.6 3:05p 53.5 7:00a 3.2 8.2 0.00 0.5 11.0 3:05p N 6 72.8 93.2 4:15p 55.6 7:10a 2.2 10.0 0.00 0.4 11.0 4:30p N 7 73.3 87.8 4:30p 59.3 7:05a 1.0 9.3 0.00 0.7 10.0 2:55p NE 8 74.3 93.2 3:20p 61.2 7:10a 0.6 9.8 0.00 0.8 13.0 2:25p N 9 71.2 85.9 3:10p 62.0 4:45a 0.6 6.7 0.00 0.9 11.0 3:30p N 10 68.5 79.4 1:25p 61.3 11:55p 1.0 4.5 0.00 1.1 11.0 1:50p N 11 67.1 82.8 2:10p 54.4 6:40a 3.4 5.4 0.00 0.9 12.0 3:00p N 12 68.6 88.6 4:00p 53.5 7:10a 3.5 7.1 0.00 0.8 11.0 4:40p N 13 68.9 85.7 3:25p 55.1 6:25a 2.8 6.8 0.00 0.8 10.0 2:10p NE 14 67.4 84.9 4:05p 52.8 7:00a 3.9 6.3 0.00 0.8 11.0 1:25p NE 15 65.4 80.9 3:10p 55.9 4:25a 3.2 3.6 0.00 1.0 12.0 3:05p N 16 63.8 77.2 3:15p 55.4 6:55a 3.8 2.5 0.00 1.3 13.0 3:20p NE 17 64.6 78.3 3:30p 56.9 6:30a 3.5 3.1 0.00 1.4 11.0 1:50p N 18 54.5 56.9 12:05a 52.5 3:20a 1.5 0.0 0.00 0.0 0.0 --- --- 19 20 21 22 23 24 25 26 27 28 29 30 ------------------------------------------------------------------------------------- 67.2 93.2 6 49.9 1 50.8 99.5 0.00 0.9 13.0 8 NE Max >= 90.0: 2 Max <= 32.0: 0 Min <= 32.0: 0 Min <= 0.0: 0 Max Rain: 0.00 ON 09/01/21 Days of Rain: 0 (>.01 in) 0 (>.1 in) 0 (>1 in) Heat Base: 65.0 Cool Base: 65.0 Method: Integration

These reports are produced by WeatherLink V6.0.3.

deformed-offering