deformed-offering

NOAA-style climate reports

2020: Jan | Feb | Mar | Apr | May | Jun | Jul | Aug | Sep | Oct | Nov | Dec 
2019: Jan | Feb | Mar | Apr | May | Jun | Jul | Aug | Sep | Oct | Nov | Dec 
2018: Jan | Feb | Mar | Apr | May | Jun | Jul | Aug | Sep | Oct | Nov | Dec 
2017: Jan | Feb | Mar | Apr | May | Jun | Jul | Aug | Sep | Oct | Nov | Dec 
2016: Jan | Feb | Mar | Apr | May | Jun | Jul | Aug | Sep | Oct | Nov | Dec 
2015: Jan | Feb | Mar | Apr | May | Jun | Jul | Aug | Sep | Oct | Nov | Dec 
2014: Jan | Feb | Mar | Apr | May | Jun | Jul | Aug | Sep | Oct | Nov | Dec 
2013: Jan | Feb | Mar | Apr | May | Jun | Jul | Aug | Sep | Oct | Nov | Dec 
2012: Jan | Feb | Mar | Apr | May | Jun | Jul | Aug | Sep | Oct | Nov | Dec 
2011: Jan | Feb | Mar | Apr | May | Jun | Jul | Aug | Sep | Oct | Nov | Dec 
2010: Jan | Feb | Mar | Apr | May | Jun | Jul | Aug | Sep | Oct | Nov | Dec 
2009: Jan | Feb | Mar | Apr | May | Jun | Jul | Aug | Sep | Oct | Nov | Dec 
2008: Jan | Feb | Mar | Apr | May | Jun | Jul | Aug | Sep | Oct | Nov | Dec 
2007: Jan | Feb | Mar | Apr | May | Jun | Jul | Aug | Sep | Oct | Nov | Dec 
2006: Jan | Feb | Mar | Apr | May | Jun | Jul | Aug | Sep | Oct | Nov | Dec 
2005: Jan | Feb | Mar | Apr | May | Jun | Jul | Aug | Sep | Oct | Nov | Dec 
2004: Jan | Feb | Mar | Apr | May | Jun | Jul | Aug | Sep | Oct | Nov | Dec 

Report for 2020 05
MONTHLY CLIMATOLOGICAL SUMMARY for MAY. 2020 NAME: KCASARAT1 CITY: Saratoga STATE: CA ELEV: 375 ft LAT: 37 16' 28" N LONG: 122 01' 23" W TEMPERATURE (F), RAIN (in), WIND SPEED (mph) HEAT COOL AVG MEAN DEG DEG WIND DOM DAY TEMP HIGH TIME LOW TIME DAYS DAYS RAIN SPEED HIGH TIME DIR ------------------------------------------------------------------------------------ 1 60.9 75.3 4:25p 46.1 6:25a 7.0 2.9 0.00 1.5 14.0 4:50p N 2 61.8 72.7 4:05p 51.0 4:20a 4.9 1.7 0.00 1.4 17.0 6:05p N 3 59.8 70.8 4:20p 49.2 6:40a 6.5 1.3 0.00 1.7 17.0 4:50p N 4 60.1 79.8 4:05p 43.5 6:15a 8.5 3.6 0.00 1.2 12.0 3:40p N 5 60.7 76.3 2:25p 45.7 6:15a 7.1 2.8 0.00 1.6 13.0 2:45p N 6 64.0 80.3 4:35p 48.0 6:15a 5.7 4.7 0.00 1.6 14.0 1:20p N 7 68.7 87.6 4:20p 50.2 6:15a 4.4 8.1 0.00 1.4 12.0 12:30p N 8 70.3 91.6 3:45p 52.3 6:25a 3.7 8.9 0.00 1.0 11.0 2:00p N 9 64.4 78.5 3:40p 52.3 6:00a 4.2 3.6 0.00 1.3 12.0 2:45p N 10 63.2 74.2 2:45p 54.8 7:30a 4.2 2.4 0.00 1.6 13.0 4:35p N 11 60.3 73.0 2:05p 47.9 6:30a 6.2 1.5 0.00 1.9 21.0 3:55p ESE 12 60.1 67.3 1:55p 54.1 12:00m 5.1 0.2 0.04 1.4 20.0 1:55p W 13 58.5 68.6 4:05p 47.9 5:40a 7.0 0.5 0.00 1.0 12.0 1:15p SSW 14 61.6 74.2 4:05p 51.9 4:20a 5.5 2.0 0.00 1.2 12.0 12:45p W 15 63.2 74.9 3:45p 55.3 6:50a 4.2 2.4 0.00 1.5 14.0 2:35p N 16 64.0 76.0 2:50p 52.0 6:10a 4.3 3.3 0.00 1.7 16.0 8:00p N 17 64.6 73.2 2:05p 61.0 7:10a 2.0 1.5 0.08 2.8 19.0 2:50p ESE 18 60.7 68.4 4:10p 52.2 12:00m 4.7 0.4 0.20 1.6 17.0 5:55p W 19 57.9 69.8 3:25p 48.2 6:15a 7.8 0.6 0.00 1.3 16.0 2:20p W 20 60.9 71.5 3:55p 53.8 5:45a 5.3 1.2 0.00 1.3 14.0 5:10p N 21 62.9 79.2 2:35p 48.5 5:50a 6.0 4.0 0.00 1.3 13.0 3:10p N 22 61.7 73.9 3:15p 50.8 5:40a 5.6 2.3 0.00 1.4 13.0 3:20p N 23 64.1 81.1 4:00p 48.5 5:55a 5.8 4.9 0.00 1.4 14.0 1:40p N 24 68.0 87.6 3:40p 50.2 6:20a 4.7 7.7 0.00 1.3 14.0 3:10p N 25 75.5 94.3 4:15p 58.1 6:15a 1.6 12.1 0.00 1.3 14.0 3:40p N 26 65.4 72.1 9:40a 61.6 6:10a 0.4 0.6 0.00 0.0 3.0 9:10a NE 27 28 29 30 31 ------------------------------------------------------------------------------------- 63.2 94.3 25 43.5 4 132.4 85.2 0.32 1.4 21.0 11 N Max >= 90.0: 2 Max <= 32.0: 0 Min <= 32.0: 0 Min <= 0.0: 0 Max Rain: 0.20 ON 05/18/20 Days of Rain: 3 (>.01 in) 1 (>.1 in) 0 (>1 in) Heat Base: 65.0 Cool Base: 65.0 Method: Integration

These reports are produced by WeatherLink V6.0.3.

deformed-offering