deformed-offering

NOAA-style climate reports

2019: Jan | Feb | Mar | Apr | May | Jun | Jul | Aug | Sep | Oct | Nov | Dec 
2018: Jan | Feb | Mar | Apr | May | Jun | Jul | Aug | Sep | Oct | Nov | Dec 
2017: Jan | Feb | Mar | Apr | May | Jun | Jul | Aug | Sep | Oct | Nov | Dec 
2016: Jan | Feb | Mar | Apr | May | Jun | Jul | Aug | Sep | Oct | Nov | Dec 
2015: Jan | Feb | Mar | Apr | May | Jun | Jul | Aug | Sep | Oct | Nov | Dec 
2014: Jan | Feb | Mar | Apr | May | Jun | Jul | Aug | Sep | Oct | Nov | Dec 
2013: Jan | Feb | Mar | Apr | May | Jun | Jul | Aug | Sep | Oct | Nov | Dec 
2012: Jan | Feb | Mar | Apr | May | Jun | Jul | Aug | Sep | Oct | Nov | Dec 
2011: Jan | Feb | Mar | Apr | May | Jun | Jul | Aug | Sep | Oct | Nov | Dec 
2010: Jan | Feb | Mar | Apr | May | Jun | Jul | Aug | Sep | Oct | Nov | Dec 
2009: Jan | Feb | Mar | Apr | May | Jun | Jul | Aug | Sep | Oct | Nov | Dec 
2008: Jan | Feb | Mar | Apr | May | Jun | Jul | Aug | Sep | Oct | Nov | Dec 
2007: Jan | Feb | Mar | Apr | May | Jun | Jul | Aug | Sep | Oct | Nov | Dec 
2006: Jan | Feb | Mar | Apr | May | Jun | Jul | Aug | Sep | Oct | Nov | Dec 
2005: Jan | Feb | Mar | Apr | May | Jun | Jul | Aug | Sep | Oct | Nov | Dec 
2004: Jan | Feb | Mar | Apr | May | Jun | Jul | Aug | Sep | Oct | Nov | Dec 

Report for 2019 11
MONTHLY CLIMATOLOGICAL SUMMARY for NOV. 2019 NAME: KCASARAT1 CITY: Saratoga STATE: CA ELEV: 375 ft LAT: 37 16' 28" N LONG: 122 01' 23" W TEMPERATURE (F), RAIN (in), WIND SPEED (mph) HEAT COOL AVG MEAN DEG DEG WIND DOM DAY TEMP HIGH TIME LOW TIME DAYS DAYS RAIN SPEED HIGH TIME DIR ------------------------------------------------------------------------------------ 1 53.0 70.8 3:55p 40.5 7:25a 12.8 0.8 0.00 0.6 6.0 11:55a W 2 53.7 72.1 4:30p 40.8 7:10a 12.3 1.1 0.00 0.8 7.0 12:30p N 3 56.1 75.3 3:00p 42.5 6:20a 10.8 1.9 0.00 0.7 8.0 12:40p SW 4 56.1 73.2 2:50p 44.1 6:45a 10.3 1.4 0.00 0.4 6.0 11:35a NE 5 55.4 71.3 1:50p 44.2 6:45a 10.6 1.1 0.00 0.5 7.0 1:15p NE 6 54.0 66.1 2:35p 46.5 3:30a 11.1 0.1 0.00 0.4 6.0 10:50a N 7 54.3 65.5 3:20p 47.7 12:05a 10.7 0.0 0.00 0.4 8.0 4:50p N 8 54.7 67.1 2:40p 47.6 11:25p 10.5 0.2 0.00 0.4 6.0 12:45p N 9 54.0 66.9 2:50p 45.8 12:00m 11.2 0.1 0.00 0.4 7.0 12:15p N 10 54.9 69.6 2:50p 45.2 12:45a 10.6 0.5 0.00 0.4 7.0 2:05p N 11 57.8 75.8 2:40p 45.2 7:00a 9.2 2.0 0.00 0.4 7.0 1:55p NE 12 58.7 73.7 2:25p 48.8 6:40a 7.9 1.6 0.00 0.3 6.0 12:00p N 13 56.4 67.4 1:50p 48.6 7:00a 8.9 0.3 0.00 0.4 6.0 1:55p N 14 56.1 62.3 12:15p 48.9 6:55a 8.9 0.0 0.00 0.7 10.0 10:35a ESE 15 58.8 65.8 2:50p 54.5 7:25a 6.3 0.1 0.00 0.8 12.0 1:55p NW 16 59.3 72.0 3:15p 51.4 12:00m 6.9 1.2 0.00 0.6 11.0 12:20p NW 17 57.3 71.6 3:45p 47.0 6:30a 8.8 1.1 0.00 0.6 10.0 11:50a N 18 57.1 73.0 2:55p 46.1 6:55a 9.3 1.4 0.00 0.3 7.0 11:45a N 19 55.2 63.5 12:20p 49.6 4:50a 9.8 0.0 0.02 1.2 16.0 2:00p W 20 51.5 63.5 12:40p 46.0 7:20a 7.1 0.0 0.00 1.1 16.0 11:50a NW 21 22 23 24 25 26 27 28 29 30 ------------------------------------------------------------------------------------- 55.7 75.8 11 40.5 1 194.0 14.9 0.02 0.6 16.0 19 N Max >= 90.0: 0 Max <= 32.0: 0 Min <= 32.0: 0 Min <= 0.0: 0 Max Rain: 0.02 ON 11/19/19 Days of Rain: 1 (>.01 in) 0 (>.1 in) 0 (>1 in) Heat Base: 65.0 Cool Base: 65.0 Method: Integration

These reports are produced by WeatherLink V6.0.3.

deformed-offering