NOAA-Style Climate Reports


Report for 2024 April

Daily noaa report



                            MONTHLY CLIMATOLOGICAL SUMMARY for APR. 2024

NAME: KCASARAT1   CITY: Saratoga STATE: CA
ELEV: 375 LAT: 037:16:28 LONG: 0122:01:23

                            TEMPERATURE ( °F), RAIN (in.), WIND SPEED (mph)

                                               HEAT     COOL           AVG
      MEAN                                     DEG      DEG            WIND                       DOM
DAY   TEMP    HIGH   TIME     LOW    TIME      DAYS     DAYS    RAIN   SPEED    HIGH    TIME      DIR
--------------------------------------------------------------------------------------------------------
01    56.9   071.8   16:59    43.5   07:14     08.1     00.0   00.00   01.2     10.3    18:25     NNE
02    59.4   075.8   16:33    44.8   07:20     05.5     00.0   00.00   01.1     10.3    16:41      N 
03    57.0   066.4   16:18    50.8   00:00     07.9     00.0   00.00   01.7     13.8    19:03     NNW
04    48.3   056.9   14:47    42.3   23:34     16.6     00.0   00.41   01.7     18.4    15:39      SE
05    48.3   058.3   15:33    40.6   06:51     16.6     00.0   00.03   02.2     18.4    15:40     WNW
06    49.3   060.4   14:47    38.5   06:58     15.7     00.0   00.00   01.4     11.5    17:35      NW
07    50.8   062.3   14:32    40.3   07:02     14.2     00.0   00.00   01.6     13.8    18:48     WNW
08    55.4   070.3   16:02    41.3   06:55     09.6     00.0   00.00   01.4     12.7    14:40      NW
09    59.3   077.4   16:16    44.1   06:11     05.6     00.0   00.00   01.1     11.5    17:42     NNW
10    62.4   080.3   16:43    46.0   06:53     02.5     00.0   00.00   00.9     11.5    16:36     NNW
11    64.3   081.6   14:47    51.1   07:05     00.6     00.0   00.00   01.1     12.7    16:13      N 
12    56.8   068.3   13:07    48.9   07:02     08.2     00.0   00.00   02.3     19.6    23:35     ESE
13    50.2   055.3   00:29    46.4   09:34     14.7     00.0   00.43   03.3     20.7    00:09     ESE
14    52.7   061.6   16:30    46.7   02:17     12.2     00.0   00.16   01.4     12.7    15:35      NW
15    57.6   067.9   16:21    51.6   05:16     07.3     00.0   00.00   01.0     11.5    17:11      NW
16    60.1   075.8   17:09    46.4   07:09     04.8     00.0   00.00   01.1     12.7    15:26     NNW
17    64.1   080.1   16:37    50.7   07:07     00.8     00.0   00.00   01.0     11.5    17:38      NE
18    63.5   077.9   14:55    51.7   06:55     01.4     00.0   00.00   01.1     11.5    16:35      N 
19    58.8   073.7   15:01    46.4   06:55     06.2     00.0   00.00   00.9     11.5    17:17      N 
--------------------------------------------------------------------------------------------------------
56.6 (57.7)   81.6  day 11     38.5  day 06   158.5    000.0   01.03   01.4     20.7   day 13     NNW
Min <  86: 19
Max Rain: 0.43 ON 13-04-24
Days of Rain: 4 (> .008in) 3 (> .08in) 0 (> 0.8in)