NOAA-Style Climate Reports


Report for 2024 June

Daily noaa report



                            MONTHLY CLIMATOLOGICAL SUMMARY for JUN. 2024

NAME: KCASARAT1   CITY: Saratoga STATE: CA
ELEV: 375 LAT: 037:16:28 LONG: 0122:01:23

                            TEMPERATURE ( °F), RAIN (in.), WIND SPEED (mph)

                                               HEAT     COOL           AVG
      MEAN                                     DEG      DEG            WIND                       DOM
DAY   TEMP    HIGH   TIME     LOW    TIME      DAYS     DAYS    RAIN   SPEED    HIGH    TIME      DIR
--------------------------------------------------------------------------------------------------------
14    62.7   066.6   21:02    59.8   00:00     02.2     00.0   00.00   00.1     02.3    23:51     ENE
15    66.0   082.0   16:26    51.1   06:27     00.0     01.1   00.00   01.2     13.8    16:54      N 
16    67.4   082.4   17:00    52.8   06:20     00.0     02.5   00.00   01.3     14.9    17:10      N 
17    68.2   081.4   16:39    54.2   06:30     00.0     03.3   00.00   01.2     17.3    17:14     NNW
18    70.4   088.2   14:55    54.8   06:23     00.0     05.4   00.00   01.0     16.1    14:48     NNW
19    63.0   075.4   15:19    50.8   06:18     02.0     00.0   00.00   01.1     11.5    14:57      N 
20    64.0   075.4   15:34    56.9   06:51     00.9     00.0   00.00   01.1     11.5    18:12     NNE
21    67.6   084.7   15:02    56.5   06:12     00.0     02.7   00.00   00.8     10.3    16:15     NNE
22    73.1   092.3   16:59    54.2   06:26     00.0     08.1   00.00   00.6     09.2    15:30     NNE
23    74.1   091.2   16:20    58.3   06:25     00.0     09.2   00.00   00.9     09.2    16:07     NNE
24    73.2   087.8   14:24    56.9   06:18     00.0     08.2   00.00   00.6     11.5    11:41     NNE
--------------------------------------------------------------------------------------------------------
68.2 (68.8)   92.3  day 22     50.8  day 19   005.1    040.5   00.00   00.9     17.3   day 17     N
Max >  86: 4
Min <  86: 11
Max Rain: 0.00 ON 0-06-24
Days of Rain: 0 (> .008in) 0 (> .08in) 0 (> 0.8in)