They're free, but use at your own risk
The scripts referenced here are used in the operation of this weather station, and may be freely copied and used to support your station. Please note that you use these scripts at your own risk. No warranty is expressed or implied. I accept no liability for any damages that may ensue from their use.
You will need to configure them for your own particular weather station website.
A RSS Feed is available to help keep you informed on updates to the scripts.
Many of these scripts are now available on GitHub at https://github.com/ktrue
A Version History is available -- check back from time to time to see if there are updates to scripts you have downloaded earlier.
Announcements of version updates and new scripts are made on
WXForum.net and
Weather-Watch forums
and saratogaWXPHP Twitter account as they become available.
Note: Twitter widget has been disabled 3-Jul-2023 since it no longer displays the recent update Tweets.
This page was updated
Friday, 11-Aug-2017 10:11 AM
PHP Scripts (run on webserver)
These scripts have run on PHP 4.1.2, and PHP 4.4.1. I don't have access to PHP 3.x, so it is not known if they will work on versions below PHP 4.1.2. If you try them and they work (or not) on earlier versions of PHP, please send me a message at webmaster[at]saratoga-weather.org and let me know the results.
Display .TXT NOAA style forecasts PHP
I needed to safely display a series of .TXT files (NOAA style climate reports) using the overall style of the website. My WeatherLink software produces regular reports (NOAAMO.TXT, NOAAPRMO.TXT, NOAAYR.TXT, NOAAPRYR.TXT) as part of the 5-minute update. I've also produced reports and named them NOAAyyyy.TXT for yearly reports and NOAAyyyy-mm.TXT for monthly reports. These I've uploaded (monthly) to a sub-directory on the website /NOAA-reports.
Version 1.04 (01-Dec-2007) adds a new feature for WeatherLink users to create new NOAAyyyy-mm.TXT and NOAAyyyy.TXT files from the respective NOAAPRMO.TXT and NOAAPRYR.TXT files when the month/year rolls over. It will copy the appropriate file to the $NOAAdir and name it so you have no monthly maintenance to do (except to view the NOAA reports page on the first of each month).
The NOAA-reports.php will read the sub-directory, sort the filenames produce a menu of available names, and display the file requested. It automatically uses NOAAMO.TXT and NOAAYR.TXT (WeatherLink version) for the current monthly and current yearly files. The nice thing about the script is it strictly controls what can be displayed (existing files only, no directory browsing). The following is a live display of WeatherLink produced NOAA style reports for this station.
<?php $doInclude = true; require("NOAA-reports-test.php"); ?>
2024: Jan | Feb | Mar | Apr | May | Jun | Jul | Aug | Sep | Oct | Nov | Dec
2023: Jan | Feb | Mar | Apr | May | Jun | Jul | Aug | Sep | Oct | Nov | Dec
2022: Jan | Feb | Mar | Apr | May | Jun | Jul | Aug | Sep | Oct | Nov | Dec
2021: Jan | Feb | Mar | Apr | May | Jun | Jul | Aug | Sep | Oct | Nov | Dec
2020: Jan | Feb | Mar | Apr | May | Jun | Jul | Aug | Sep | Oct | Nov | Dec
2019: Jan | Feb | Mar | Apr | May | Jun | Jul | Aug | Sep | Oct | Nov | Dec
2018: Jan | Feb | Mar | Apr | May | Jun | Jul | Aug | Sep | Oct | Nov | Dec
2017: Jan | Feb | Mar | Apr | May | Jun | Jul | Aug | Sep | Oct | Nov | Dec
2016: Jan | Feb | Mar | Apr | May | Jun | Jul | Aug | Sep | Oct | Nov | Dec
2015: Jan | Feb | Mar | Apr | May | Jun | Jul | Aug | Sep | Oct | Nov | Dec
2014: Jan | Feb | Mar | Apr | May | Jun | Jul | Aug | Sep | Oct | Nov | Dec
2013: Jan | Feb | Mar | Apr | May | Jun | Jul | Aug | Sep | Oct | Nov | Dec
2012: Jan | Feb | Mar | Apr | May | Jun | Jul | Aug | Sep | Oct | Nov | Dec
2011: Jan | Feb | Mar | Apr | May | Jun | Jul | Aug | Sep | Oct | Nov | Dec
2010: Jan | Feb | Mar | Apr | May | Jun | Jul | Aug | Sep | Oct | Nov | Dec
2009: Jan | Feb | Mar | Apr | May | Jun | Jul | Aug | Sep | Oct | Nov | Dec
2008: Jan | Feb | Mar | Apr | May | Jun | Jul | Aug | Sep | Oct | Nov | Dec
2007: Jan | Feb | Mar | Apr | May | Jun | Jul | Aug | Sep | Oct | Nov | Dec
2006: Jan | Feb | Mar | Apr | May | Jun | Jul | Aug | Sep | Oct | Nov | Dec
2005: Jan | Feb | Mar | Apr | May | Jun | Jul | Aug | Sep | Oct | Nov | Dec
2004: Jan | Feb | Mar | Apr | May | Jun | Jul | Aug | Sep | Oct | Nov | Dec
Report for 2022 11
MONTHLY CLIMATOLOGICAL SUMMARY for NOV. 2022
NAME: KCASARAT1 CITY: Saratoga STATE: CA
ELEV: 375 ft LAT: 37° 16' 28" N LONG: 122° 01' 23" W
TEMPERATURE (°F), RAIN (in), WIND SPEED (mph)
HEAT COOL AVG
MEAN DEG DEG WIND DOM
DAY TEMP HIGH TIME LOW TIME DAYS DAYS RAIN SPEED HIGH TIME DIR
------------------------------------------------------------------------------------
1 53.0 60.5 11:20a 44.9 11:35p 12.0 0.0 0.20 1.3 14.0 11:35a S
2 50.1 60.7 2:35p 43.2 12:00m 14.9 0.0 0.00 1.3 16.0 3:00p SW
3 47.3 58.9 4:10p 38.8 7:35a 17.7 0.0 0.00 1.4 12.0 11:40a SW
4 51.1 64.2 3:30p 40.6 4:25a 13.8 0.0 0.00 0.7 7.0 1:35p SW
5 57.6 66.0 2:30p 50.5 1:35a 7.4 0.0 0.01 0.6 8.0 2:50p ESE
6 57.0 62.4 2:50p 51.9 8:15a 8.0 0.0 0.01 1.6 14.0 3:20p N
7 52.7 61.0 3:20p 47.4 8:20a 12.3 0.0 0.16 2.2 14.0 4:40p E
8 49.0 53.2 3:45p 44.9 10:50p 15.9 0.0 2.03 1.4 16.0 1:10a ENE
9 48.2 58.1 4:40p 41.5 7:30a 16.8 0.0 0.04 1.1 10.0 1:25p WSW
10 47.5 58.4 3:55p 39.6 7:45a 17.5 0.0 0.01 1.3 11.0 1:10p WSW
11 47.2 59.3 4:25p 38.3 7:40a 17.8 0.0 0.00 1.2 8.0 12:40p WSW
12 49.3 59.5 3:15p 40.9 2:15a 15.7 0.0 0.00 1.6 16.0 2:30p WSW
13 49.2 59.6 4:00p 41.1 11:55p 15.8 0.0 0.00 1.2 11.0 2:30p WSW
14 46.9 60.2 3:40p 35.9 7:55a 18.1 0.0 0.00 1.1 7.0 1:10p SSW
15 49.6 63.9 4:10p 39.6 7:10a 15.4 0.0 0.00 1.5 11.0 9:50a SW
16 51.4 66.6 3:55p 42.3 7:40a 13.7 0.1 0.00 1.6 10.0 11:20a SW
17 49.0 64.8 3:40p 37.5 8:05a 16.0 0.0 0.00 1.2 10.0 3:45p SW
18 49.1 64.8 3:30p 39.5 4:55a 15.9 0.0 0.00 1.3 10.0 12:15p SW
19 48.3 62.7 4:10p 37.8 8:15a 16.7 0.0 0.00 1.2 7.0 11:05a WSW
20 47.3 64.2 4:25p 36.9 8:00a 17.7 0.0 0.00 1.2 7.0 12:25p SW
21 47.3 63.1 4:00p 36.5 7:45a 17.7 0.0 0.00 1.1 7.0 12:45p SW
22 48.3 64.8 3:20p 36.8 6:40a 16.7 0.0 0.00 1.1 7.0 1:45p SW
23 51.1 67.6 3:50p 40.6 8:15a 14.2 0.3 0.00 1.2 11.0 1:05p WSW
24 52.0 68.3 4:40p 42.2 8:20a 13.2 0.3 0.00 1.3 8.0 10:35a SW
25 52.2 71.1 2:40p 39.9 8:10a 13.7 0.9 0.00 1.3 6.0 11:45a SW
26 49.6 64.2 4:15p 40.6 5:25a 15.4 0.0 0.00 1.2 8.0 3:15p SW
27 49.2 66.8 3:30p 39.5 8:15a 15.9 0.1 0.00 1.0 7.0 4:10p SW
28 47.9 60.1 1:50p 40.1 6:25a 17.1 0.0 0.00 2.1 19.0 12:50p SW
29 45.0 56.7 3:45p 36.9 8:10a 20.0 0.0 0.00 1.3 8.0 12:45p WSW
30 44.1 58.4 3:50p 34.6 8:05a 20.9 0.0 0.00 1.3 8.0 12:30p WSW
-------------------------------------------------------------------------------------
49.6 71.1 25 34.6 30 463.9 1.7 2.46 1.3 19.0 28 SW
Max >= 90.0: 0
Max <= 32.0: 0
Min <= 32.0: 0
Min <= 0.0: 0
Max Rain: 2.03 ON 11/08/22
Days of Rain: 4 (>.01 in) 3 (>.1 in) 1 (>1 in)
Heat Base: 65.0 Cool Base: 65.0 Method: Integration
Downloads .. please customize for your directory and file naming convention ( WL or VWS).
Download WeatherLink/ VWS version (V1.07 - 11-Aug-2017) [ see version history ]