They're free, but use at your own risk
The scripts referenced here are used in the operation of this weather station, and may be freely copied and used to support your station. Please note that you use these scripts at your own risk. No warranty is expressed or implied. I accept no liability for any damages that may ensue from their use.
You will need to configure them for your own particular weather station website.
A RSS Feed is available to help keep you informed on updates to the scripts.
Many of these scripts are now available on GitHub at https://github.com/ktrue
A Version History is available -- check back from time to time to see if there are updates to scripts you have downloaded earlier.
Announcements of version updates and new scripts are made on
WXForum.net and
Weather-Watch forums
and saratogaWXPHP Twitter account as they become available.
Note: Twitter widget has been disabled 3-Jul-2023 since it no longer displays the recent update Tweets.
This page was updated
Friday, 11-Aug-2017 10:11 AM
PHP Scripts (run on webserver)
These scripts have run on PHP 4.1.2, and PHP 4.4.1. I don't have access to PHP 3.x, so it is not known if they will work on versions below PHP 4.1.2. If you try them and they work (or not) on earlier versions of PHP, please send me a message at webmaster[at]saratoga-weather.org and let me know the results.
Display .TXT NOAA style forecasts PHP
I needed to safely display a series of .TXT files (NOAA style climate reports) using the overall style of the website. My WeatherLink software produces regular reports (NOAAMO.TXT, NOAAPRMO.TXT, NOAAYR.TXT, NOAAPRYR.TXT) as part of the 5-minute update. I've also produced reports and named them NOAAyyyy.TXT for yearly reports and NOAAyyyy-mm.TXT for monthly reports. These I've uploaded (monthly) to a sub-directory on the website /NOAA-reports.
Version 1.04 (01-Dec-2007) adds a new feature for WeatherLink users to create new NOAAyyyy-mm.TXT and NOAAyyyy.TXT files from the respective NOAAPRMO.TXT and NOAAPRYR.TXT files when the month/year rolls over. It will copy the appropriate file to the $NOAAdir and name it so you have no monthly maintenance to do (except to view the NOAA reports page on the first of each month).
The NOAA-reports.php will read the sub-directory, sort the filenames produce a menu of available names, and display the file requested. It automatically uses NOAAMO.TXT and NOAAYR.TXT (WeatherLink version) for the current monthly and current yearly files. The nice thing about the script is it strictly controls what can be displayed (existing files only, no directory browsing). The following is a live display of WeatherLink produced NOAA style reports for this station.
<?php $doInclude = true; require("NOAA-reports-test.php"); ?>
2024: Jan | Feb | Mar | Apr | May | Jun | Jul | Aug | Sep | Oct | Nov | Dec
2023: Jan | Feb | Mar | Apr | May | Jun | Jul | Aug | Sep | Oct | Nov | Dec
2022: Jan | Feb | Mar | Apr | May | Jun | Jul | Aug | Sep | Oct | Nov | Dec
2021: Jan | Feb | Mar | Apr | May | Jun | Jul | Aug | Sep | Oct | Nov | Dec
2020: Jan | Feb | Mar | Apr | May | Jun | Jul | Aug | Sep | Oct | Nov | Dec
2019: Jan | Feb | Mar | Apr | May | Jun | Jul | Aug | Sep | Oct | Nov | Dec
2018: Jan | Feb | Mar | Apr | May | Jun | Jul | Aug | Sep | Oct | Nov | Dec
2017: Jan | Feb | Mar | Apr | May | Jun | Jul | Aug | Sep | Oct | Nov | Dec
2016: Jan | Feb | Mar | Apr | May | Jun | Jul | Aug | Sep | Oct | Nov | Dec
2015: Jan | Feb | Mar | Apr | May | Jun | Jul | Aug | Sep | Oct | Nov | Dec
2014: Jan | Feb | Mar | Apr | May | Jun | Jul | Aug | Sep | Oct | Nov | Dec
2013: Jan | Feb | Mar | Apr | May | Jun | Jul | Aug | Sep | Oct | Nov | Dec
2012: Jan | Feb | Mar | Apr | May | Jun | Jul | Aug | Sep | Oct | Nov | Dec
2011: Jan | Feb | Mar | Apr | May | Jun | Jul | Aug | Sep | Oct | Nov | Dec
2010: Jan | Feb | Mar | Apr | May | Jun | Jul | Aug | Sep | Oct | Nov | Dec
2009: Jan | Feb | Mar | Apr | May | Jun | Jul | Aug | Sep | Oct | Nov | Dec
2008: Jan | Feb | Mar | Apr | May | Jun | Jul | Aug | Sep | Oct | Nov | Dec
2007: Jan | Feb | Mar | Apr | May | Jun | Jul | Aug | Sep | Oct | Nov | Dec
2006: Jan | Feb | Mar | Apr | May | Jun | Jul | Aug | Sep | Oct | Nov | Dec
2005: Jan | Feb | Mar | Apr | May | Jun | Jul | Aug | Sep | Oct | Nov | Dec
2004: Jan | Feb | Mar | Apr | May | Jun | Jul | Aug | Sep | Oct | Nov | Dec
Report for 2017 12
MONTHLY CLIMATOLOGICAL SUMMARY for DEC. 2017
NAME: KCASARAT1 CITY: Saratoga STATE: CA
ELEV: 375 ft LAT: 37° 16' 28" N LONG: 122° 01' 23" W
TEMPERATURE (°F), RAIN (in), WIND SPEED (mph)
HEAT COOL AVG
MEAN DEG DEG WIND DOM
DAY TEMP HIGH TIME LOW TIME DAYS DAYS RAIN SPEED HIGH TIME DIR
------------------------------------------------------------------------------------
1 48.0 59.6 2:40p 40.6 7:00a 17.0 0.0 0.00 0.4 7.0 12:00p N
2 49.6 59.8 3:30p 41.8 7:15a 15.4 0.0 0.00 0.3 7.0 10:45a N
3 49.3 56.3 1:10p 42.2 11:50p 15.7 0.0 0.04 1.9 14.0 1:35p NW
4 47.8 59.5 3:05p 36.2 7:30a 17.2 0.0 0.00 2.2 22.0 1:30p N
5 49.6 62.6 2:40p 39.9 11:40p 15.4 0.0 0.00 1.9 14.0 5:20a SW
6 45.9 59.9 3:05p 35.8 7:00a 19.1 0.0 0.00 1.0 11.0 11:35a NNW
7 46.2 63.1 3:00p 35.9 7:25a 18.8 0.0 0.00 0.6 7.0 2:20p SW
8 46.6 62.0 1:50p 36.9 7:05a 18.3 0.0 0.00 0.6 8.0 12:55p SW
9 47.2 62.9 3:15p 37.3 6:55a 17.8 0.0 0.00 0.5 7.0 10:55a WNW
10 46.8 65.0 2:50p 36.2 7:10a 18.1 0.0 0.00 0.5 6.0 2:40p SSW
11 48.1 64.5 2:30p 37.3 6:40a 16.9 0.0 0.00 0.9 10.0 12:05p SW
12 46.9 64.7 3:00p 36.8 7:10a 18.1 0.0 0.00 1.0 12.0 11:40a SW
13 45.2 62.3 2:45p 34.4 7:10a 19.8 0.0 0.00 0.8 10.0 11:15a NW
14 48.8 68.4 2:10p 37.8 6:55a 16.6 0.4 0.00 1.0 11.0 11:30a WSW
15 47.7 60.4 2:15p 37.6 6:30a 17.3 0.0 0.00 0.4 6.0 12:45p WSW
16 52.5 61.8 1:25p 40.9 4:45a 12.5 0.0 0.00 4.9 31.0 2:15p NW
17 49.0 60.4 2:35p 40.1 7:50a 16.0 0.0 0.00 1.7 14.0 10:00a NW
18 46.3 60.1 2:05p 37.2 7:25a 18.7 0.0 0.00 0.5 7.0 12:35p NE
19 47.8 62.6 2:55p 36.9 7:10a 17.2 0.0 0.00 0.5 10.0 3:20p N
20 47.5 54.2 2:25p 38.6 11:40p 17.5 0.0 0.05 2.7 20.0 3:45a NW
21 41.6 54.1 2:35p 33.5 7:00a 23.4 0.0 0.00 1.2 18.0 12:45p SW
22 41.7 55.3 2:40p 31.6 5:10a 23.3 0.0 0.00 0.6 7.0 11:50a SSW
23 45.2 54.8 3:30p 37.8 6:10a 19.8 0.0 0.00 0.4 7.0 1:15p SSW
24 47.6 53.5 3:30p 42.9 6:45a 17.4 0.0 0.00 0.2 5.0 10:00a NNE
25 48.3 59.2 1:55p 39.1 5:40a 16.7 0.0 0.00 0.3 8.0 1:50p NE
26 48.0 62.0 2:50p 39.9 12:00m 17.0 0.0 0.00 0.5 8.0 3:45p N
27 46.2 60.4 2:40p 36.9 6:05a 18.7 0.0 0.00 0.5 8.0 12:40p N
28 46.9 61.0 3:30p 37.8 7:40a 18.1 0.0 0.00 0.6 11.0 11:55a NNW
29 46.8 61.3 3:15p 37.6 7:45a 18.2 0.0 0.00 0.3 6.0 11:35a SE
30 46.1 59.5 3:10p 37.6 7:35a 18.9 0.0 0.00 0.3 5.0 9:35a N
31 48.5 59.2 3:05p 41.6 12:40a 16.5 0.0 0.00 0.5 7.0 2:30p N
-------------------------------------------------------------------------------------
47.2 68.4 14 31.6 22 551.4 0.4 0.09 1.0 31.0 16 N
Max >= 90.0: 0
Max <= 32.0: 0
Min <= 32.0: 1
Min <= 0.0: 0
Max Rain: 0.05 ON 12/20/17
Days of Rain: 2 (>.01 in) 0 (>.1 in) 0 (>1 in)
Heat Base: 65.0 Cool Base: 65.0 Method: Integration
Downloads .. please customize for your directory and file naming convention ( WL or VWS).
Download WeatherLink/ VWS version (V1.07 - 11-Aug-2017) [ see version history ]