deformed-offering

Weather station scripts - NOAA Climate Report display

They're free, but use at your own risk

The scripts referenced here are used in the operation of this weather station, and may be freely copied and used to support your station. Please note that you use these scripts at your own risk. No warranty is expressed or implied. I accept no liability for any damages that may ensue from their use.
You will need to configure them for your own particular weather station website.
RSS feed for Scripts Updates A RSS Feed is available to help keep you informed on updates to the scripts.

If you find one or more of the scripts useful to you, please consider making a donation to help offset the routine expenses of operation of this website.
Thanks for your kind support!

A Version History is available -- check back from time to time to see if there are updates to scripts you have downloaded earlier. Announcements of version updates and new scripts are made on WXForum.net and Weather-Watch forums and saratogaWXPHP Twitter account as they become available.

This page was updated Friday, 11-Aug-2017 10:11 AM

PHP Scripts (run on webserver)

These scripts have run on PHP 4.1.2, and PHP 4.4.1. I don't have access to PHP 3.x, so it is not known if they will work on versions below PHP 4.1.2. If you try them and they work (or not) on earlier versions of PHP, please send me a message at webmaster[at]saratoga-weather.org and let me know the results.

Display .TXT NOAA style forecasts PHP

I needed to safely display a series of .TXT files (NOAA style climate reports) using the overall style of the website. My WeatherLink software produces regular reports (NOAAMO.TXT, NOAAPRMO.TXT, NOAAYR.TXT, NOAAPRYR.TXT) as part of the 5-minute update. I've also produced reports and named them NOAAyyyy.TXT for yearly reports and NOAAyyyy-mm.TXT for monthly reports. These I've uploaded (monthly) to a sub-directory on the website /NOAA-reports.

Version 1.04 (01-Dec-2007) adds a new feature for WeatherLink users to create new NOAAyyyy-mm.TXT and NOAAyyyy.TXT files from the respective NOAAPRMO.TXT and NOAAPRYR.TXT files when the month/year rolls over. It will copy the appropriate file to the $NOAAdir and name it so you have no monthly maintenance to do (except to view the NOAA reports page on the first of each month).

The NOAA-reports.php will read the sub-directory, sort the filenames produce a menu of available names, and display the file requested. It automatically uses NOAAMO.TXT and NOAAYR.TXT (WeatherLink version) for the current monthly and current yearly files. The nice thing about the script is it strictly controls what can be displayed (existing files only, no directory browsing). The following is a live display of WeatherLink produced NOAA style reports for this station.

<?php $doInclude = true; require("NOAA-reports-test.php"); ?>
2018: Jan | Feb | Mar | Apr | May | Jun | Jul | Aug | Sep | Oct | Nov | Dec 
2017: Jan | Feb | Mar | Apr | May | Jun | Jul | Aug | Sep | Oct | Nov | Dec 
2016: Jan | Feb | Mar | Apr | May | Jun | Jul | Aug | Sep | Oct | Nov | Dec 
2015: Jan | Feb | Mar | Apr | May | Jun | Jul | Aug | Sep | Oct | Nov | Dec 
2014: Jan | Feb | Mar | Apr | May | Jun | Jul | Aug | Sep | Oct | Nov | Dec 
2013: Jan | Feb | Mar | Apr | May | Jun | Jul | Aug | Sep | Oct | Nov | Dec 
2012: Jan | Feb | Mar | Apr | May | Jun | Jul | Aug | Sep | Oct | Nov | Dec 
2011: Jan | Feb | Mar | Apr | May | Jun | Jul | Aug | Sep | Oct | Nov | Dec 
2010: Jan | Feb | Mar | Apr | May | Jun | Jul | Aug | Sep | Oct | Nov | Dec 
2009: Jan | Feb | Mar | Apr | May | Jun | Jul | Aug | Sep | Oct | Nov | Dec 
2008: Jan | Feb | Mar | Apr | May | Jun | Jul | Aug | Sep | Oct | Nov | Dec 
2007: Jan | Feb | Mar | Apr | May | Jun | Jul | Aug | Sep | Oct | Nov | Dec 
2006: Jan | Feb | Mar | Apr | May | Jun | Jul | Aug | Sep | Oct | Nov | Dec 
2005: Jan | Feb | Mar | Apr | May | Jun | Jul | Aug | Sep | Oct | Nov | Dec 
2004: Jan | Feb | Mar | Apr | May | Jun | Jul | Aug | Sep | Oct | Nov | Dec 

Report for 2015 11
MONTHLY CLIMATOLOGICAL SUMMARY for NOV. 2015 NAME: KCASARAT1 CITY: Saratoga STATE: CA ELEV: 375 ft LAT: 37 16' 28" N LONG: 122 01' 23" W TEMPERATURE (F), RAIN (in), WIND SPEED (mph) HEAT COOL AVG MEAN DEG DEG WIND DOM DAY TEMP HIGH TIME LOW TIME DAYS DAYS RAIN SPEED HIGH TIME DIR ------------------------------------------------------------------------------------ 1 64.6 75.8 1:20p 52.9 6:35a 2.9 2.6 0.00 0.4 10.0 4:20p NNE 2 56.2 63.5 2:05a 49.2 11:30p 8.8 0.0 1.45 0.6 17.0 3:40a W 3 53.7 65.8 2:40p 44.2 7:05a 11.3 0.1 0.01 0.5 10.0 11:10a NNW 4 53.9 66.0 2:10p 45.1 3:05a 11.1 0.0 0.00 0.9 16.0 12:45p NNW 5 53.3 69.4 1:40p 40.6 5:40a 12.4 0.7 0.00 0.1 8.0 1:45p N 6 54.0 71.6 2:35p 40.9 7:05a 12.1 1.1 0.00 0.2 8.0 11:30a N 7 54.4 72.8 1:45p 41.3 6:45a 11.9 1.2 0.00 0.1 7.0 3:55p N 8 52.4 62.7 11:05a 43.5 5:35a 12.6 0.0 0.09 0.1 8.0 11:40a NNW 9 49.1 57.3 3:20p 44.5 11:20p 15.9 0.0 0.42 0.2 11.0 8:10a W 10 49.0 59.5 2:10p 42.3 7:15a 16.0 0.0 0.01 0.5 14.0 1:15p NNW 11 50.2 66.6 1:25p 39.2 6:05a 14.9 0.1 0.00 0.3 8.0 12:45p NNW 12 50.6 66.3 1:55p 38.8 7:00a 14.5 0.1 0.00 0.4 11.0 12:10p NNW 13 52.5 70.4 2:50p 40.2 5:30a 13.2 0.7 0.00 0.3 8.0 10:45a NNW 14 52.8 70.8 1:15p 40.2 6:45a 12.9 0.7 0.00 0.2 7.0 2:25p N 15 53.4 59.6 1:10p 46.1 12:20a 11.6 0.0 0.40 2.4 25.0 3:10p NW 16 51.1 60.7 2:50p 43.2 6:30a 13.9 0.0 0.00 2.1 19.0 10:30a NW 17 53.1 66.8 1:00p 41.9 6:35a 11.9 0.1 0.00 0.5 10.0 3:30p NNW 18 54.5 68.6 1:10p 43.6 5:20a 11.0 0.5 0.01 0.5 11.0 12:40p NNW 19 55.5 70.9 2:55p 44.3 6:20a 10.5 0.9 0.01 0.4 8.0 1:50p NNW 20 58.2 74.4 3:10p 46.5 7:00a 8.9 2.1 0.00 0.5 12.0 12:15p NW 21 56.8 72.1 2:40p 44.9 6:35a 9.3 1.1 0.00 0.5 10.0 10:50a NW 22 57.3 74.4 2:35p 45.2 6:55a 9.5 1.8 0.00 0.1 5.0 11:10a N 23 51.2 62.3 2:25p 43.1 11:55p 13.8 0.0 0.00 0.3 8.0 12:30p NNW 24 48.5 56.0 11:40a 42.6 12:25a 16.5 0.0 0.10 0.6 16.0 3:15p NW 25 44.5 54.2 2:00p 37.9 11:40p 20.4 0.0 0.14 0.3 12.0 1:05p WNW 26 41.7 53.1 2:45p 33.7 6:25a 23.3 0.0 0.00 0.6 12.0 1:45p NNW 27 43.7 57.2 2:50p 34.3 4:45a 21.3 0.0 0.00 0.6 11.0 10:25a NNW 28 42.5 58.7 2:25p 31.3 7:25a 22.5 0.0 0.00 0.3 10.0 10:35a NW 29 43.3 61.6 2:10p 30.7 6:55a 21.6 0.0 0.00 0.1 6.0 10:20a NNW 30 43.3 54.5 3:05p 32.7 6:20a 21.7 0.0 0.00 0.2 8.0 4:45p NW ------------------------------------------------------------------------------------- 51.5 75.8 1 30.7 29 418.2 13.8 2.64 0.5 25.0 15 NNW Max >= 90.0: 0 Max <= 32.0: 0 Min <= 32.0: 2 Min <= 0.0: 0 Max Rain: 1.45 ON 11/02/15 Days of Rain: 6 (>.01 in) 4 (>.1 in) 1 (>1 in) Heat Base: 65.0 Cool Base: 65.0 Method: Integration

Downloads .. please customize for your directory and file naming convention ( WL or VWS).
Download WeatherLink/ VWS version (V1.07 - 11-Aug-2017) [ see version history ]

deformed-offering