deformed-offering

Weather station scripts - NOAA Climate Report display

They're free, but use at your own risk

The scripts referenced here are used in the operation of this weather station, and may be freely copied and used to support your station. Please note that you use these scripts at your own risk. No warranty is expressed or implied. I accept no liability for any damages that may ensue from their use.
You will need to configure them for your own particular weather station website.
RSS feed for Scripts Updates A RSS Feed is available to help keep you informed on updates to the scripts.

If you find one or more of the scripts useful to you, please consider making a donation to help offset the routine expenses of operation of this website.
Thanks for your kind support!

A Version History is available -- check back from time to time to see if there are updates to scripts you have downloaded earlier. Announcements of version updates and new scripts are made on WXForum.net and Weather-Watch forums and saratogaWXPHP Twitter account as they become available.

This page was updated Friday, 11-Aug-2017 10:11 AM

PHP Scripts (run on webserver)

These scripts have run on PHP 4.1.2, and PHP 4.4.1. I don't have access to PHP 3.x, so it is not known if they will work on versions below PHP 4.1.2. If you try them and they work (or not) on earlier versions of PHP, please send me a message at webmaster[at]saratoga-weather.org and let me know the results.

Display .TXT NOAA style forecasts PHP

I needed to safely display a series of .TXT files (NOAA style climate reports) using the overall style of the website. My WeatherLink software produces regular reports (NOAAMO.TXT, NOAAPRMO.TXT, NOAAYR.TXT, NOAAPRYR.TXT) as part of the 5-minute update. I've also produced reports and named them NOAAyyyy.TXT for yearly reports and NOAAyyyy-mm.TXT for monthly reports. These I've uploaded (monthly) to a sub-directory on the website /NOAA-reports.

Version 1.04 (01-Dec-2007) adds a new feature for WeatherLink users to create new NOAAyyyy-mm.TXT and NOAAyyyy.TXT files from the respective NOAAPRMO.TXT and NOAAPRYR.TXT files when the month/year rolls over. It will copy the appropriate file to the $NOAAdir and name it so you have no monthly maintenance to do (except to view the NOAA reports page on the first of each month).

The NOAA-reports.php will read the sub-directory, sort the filenames produce a menu of available names, and display the file requested. It automatically uses NOAAMO.TXT and NOAAYR.TXT (WeatherLink version) for the current monthly and current yearly files. The nice thing about the script is it strictly controls what can be displayed (existing files only, no directory browsing). The following is a live display of WeatherLink produced NOAA style reports for this station.

<?php $doInclude = true; require("NOAA-reports-test.php"); ?>
2018: Jan | Feb | Mar | Apr | May | Jun | Jul | Aug | Sep | Oct | Nov | Dec 
2017: Jan | Feb | Mar | Apr | May | Jun | Jul | Aug | Sep | Oct | Nov | Dec 
2016: Jan | Feb | Mar | Apr | May | Jun | Jul | Aug | Sep | Oct | Nov | Dec 
2015: Jan | Feb | Mar | Apr | May | Jun | Jul | Aug | Sep | Oct | Nov | Dec 
2014: Jan | Feb | Mar | Apr | May | Jun | Jul | Aug | Sep | Oct | Nov | Dec 
2013: Jan | Feb | Mar | Apr | May | Jun | Jul | Aug | Sep | Oct | Nov | Dec 
2012: Jan | Feb | Mar | Apr | May | Jun | Jul | Aug | Sep | Oct | Nov | Dec 
2011: Jan | Feb | Mar | Apr | May | Jun | Jul | Aug | Sep | Oct | Nov | Dec 
2010: Jan | Feb | Mar | Apr | May | Jun | Jul | Aug | Sep | Oct | Nov | Dec 
2009: Jan | Feb | Mar | Apr | May | Jun | Jul | Aug | Sep | Oct | Nov | Dec 
2008: Jan | Feb | Mar | Apr | May | Jun | Jul | Aug | Sep | Oct | Nov | Dec 
2007: Jan | Feb | Mar | Apr | May | Jun | Jul | Aug | Sep | Oct | Nov | Dec 
2006: Jan | Feb | Mar | Apr | May | Jun | Jul | Aug | Sep | Oct | Nov | Dec 
2005: Jan | Feb | Mar | Apr | May | Jun | Jul | Aug | Sep | Oct | Nov | Dec 
2004: Jan | Feb | Mar | Apr | May | Jun | Jul | Aug | Sep | Oct | Nov | Dec 

Report for 2015 10
MONTHLY CLIMATOLOGICAL SUMMARY for OCT. 2015 NAME: KCASARAT1 CITY: Saratoga STATE: CA ELEV: 375 ft LAT: 37 16' 28" N LONG: 122 01' 23" W TEMPERATURE (F), RAIN (in), WIND SPEED (mph) HEAT COOL AVG MEAN DEG DEG WIND DOM DAY TEMP HIGH TIME LOW TIME DAYS DAYS RAIN SPEED HIGH TIME DIR ------------------------------------------------------------------------------------ 1 65.8 81.1 2:40p 58.3 12:00m 2.7 3.5 0.01 0.4 12.0 4:10p N 2 66.1 86.1 3:20p 52.8 7:15a 4.3 5.4 0.01 0.6 11.0 12:05p N 3 62.5 84.7 1:35p 51.0 7:05a 6.5 4.0 0.00 0.6 16.0 4:55p W 4 63.3 84.3 3:15p 47.7 7:00a 6.4 4.8 0.00 0.4 13.0 3:30p N 5 65.8 83.4 2:50p 51.9 6:30a 4.4 5.2 0.00 0.4 10.0 2:30p N 6 65.2 82.2 2:05p 52.5 7:10a 4.3 4.5 0.00 0.4 11.0 3:50p N 7 68.3 83.6 3:25p 58.6 12:05a 2.1 5.4 0.00 0.3 10.0 1:40p N 8 71.5 90.5 1:55p 56.2 7:45a 2.3 8.8 0.00 0.3 10.0 2:30p NW 9 70.5 87.2 12:40p 53.9 7:25a 2.6 8.1 0.00 0.5 16.0 2:05p N 10 64.3 81.6 3:15p 53.3 7:30a 3.7 3.1 0.00 0.3 12.0 3:55p N 11 67.1 87.2 2:20p 53.1 7:25a 4.1 6.2 0.00 0.4 11.0 1:05p N 12 71.1 94.0 4:50p 52.9 6:30a 3.8 9.9 0.01 0.1 6.0 1:35p N 13 75.9 98.2 2:35p 59.2 7:30a 1.2 12.1 0.00 0.1 7.0 3:20p N 14 71.7 86.1 5:05p 59.3 7:15a 1.2 8.0 0.00 0.2 7.0 1:55p NNE 15 67.8 81.1 2:10p 61.0 12:00m 0.7 3.5 0.00 0.2 10.0 4:10p NNE 16 67.6 83.6 4:35p 60.7 12:10a 1.8 4.4 0.00 0.3 8.0 1:50p N 17 64.7 74.0 1:45p 59.2 10:30p 2.1 1.8 0.00 0.3 11.0 4:10p NW 18 62.2 76.3 3:25p 52.3 6:35a 4.6 1.8 0.00 0.4 11.0 1:10p NNW 19 63.8 74.6 3:15p 55.7 11:55p 3.2 2.0 0.01 0.4 11.0 2:50p N 20 64.7 82.2 4:10p 51.7 7:05a 5.3 4.9 0.01 0.5 11.0 1:35p NNW 21 65.7 84.7 4:30p 49.8 7:25a 5.6 6.2 0.00 0.4 12.0 2:30p NNW 22 63.5 81.8 3:55p 49.9 6:15a 5.7 4.1 0.00 0.3 10.0 2:55p N 23 64.4 82.8 2:55p 51.4 7:20a 5.2 4.6 0.00 0.1 7.0 1:30p N 24 63.8 83.0 3:30p 50.5 6:10a 5.4 4.3 0.00 0.2 8.0 4:10p N 25 62.5 77.4 1:50p 55.3 3:35a 5.1 2.6 0.00 0.4 11.0 2:05p NNW 26 63.0 82.2 4:05p 46.7 7:55a 6.3 4.3 0.00 0.1 8.0 3:25p N 27 61.3 69.8 12:50p 53.6 7:30a 4.8 1.1 0.03 0.1 7.0 12:35p N 28 62.5 73.2 12:25p 53.2 12:00m 4.5 1.9 0.02 0.4 9.0 3:25p NNW 29 60.7 77.9 3:50p 48.5 7:45a 7.4 3.1 0.01 0.7 17.0 1:40p NNW 30 63.8 84.9 3:55p 48.5 4:50a 6.6 5.4 0.00 0.4 10.0 12:50p N 31 67.1 88.6 2:00p 52.0 7:40a 4.6 6.7 0.00 0.2 8.0 1:40p NNE ------------------------------------------------------------------------------------- 65.7 98.2 13 46.7 26 128.5 151.7 0.11 0.3 17.0 29 N Max >= 90.0: 3 Max <= 32.0: 0 Min <= 32.0: 0 Min <= 0.0: 0 Max Rain: 0.03 ON 10/27/15 Days of Rain: 2 (>.01 in) 0 (>.1 in) 0 (>1 in) Heat Base: 65.0 Cool Base: 65.0 Method: Integration

Downloads .. please customize for your directory and file naming convention ( WL or VWS).
Download WeatherLink/ VWS version (V1.07 - 11-Aug-2017) [ see version history ]

deformed-offering