deformed-offering

Weather station scripts - NOAA Climate Report display

They're free, but use at your own risk

The scripts referenced here are used in the operation of this weather station, and may be freely copied and used to support your station. Please note that you use these scripts at your own risk. No warranty is expressed or implied. I accept no liability for any damages that may ensue from their use.
You will need to configure them for your own particular weather station website.
RSS feed for Scripts Updates A RSS Feed is available to help keep you informed on updates to the scripts.

If you find one or more of the scripts useful to you, please consider making a donation to help offset the routine expenses of operation of this website.
Thanks for your kind support!

A Version History is available -- check back from time to time to see if there are updates to scripts you have downloaded earlier. Announcements of version updates and new scripts are made on WXForum.net and Weather-Watch forums and saratogaWXPHP Twitter account as they become available.

This page was updated Friday, 11-Aug-2017 10:11 AM

PHP Scripts (run on webserver)

These scripts have run on PHP 4.1.2, and PHP 4.4.1. I don't have access to PHP 3.x, so it is not known if they will work on versions below PHP 4.1.2. If you try them and they work (or not) on earlier versions of PHP, please send me a message at webmaster[at]saratoga-weather.org and let me know the results.

Display .TXT NOAA style forecasts PHP

I needed to safely display a series of .TXT files (NOAA style climate reports) using the overall style of the website. My WeatherLink software produces regular reports (NOAAMO.TXT, NOAAPRMO.TXT, NOAAYR.TXT, NOAAPRYR.TXT) as part of the 5-minute update. I've also produced reports and named them NOAAyyyy.TXT for yearly reports and NOAAyyyy-mm.TXT for monthly reports. These I've uploaded (monthly) to a sub-directory on the website /NOAA-reports.

Version 1.04 (01-Dec-2007) adds a new feature for WeatherLink users to create new NOAAyyyy-mm.TXT and NOAAyyyy.TXT files from the respective NOAAPRMO.TXT and NOAAPRYR.TXT files when the month/year rolls over. It will copy the appropriate file to the $NOAAdir and name it so you have no monthly maintenance to do (except to view the NOAA reports page on the first of each month).

The NOAA-reports.php will read the sub-directory, sort the filenames produce a menu of available names, and display the file requested. It automatically uses NOAAMO.TXT and NOAAYR.TXT (WeatherLink version) for the current monthly and current yearly files. The nice thing about the script is it strictly controls what can be displayed (existing files only, no directory browsing). The following is a live display of WeatherLink produced NOAA style reports for this station.

<?php $doInclude = true; require("NOAA-reports-test.php"); ?>
2018: Jan | Feb | Mar | Apr | May | Jun | Jul | Aug | Sep | Oct | Nov | Dec 
2017: Jan | Feb | Mar | Apr | May | Jun | Jul | Aug | Sep | Oct | Nov | Dec 
2016: Jan | Feb | Mar | Apr | May | Jun | Jul | Aug | Sep | Oct | Nov | Dec 
2015: Jan | Feb | Mar | Apr | May | Jun | Jul | Aug | Sep | Oct | Nov | Dec 
2014: Jan | Feb | Mar | Apr | May | Jun | Jul | Aug | Sep | Oct | Nov | Dec 
2013: Jan | Feb | Mar | Apr | May | Jun | Jul | Aug | Sep | Oct | Nov | Dec 
2012: Jan | Feb | Mar | Apr | May | Jun | Jul | Aug | Sep | Oct | Nov | Dec 
2011: Jan | Feb | Mar | Apr | May | Jun | Jul | Aug | Sep | Oct | Nov | Dec 
2010: Jan | Feb | Mar | Apr | May | Jun | Jul | Aug | Sep | Oct | Nov | Dec 
2009: Jan | Feb | Mar | Apr | May | Jun | Jul | Aug | Sep | Oct | Nov | Dec 
2008: Jan | Feb | Mar | Apr | May | Jun | Jul | Aug | Sep | Oct | Nov | Dec 
2007: Jan | Feb | Mar | Apr | May | Jun | Jul | Aug | Sep | Oct | Nov | Dec 
2006: Jan | Feb | Mar | Apr | May | Jun | Jul | Aug | Sep | Oct | Nov | Dec 
2005: Jan | Feb | Mar | Apr | May | Jun | Jul | Aug | Sep | Oct | Nov | Dec 
2004: Jan | Feb | Mar | Apr | May | Jun | Jul | Aug | Sep | Oct | Nov | Dec 

Report for 2015 09
MONTHLY CLIMATOLOGICAL SUMMARY for SEP. 2015 NAME: KCASARAT1 CITY: Saratoga STATE: CA ELEV: 375 ft LAT: 37 16' 28" N LONG: 122 01' 23" W TEMPERATURE (F), RAIN (in), WIND SPEED (mph) HEAT COOL AVG MEAN DEG DEG WIND DOM DAY TEMP HIGH TIME LOW TIME DAYS DAYS RAIN SPEED HIGH TIME DIR ------------------------------------------------------------------------------------ 1 69.5 90.1 1:50p 52.5 7:00a 3.2 7.7 0.00 0.5 12.0 2:40p NE 2 66.8 84.7 1:40p 54.5 6:55a 3.1 4.9 0.00 0.8 14.0 3:45p N 3 66.1 83.0 4:05p 54.8 7:15a 3.8 4.9 0.00 0.6 14.0 2:15p NNW 4 62.9 83.4 1:30p 47.3 7:10a 6.5 4.4 0.00 0.5 14.0 2:15p WSW 5 66.0 85.5 4:50p 47.4 6:55a 5.3 6.3 0.00 0.7 11.0 11:20a NNW 6 71.2 92.3 2:00p 51.7 6:50a 3.7 9.9 0.00 0.5 14.0 4:05p N 7 75.1 97.5 2:10p 55.6 5:05a 2.4 12.6 0.00 0.5 12.0 5:15p NNW 8 79.8 103.1 2:40p 59.2 6:50a 1.0 15.9 0.00 0.4 11.0 5:35p N 9 81.4 103.1 2:00p 62.1 6:55a 0.3 16.7 0.00 0.4 12.0 1:00p N 10 79.5 100.7 2:10p 62.7 6:55a 0.2 14.7 0.00 0.4 11.0 3:00p N 11 78.2 96.6 4:20p 62.1 7:10a 0.3 13.6 0.00 0.3 8.0 1:30p N 12 68.6 77.0 6:10p 60.9 6:20a 0.8 4.4 0.00 0.1 10.0 1:40p NNW 13 71.4 87.6 3:40p 61.8 11:55p 0.6 7.0 0.00 0.1 8.0 5:00p NNE 14 64.2 74.0 5:05p 56.9 7:10a 2.5 1.8 0.00 1.2 18.0 11:55a ESE 15 64.2 78.6 3:00p 53.6 6:55a 4.0 3.2 0.00 0.7 16.0 2:30p NNW 16 63.1 76.8 3:15p 50.4 6:10a 4.9 3.1 0.00 0.7 18.0 5:15p SSW 17 65.7 79.4 4:55p 54.8 6:35a 3.3 4.0 0.00 0.8 13.0 3:25p NNW 18 67.6 88.8 3:15p 52.0 6:55a 4.3 6.9 0.00 0.6 11.0 4:10p NNE 19 72.3 95.9 4:25p 52.2 7:05a 3.6 10.9 0.00 0.2 11.0 3:30p NNE 20 79.0 101.7 4:10p 58.7 6:15a 1.3 15.3 0.00 0.3 11.0 4:55p NNW 21 81.0 101.2 3:15p 64.2 7:15a 0.0 16.0 0.00 0.4 13.0 4:40p N 22 66.3 84.0 12:50p 55.7 7:10a 3.0 4.3 0.00 0.6 12.0 1:45p N 23 66.9 88.0 3:10p 48.3 7:15a 5.4 7.4 0.00 0.4 12.0 1:50p N 24 73.8 96.1 3:55p 56.3 7:35a 2.3 11.1 0.00 0.3 8.0 1:20p N 25 71.1 92.3 2:10p 57.6 6:50a 1.8 7.9 0.00 0.4 11.0 3:00p NNE 26 70.1 88.0 2:35p 55.9 6:40a 2.7 7.8 0.00 0.3 8.0 2:05p NNE 27 69.4 87.0 2:10p 54.7 7:20a 2.8 7.2 0.00 0.1 8.0 4:15p N 28 65.9 81.6 2:05p 56.9 4:10a 3.1 4.0 0.00 0.3 8.0 2:15p N 29 63.9 75.1 3:35p 56.3 7:45a 3.4 2.2 0.00 0.3 11.0 3:50p NNW 30 61.4 65.6 1:00p 57.5 5:55a 3.6 0.0 0.01 0.0 6.0 3:35p NNW ------------------------------------------------------------------------------------- 70.1 103.1 8 47.3 4 83.2 236.1 0.01 0.4 18.0 14 N Max >= 90.0: 12 Max <= 32.0: 0 Min <= 32.0: 0 Min <= 0.0: 0 Max Rain: 0.01 ON 09/30/15 Days of Rain: 0 (>.01 in) 0 (>.1 in) 0 (>1 in) Heat Base: 65.0 Cool Base: 65.0 Method: Integration

Downloads .. please customize for your directory and file naming convention ( WL or VWS).
Download WeatherLink/ VWS version (V1.07 - 11-Aug-2017) [ see version history ]

deformed-offering