deformed-offering

Weather station scripts - NOAA Climate Report display

They're free, but use at your own risk

The scripts referenced here are used in the operation of this weather station, and may be freely copied and used to support your station. Please note that you use these scripts at your own risk. No warranty is expressed or implied. I accept no liability for any damages that may ensue from their use.
You will need to configure them for your own particular weather station website.
RSS feed for Scripts Updates A RSS Feed is available to help keep you informed on updates to the scripts.

If you find one or more of the scripts useful to you, please consider making a donation to help offset the routine expenses of operation of this website.
Thanks for your kind support!

A Version History is available -- check back from time to time to see if there are updates to scripts you have downloaded earlier. Announcements of version updates and new scripts are made on WXForum.net and Weather-Watch forums and saratogaWXPHP Twitter account as they become available.

This page was updated Friday, 11-Aug-2017 10:11 AM

PHP Scripts (run on webserver)

These scripts have run on PHP 4.1.2, and PHP 4.4.1. I don't have access to PHP 3.x, so it is not known if they will work on versions below PHP 4.1.2. If you try them and they work (or not) on earlier versions of PHP, please send me a message at webmaster[at]saratoga-weather.org and let me know the results.

Display .TXT NOAA style forecasts PHP

I needed to safely display a series of .TXT files (NOAA style climate reports) using the overall style of the website. My WeatherLink software produces regular reports (NOAAMO.TXT, NOAAPRMO.TXT, NOAAYR.TXT, NOAAPRYR.TXT) as part of the 5-minute update. I've also produced reports and named them NOAAyyyy.TXT for yearly reports and NOAAyyyy-mm.TXT for monthly reports. These I've uploaded (monthly) to a sub-directory on the website /NOAA-reports.

Version 1.04 (01-Dec-2007) adds a new feature for WeatherLink users to create new NOAAyyyy-mm.TXT and NOAAyyyy.TXT files from the respective NOAAPRMO.TXT and NOAAPRYR.TXT files when the month/year rolls over. It will copy the appropriate file to the $NOAAdir and name it so you have no monthly maintenance to do (except to view the NOAA reports page on the first of each month).

The NOAA-reports.php will read the sub-directory, sort the filenames produce a menu of available names, and display the file requested. It automatically uses NOAAMO.TXT and NOAAYR.TXT (WeatherLink version) for the current monthly and current yearly files. The nice thing about the script is it strictly controls what can be displayed (existing files only, no directory browsing). The following is a live display of WeatherLink produced NOAA style reports for this station.

<?php $doInclude = true; require("NOAA-reports-test.php"); ?>
2018: Jan | Feb | Mar | Apr | May | Jun | Jul | Aug | Sep | Oct | Nov | Dec 
2017: Jan | Feb | Mar | Apr | May | Jun | Jul | Aug | Sep | Oct | Nov | Dec 
2016: Jan | Feb | Mar | Apr | May | Jun | Jul | Aug | Sep | Oct | Nov | Dec 
2015: Jan | Feb | Mar | Apr | May | Jun | Jul | Aug | Sep | Oct | Nov | Dec 
2014: Jan | Feb | Mar | Apr | May | Jun | Jul | Aug | Sep | Oct | Nov | Dec 
2013: Jan | Feb | Mar | Apr | May | Jun | Jul | Aug | Sep | Oct | Nov | Dec 
2012: Jan | Feb | Mar | Apr | May | Jun | Jul | Aug | Sep | Oct | Nov | Dec 
2011: Jan | Feb | Mar | Apr | May | Jun | Jul | Aug | Sep | Oct | Nov | Dec 
2010: Jan | Feb | Mar | Apr | May | Jun | Jul | Aug | Sep | Oct | Nov | Dec 
2009: Jan | Feb | Mar | Apr | May | Jun | Jul | Aug | Sep | Oct | Nov | Dec 
2008: Jan | Feb | Mar | Apr | May | Jun | Jul | Aug | Sep | Oct | Nov | Dec 
2007: Jan | Feb | Mar | Apr | May | Jun | Jul | Aug | Sep | Oct | Nov | Dec 
2006: Jan | Feb | Mar | Apr | May | Jun | Jul | Aug | Sep | Oct | Nov | Dec 
2005: Jan | Feb | Mar | Apr | May | Jun | Jul | Aug | Sep | Oct | Nov | Dec 
2004: Jan | Feb | Mar | Apr | May | Jun | Jul | Aug | Sep | Oct | Nov | Dec 

Report for 2015 06
MONTHLY CLIMATOLOGICAL SUMMARY for JUN. 2015 NAME: KCASARAT1 CITY: Saratoga STATE: CA ELEV: 375 ft LAT: 37 16' 28" N LONG: 122 01' 23" W TEMPERATURE (F), RAIN (in), WIND SPEED (mph) HEAT COOL AVG MEAN DEG DEG WIND DOM DAY TEMP HIGH TIME LOW TIME DAYS DAYS RAIN SPEED HIGH TIME DIR ------------------------------------------------------------------------------------ 1 64.9 79.9 12:15p 52.5 3:50a 4.3 4.2 0.00 0.7 14.0 4:25p NNW 2 63.9 76.5 12:55p 53.3 4:10a 4.0 2.9 0.00 0.8 13.0 4:00p N 3 62.1 78.3 11:25a 49.2 5:55a 5.9 3.0 0.00 0.8 14.0 4:00p NNW 4 64.3 81.1 3:55p 50.2 6:35a 5.0 4.3 0.00 0.6 12.0 1:15p NNE 5 67.5 88.0 4:00p 51.1 5:50a 4.2 6.7 0.00 0.6 11.0 6:20p N 6 67.7 87.2 1:30p 54.2 5:35a 3.3 5.9 0.00 0.7 12.0 3:55p N 7 72.5 90.3 3:15p 59.8 6:20a 1.5 9.0 0.00 0.5 10.0 1:45p N 8 80.3 103.8 3:00p 58.7 5:55a 1.2 16.4 0.00 0.5 12.0 3:45p NNE 9 72.9 90.5 1:40p 61.3 5:55a 0.4 8.2 0.00 0.5 12.0 2:10p N 10 69.5 77.7 11:45a 64.3 12:00m 0.0 4.5 0.10 0.1 10.0 5:50p NNW 11 72.2 89.3 2:20p 61.8 5:50a 0.9 8.1 0.00 0.6 12.0 4:40p N 12 75.5 96.3 2:55p 58.3 6:05a 1.2 11.7 0.00 0.4 10.0 2:50p N 13 72.3 96.3 2:05p 57.6 5:45a 1.6 8.9 0.00 0.5 13.0 4:20p N 14 65.7 85.5 1:10p 53.3 4:50a 4.3 4.9 0.00 0.8 12.0 2:20p N 15 63.9 76.3 12:15p 55.1 11:55p 4.4 3.3 0.00 0.8 12.0 12:55p NNE 16 65.8 83.6 4:45p 49.5 5:40a 5.1 5.9 0.00 0.6 11.0 2:35p N 17 68.0 88.8 2:20p 50.2 6:05a 4.5 7.5 0.00 0.6 12.0 4:00p N 18 67.1 83.2 11:50a 51.0 5:05a 4.1 6.3 0.01 0.7 11.0 1:20p N 19 68.4 90.1 2:15p 49.4 6:10a 4.5 7.8 0.00 0.6 13.0 2:20p N 20 69.4 88.8 1:25p 51.3 6:05a 3.7 8.2 0.00 0.5 10.0 2:50p N 21 66.6 81.1 11:55a 56.5 12:00m 3.0 4.6 0.00 0.9 13.0 12:40p NNE 22 63.8 78.8 12:15p 49.4 4:25a 5.0 3.8 0.00 0.8 12.0 1:55p N 23 67.2 85.7 12:45p 50.4 6:15a 4.2 6.4 0.00 0.7 12.0 1:15p N 24 69.4 89.5 2:00p 51.4 6:10a 3.7 8.0 0.00 0.6 11.0 4:10p N 25 75.8 99.0 4:05p 55.7 6:00a 2.1 12.9 0.00 0.4 11.0 3:05p NNE 26 74.3 92.7 1:55p 59.5 6:25a 0.9 10.2 0.00 0.7 12.0 3:05p N 27 71.2 92.1 2:30p 55.9 6:15a 2.3 8.5 0.00 0.8 17.0 4:40p N 28 70.1 82.4 11:30a 62.6 4:55a 0.6 5.6 0.00 1.0 12.0 2:55p N 29 71.1 86.7 4:30p 59.9 7:05a 1.2 7.4 0.00 0.7 11.0 1:45p N 30 78.8 103.1 4:35p 59.2 6:25a 1.2 15.1 0.00 0.4 10.0 5:30p N ------------------------------------------------------------------------------------- 69.4 103.8 8 49.2 3 88.3 220.2 0.11 0.6 17.0 27 N Max >= 90.0: 10 Max <= 32.0: 0 Min <= 32.0: 0 Min <= 0.0: 0 Max Rain: 0.10 ON 06/10/15 Days of Rain: 1 (>.01 in) 0 (>.1 in) 0 (>1 in) Heat Base: 65.0 Cool Base: 65.0 Method: Integration

Downloads .. please customize for your directory and file naming convention ( WL or VWS).
Download WeatherLink/ VWS version (V1.07 - 11-Aug-2017) [ see version history ]

deformed-offering