deformed-offering

Weather station scripts - NOAA Climate Report display

They're free, but use at your own risk

The scripts referenced here are used in the operation of this weather station, and may be freely copied and used to support your station. Please note that you use these scripts at your own risk. No warranty is expressed or implied. I accept no liability for any damages that may ensue from their use.
You will need to configure them for your own particular weather station website.
RSS feed for Scripts Updates A RSS Feed is available to help keep you informed on updates to the scripts.

If you find one or more of the scripts useful to you, please consider making a donation to help offset the routine expenses of operation of this website.
Thanks for your kind support!

A Version History is available -- check back from time to time to see if there are updates to scripts you have downloaded earlier. Announcements of version updates and new scripts are made on WXForum.net and Weather-Watch forums and saratogaWXPHP Twitter account as they become available.

This page was updated Friday, 11-Aug-2017 10:11 AM

PHP Scripts (run on webserver)

These scripts have run on PHP 4.1.2, and PHP 4.4.1. I don't have access to PHP 3.x, so it is not known if they will work on versions below PHP 4.1.2. If you try them and they work (or not) on earlier versions of PHP, please send me a message at webmaster[at]saratoga-weather.org and let me know the results.

Display .TXT NOAA style forecasts PHP

I needed to safely display a series of .TXT files (NOAA style climate reports) using the overall style of the website. My WeatherLink software produces regular reports (NOAAMO.TXT, NOAAPRMO.TXT, NOAAYR.TXT, NOAAPRYR.TXT) as part of the 5-minute update. I've also produced reports and named them NOAAyyyy.TXT for yearly reports and NOAAyyyy-mm.TXT for monthly reports. These I've uploaded (monthly) to a sub-directory on the website /NOAA-reports.

Version 1.04 (01-Dec-2007) adds a new feature for WeatherLink users to create new NOAAyyyy-mm.TXT and NOAAyyyy.TXT files from the respective NOAAPRMO.TXT and NOAAPRYR.TXT files when the month/year rolls over. It will copy the appropriate file to the $NOAAdir and name it so you have no monthly maintenance to do (except to view the NOAA reports page on the first of each month).

The NOAA-reports.php will read the sub-directory, sort the filenames produce a menu of available names, and display the file requested. It automatically uses NOAAMO.TXT and NOAAYR.TXT (WeatherLink version) for the current monthly and current yearly files. The nice thing about the script is it strictly controls what can be displayed (existing files only, no directory browsing). The following is a live display of WeatherLink produced NOAA style reports for this station.

<?php $doInclude = true; require("NOAA-reports-test.php"); ?>
2018: Jan | Feb | Mar | Apr | May | Jun | Jul | Aug | Sep | Oct | Nov | Dec 
2017: Jan | Feb | Mar | Apr | May | Jun | Jul | Aug | Sep | Oct | Nov | Dec 
2016: Jan | Feb | Mar | Apr | May | Jun | Jul | Aug | Sep | Oct | Nov | Dec 
2015: Jan | Feb | Mar | Apr | May | Jun | Jul | Aug | Sep | Oct | Nov | Dec 
2014: Jan | Feb | Mar | Apr | May | Jun | Jul | Aug | Sep | Oct | Nov | Dec 
2013: Jan | Feb | Mar | Apr | May | Jun | Jul | Aug | Sep | Oct | Nov | Dec 
2012: Jan | Feb | Mar | Apr | May | Jun | Jul | Aug | Sep | Oct | Nov | Dec 
2011: Jan | Feb | Mar | Apr | May | Jun | Jul | Aug | Sep | Oct | Nov | Dec 
2010: Jan | Feb | Mar | Apr | May | Jun | Jul | Aug | Sep | Oct | Nov | Dec 
2009: Jan | Feb | Mar | Apr | May | Jun | Jul | Aug | Sep | Oct | Nov | Dec 
2008: Jan | Feb | Mar | Apr | May | Jun | Jul | Aug | Sep | Oct | Nov | Dec 
2007: Jan | Feb | Mar | Apr | May | Jun | Jul | Aug | Sep | Oct | Nov | Dec 
2006: Jan | Feb | Mar | Apr | May | Jun | Jul | Aug | Sep | Oct | Nov | Dec 
2005: Jan | Feb | Mar | Apr | May | Jun | Jul | Aug | Sep | Oct | Nov | Dec 
2004: Jan | Feb | Mar | Apr | May | Jun | Jul | Aug | Sep | Oct | Nov | Dec 

Report for 2015 02
MONTHLY CLIMATOLOGICAL SUMMARY for FEB. 2015 NAME: KCASARAT1 CITY: Saratoga STATE: CA ELEV: 375 ft LAT: 37 16' 28" N LONG: 122 01' 23" W TEMPERATURE (F), RAIN (in), WIND SPEED (mph) HEAT COOL AVG MEAN DEG DEG WIND DOM DAY TEMP HIGH TIME LOW TIME DAYS DAYS RAIN SPEED HIGH TIME DIR ------------------------------------------------------------------------------------ 1 53.3 70.4 12:50p 40.5 7:25a 12.3 0.6 0.00 0.0 0.0 --- --- 2 54.7 70.3 3:20p 41.6 7:10a 10.9 0.6 0.00 0.0 0.0 --- --- 3 57.7 75.4 2:50p 46.8 6:35a 9.0 1.7 0.00 0.0 0.0 --- --- 4 56.8 74.0 1:50p 44.6 5:25a 9.8 1.6 0.00 1.1 18.0 6:10p ESE 5 57.8 69.6 1:05p 51.1 7:15a 7.5 0.2 0.00 2.4 20.0 4:45p ESE 6 60.0 63.7 10:00a 57.6 6:10a 5.0 0.0 2.85 5.5 34.0 2:45p S 7 61.7 67.1 1:35p 58.7 7:55a 3.4 0.1 0.26 1.5 19.0 12:05a ESE 8 60.1 62.7 11:40a 57.8 12:00m 4.9 0.0 1.67 3.9 33.0 9:15p S 9 56.8 67.3 2:55p 47.1 11:55p 8.2 0.1 0.03 0.4 11.0 12:10a NNW 10 52.3 65.6 3:05p 42.5 7:20a 12.7 0.0 0.01 0.7 12.0 10:40a NW 11 54.5 70.4 2:55p 40.9 7:00a 11.1 0.7 0.00 0.4 11.0 12:00p NW 12 58.1 75.8 3:05p 44.2 7:15a 9.1 2.2 0.00 0.1 7.0 10:55a NW 13 59.9 79.6 2:45p 45.1 7:15a 8.3 3.2 0.00 0.1 8.0 3:45p NNW 14 60.1 76.5 2:20p 46.4 7:00a 7.8 2.9 0.00 0.1 7.0 12:45p N 15 59.5 77.7 2:50p 44.8 7:10a 8.4 2.9 0.00 0.3 12.0 12:25p NNW 16 59.5 76.1 3:45p 44.6 7:05a 8.2 2.7 0.00 0.2 7.0 12:45p N 17 55.5 59.3 1:50p 52.6 8:30a 9.5 0.0 0.00 0.2 6.0 10:30a NNW 18 56.9 68.8 3:30p 49.1 11:55p 8.4 0.3 0.00 0.2 8.0 1:55p N 19 56.1 68.1 2:05p 48.9 12:05a 9.3 0.4 0.00 0.1 6.0 12:10p N 20 58.2 75.8 3:20p 48.6 11:55p 8.4 1.5 0.01 0.3 11.0 12:50p NNW 21 57.1 75.1 2:30p 43.1 7:05a 9.5 1.6 0.00 0.3 11.0 4:10p NNW 22 55.2 64.5 3:35p 42.9 7:10a 9.8 0.0 0.00 0.7 18.0 1:00p NNW 23 53.0 62.3 3:50p 43.1 11:50p 12.0 0.0 0.00 0.8 18.0 2:30p NNW 24 52.5 69.8 3:15p 36.2 6:20a 13.2 0.7 0.00 0.1 10.0 1:10p NNE 25 53.5 71.8 3:55p 39.3 5:40a 12.5 1.0 0.00 0.1 12.0 4:20p NNW 26 55.6 74.0 2:20p 42.5 5:55a 10.8 1.4 0.00 0.4 11.0 1:30p NNW 27 53.1 64.8 1:10p 44.8 6:20a 11.9 0.0 0.00 1.2 18.0 2:45p W 28 50.2 60.4 3:05p 43.6 11:55p 14.8 0.0 0.07 0.4 16.0 3:30p N ------------------------------------------------------------------------------------- 56.4 79.6 13 36.2 24 266.7 26.4 4.90 0.8 34.0 6 NNW Max >= 90.0: 0 Max <= 32.0: 0 Min <= 32.0: 0 Min <= 0.0: 0 Max Rain: 2.85 ON 02/06/15 Days of Rain: 5 (>.01 in) 3 (>.1 in) 2 (>1 in) Heat Base: 65.0 Cool Base: 65.0 Method: Integration

Downloads .. please customize for your directory and file naming convention ( WL or VWS).
Download WeatherLink/ VWS version (V1.07 - 11-Aug-2017) [ see version history ]

deformed-offering